13.66.139.3 - - [15/Feb/2021:18:05:17 +0100] "GET /log/ HTTP/1.1" 200 2307 "-" "Mozilla/5.0 (compatible; bingbot/2.0; +http://www.bing.com/bingbot.htm)"
54.36.148.28 - - [15/Feb/2021:18:38:21 +0100] "GET /robots.txt HTTP/1.1" 404 616 "-" "Mozilla/5.0 (compatible; AhrefsBot/6.1; +http://ahrefs.com/robot/)"
54.36.148.183 - - [15/Feb/2021:18:38:22 +0100] "GET /?C=S;O=D HTTP/1.1" 200 460 "-" "Mozilla/5.0 (compatible; AhrefsBot/7.0; +http://ahrefs.com/robot/)"
49.12.13.109 - - [15/Feb/2021:18:57:22 +0100] "HEAD / HTTP/1.1" 200 - "-" "Alert_Alligator_webmonitoring_service_1.6.3_(alertalligator.com)"
157.55.39.41 - - [15/Feb/2021:19:43:35 +0100] "GET /robots.txt HTTP/1.1" 404 616 "-" "Mozilla/5.0 (compatible; bingbot/2.0; +http://www.bing.com/bingbot.htm)"
40.77.167.48 - - [15/Feb/2021:19:43:48 +0100] "GET /log/tran_2016_09.log.gz HTTP/1.1" 304 - "-" "Mozilla/5.0 (compatible; bingbot/2.0; +http://www.bing.com/bingbot.htm)"
49.12.13.109 - - [15/Feb/2021:20:00:54 +0100] "HEAD / HTTP/1.1" 200 - "-" "Alert_Alligator_webmonitoring_service_1.6.3_(alertalligator.com)"
49.12.13.109 - - [15/Feb/2021:21:04:51 +0100] "HEAD / HTTP/1.1" 200 - "-" "Alert_Alligator_webmonitoring_service_1.6.3_(alertalligator.com)"
49.12.13.109 - - [15/Feb/2021:22:08:28 +0100] "HEAD / HTTP/1.1" 200 - "-" "Alert_Alligator_webmonitoring_service_1.6.3_(alertalligator.com)"
54.36.148.183 - - [15/Feb/2021:22:18:01 +0100] "GET /home/webserver/web/?C=N;O=D HTTP/1.1" 200 395 "-" "Mozilla/5.0 (compatible; AhrefsBot/7.0; +http://ahrefs.com/robot/)"
49.12.13.109 - - [15/Feb/2021:23:07:31 +0100] "HEAD / HTTP/1.1" 200 - "-" "Alert_Alligator_webmonitoring_service_1.6.3_(alertalligator.com)"
157.55.39.41 - - [15/Feb/2021:23:22:05 +0100] "GET /robots.txt HTTP/1.1" 404 615 "-" "Mozilla/5.0 (compatible; bingbot/2.0; +http://www.bing.com/bingbot.htm)"
5.34.180.192 - - [16/Feb/2021:00:12:00 +0100] "GET / HTTP/1.1" 200 1270 "https://sex-znakomstva.online/" "Mozilla/4.0 (compatible; MSIE 5.5; Windows NT 4.0; .NET CLR 1.0.2914)"
5.34.180.192 - - [16/Feb/2021:00:12:01 +0100] "GET / HTTP/1.1" 200 1270 "https://sex-znakomstva.online/" "Mozilla/4.0 (compatible; MSIE 5.5; Windows NT 4.0; .NET CLR 1.0.2914)"
5.34.180.192 - - [16/Feb/2021:00:12:02 +0100] "GET / HTTP/1.1" 200 1270 "https://sex-znakomstva.online/" "Mozilla/4.0 (compatible; MSIE 5.5; Windows NT 4.0; .NET CLR 1.0.2914)"
49.12.13.109 - - [16/Feb/2021:00:21:31 +0100] "HEAD / HTTP/1.1" 200 - "-" "Alert_Alligator_webmonitoring_service_1.6.3_(alertalligator.com)"
84.2.35.174 - - [16/Feb/2021:00:34:11 +0100] "GET / HTTP/1.1" 200 1270 "-" "ActiveSiteCounter"
157.55.39.41 - - [16/Feb/2021:00:44:36 +0100] "GET /robots.txt HTTP/1.1" 404 617 "-" "Mozilla/5.0 (compatible; bingbot/2.0; +http://www.bing.com/bingbot.htm)"
49.12.13.109 - - [16/Feb/2021:01:25:34 +0100] "HEAD / HTTP/1.1" 200 - "-" "Alert_Alligator_webmonitoring_service_1.6.3_(alertalligator.com)"
157.55.39.117 - - [16/Feb/2021:01:51:44 +0100] "GET /icons/back.gif HTTP/1.1" 200 216 "-" "Mozilla/5.0 (compatible; bingbot/2.0; +http://www.bing.com/bingbot.htm)"
212.237.51.151 - - [16/Feb/2021:02:33:04 +0100] "HEAD / HTTP/1.1" 200 - "-" "Alert_Alligator_webmonitoring_service_1.6.3_(alertalligator.com)"
54.36.148.183 - - [16/Feb/2021:02:52:58 +0100] "GET /home/webserver/?C=D;O=A HTTP/1.1" 200 390 "-" "Mozilla/5.0 (compatible; AhrefsBot/7.0; +http://ahrefs.com/robot/)"
54.36.148.158 - - [16/Feb/2021:03:12:18 +0100] "GET /robots.txt HTTP/1.1" 404 619 "-" "Mozilla/5.0 (compatible; AhrefsBot/6.1; +http://ahrefs.com/robot/)"
49.12.13.109 - - [16/Feb/2021:03:32:09 +0100] "HEAD / HTTP/1.1" 200 - "-" "Alert_Alligator_webmonitoring_service_1.6.3_(alertalligator.com)"
66.249.64.147 - - [16/Feb/2021:03:35:28 +0100] "GET /robots.txt HTTP/1.1" 404 619 "-" "Mozilla/5.0 (compatible; Googlebot/2.1; +http://www.google.com/bot.html)"
66.249.64.145 - - [16/Feb/2021:03:35:28 +0100] "GET /button1.swf HTTP/1.1" 404 619 "-" "Mozilla/5.0 (Linux; Android 6.0.1; Nexus 5X Build/MMB29P) AppleWebKit/537.36 (KHTML, like Gecko) Chrome/88.0.4324.153 Mobile Safari/537.36 (compatible; Googlebot/2.1; +http://www.google.com/bot.html)"
157.55.39.41 - - [16/Feb/2021:04:00:35 +0100] "GET /robots.txt HTTP/1.1" 404 617 "-" "Mozilla/5.0 (compatible; bingbot/2.0; +http://www.bing.com/bingbot.htm)"
157.55.39.117 - - [16/Feb/2021:04:22:11 +0100] "GET /icons/unknown.gif HTTP/1.1" 200 245 "-" "Mozilla/5.0 (compatible; bingbot/2.0; +http://www.bing.com/bingbot.htm)"
212.237.51.151 - - [16/Feb/2021:04:31:10 +0100] "HEAD / HTTP/1.1" 200 - "-" "Alert_Alligator_webmonitoring_service_1.6.3_(alertalligator.com)"
49.12.13.109 - - [16/Feb/2021:05:30:19 +0100] "HEAD / HTTP/1.1" 200 - "-" "Alert_Alligator_webmonitoring_service_1.6.3_(alertalligator.com)"
212.237.51.151 - - [16/Feb/2021:06:29:23 +0100] "HEAD / HTTP/1.1" 200 - "-" "Alert_Alligator_webmonitoring_service_1.6.3_(alertalligator.com)"
54.36.149.26 - - [16/Feb/2021:07:22:56 +0100] "GET /home/webserver/?C=M;O=A HTTP/1.1" 200 391 "-" "Mozilla/5.0 (compatible; AhrefsBot/7.0; +http://ahrefs.com/robot/)"
49.12.13.109 - - [16/Feb/2021:07:48:47 +0100] "HEAD / HTTP/1.1" 200 - "-" "Alert_Alligator_webmonitoring_service_1.6.3_(alertalligator.com)"
49.12.13.109 - - [16/Feb/2021:09:30:54 +0100] "HEAD / HTTP/1.1" 200 - "-" "Alert_Alligator_webmonitoring_service_1.6.3_(alertalligator.com)"
54.36.148.128 - - [16/Feb/2021:10:25:02 +0100] "GET /home/webserver/web/ws_rendszer/tools/?C=N;O=D HTTP/1.1" 200 407 "-" "Mozilla/5.0 (compatible; AhrefsBot/7.0; +http://ahrefs.com/robot/)"
49.12.13.109 - - [16/Feb/2021:10:30:05 +0100] "HEAD / HTTP/1.1" 200 - "-" "Alert_Alligator_webmonitoring_service_1.6.3_(alertalligator.com)"
49.12.13.109 - - [16/Feb/2021:11:29:09 +0100] "HEAD / HTTP/1.1" 200 - "-" "Alert_Alligator_webmonitoring_service_1.6.3_(alertalligator.com)"
212.237.51.151 - - [16/Feb/2021:12:32:22 +0100] "HEAD / HTTP/1.1" 200 - "-" "Alert_Alligator_webmonitoring_service_1.6.3_(alertalligator.com)"
17.58.97.6 - - [16/Feb/2021:12:45:08 +0100] "GET /robots.txt HTTP/1.1" 404 619 "-" "Mozilla/5.0 (Macintosh; Intel Mac OS X 10_15_5) AppleWebKit/605.1.15 (KHTML, like Gecko) Version/13.1.1 Safari/605.1.15 (Applebot/0.1; +http://www.apple.com/go/applebot)"
17.58.96.167 - - [16/Feb/2021:12:45:08 +0100] "GET /narixgep_2010-05-19_13_13_55.sql HTTP/1.1" 200 1234 "-" "Mozilla/5.0 (Macintosh; Intel Mac OS X 10_15_5) AppleWebKit/605.1.15 (KHTML, like Gecko) Version/13.1.1 Safari/605.1.15 (Applebot/0.1; +http://www.apple.com/go/applebot)"
212.237.51.151 - - [16/Feb/2021:13:31:26 +0100] "HEAD / HTTP/1.1" 200 - "-" "Alert_Alligator_webmonitoring_service_1.6.3_(alertalligator.com)"
114.119.128.196 - - [16/Feb/2021:13:32:01 +0100] "GET /robots.txt HTTP/1.1" 404 618 "-" "(compatible;PetalBot;+https://aspiegel.com/petalbot)"
212.237.51.151 - - [16/Feb/2021:14:30:44 +0100] "HEAD / HTTP/1.1" 200 - "-" "Alert_Alligator_webmonitoring_service_1.6.3_(alertalligator.com)"
212.237.51.151 - - [16/Feb/2021:15:29:56 +0100] "HEAD / HTTP/1.1" 200 - "-" "Alert_Alligator_webmonitoring_service_1.6.3_(alertalligator.com)"
17.58.96.167 - - [16/Feb/2021:16:30:12 +0100] "GET /favicon.ico HTTP/1.1" 404 618 "-" "Mozilla/5.0 (Macintosh; Intel Mac OS X 10_15_5) AppleWebKit/605.1.15 (KHTML, like Gecko) Version/13.1.1 Safari/605.1.15 (Applebot/0.1; +http://www.apple.com/go/applebot)"
212.237.51.151 - - [16/Feb/2021:16:50:26 +0100] "HEAD / HTTP/1.1" 200 - "-" "Alert_Alligator_webmonitoring_service_1.6.3_(alertalligator.com)"
54.36.148.68 - - [16/Feb/2021:17:05:36 +0100] "GET /home/webserver/web/ws_rendszer/tools/?C=D;O=A HTTP/1.1" 200 409 "-" "Mozilla/5.0 (compatible; AhrefsBot/7.0; +http://ahrefs.com/robot/)"
49.12.13.109 - - [16/Feb/2021:17:53:51 +0100] "HEAD / HTTP/1.1" 200 - "-" "Alert_Alligator_webmonitoring_service_1.6.3_(alertalligator.com)"
49.12.13.109 - - [16/Feb/2021:18:59:06 +0100] "HEAD / HTTP/1.1" 200 - "-" "Alert_Alligator_webmonitoring_service_1.6.3_(alertalligator.com)"
157.55.39.41 - - [16/Feb/2021:19:33:56 +0100] "GET /robots.txt HTTP/1.1" 404 616 "-" "Mozilla/5.0 (compatible; bingbot/2.0; +http://www.bing.com/bingbot.htm)"
54.36.148.96 - - [16/Feb/2021:19:40:59 +0100] "GET /robots.txt HTTP/1.1" 404 616 "-" "Mozilla/5.0 (compatible; AhrefsBot/6.1; +http://ahrefs.com/robot/)"
54.36.148.225 - - [16/Feb/2021:19:41:01 +0100] "GET /home/webserver/web/ws_rendszer/tools/inaktival/template2/ HTTP/1.1" 200 380 "-" "Mozilla/5.0 (compatible; AhrefsBot/7.0; +http://ahrefs.com/robot/)"
84.17.51.23 - - [16/Feb/2021:19:41:24 +0100] "GET / HTTP/1.1" 200 1270 "http://narix-gep.hu/" "Mozilla/5.0 (Windows NT 6.1; Win64; x64) AppleWebKit/537.36 (KHTML, like Gecko) Chrome/67.0.3396.87 Safari/537.36 OPR/54.0.2952.51"
49.12.13.109 - - [16/Feb/2021:20:03:50 +0100] "HEAD / HTTP/1.1" 200 - "-" "Alert_Alligator_webmonitoring_service_1.6.3_(alertalligator.com)"
64.246.165.210 - - [16/Feb/2021:20:22:31 +0100] "GET /robots.txt HTTP/1.0" 404 1013 "-" "Mozilla/5.0 (Macintosh; Intel Mac OS X 10.10; rv:59.0) Gecko/20100101 Firefox/59.0"
64.246.165.210 - - [16/Feb/2021:20:22:31 +0100] "GET / HTTP/1.1" 200 464 "-" "Mozilla/5.0 (Macintosh; Intel Mac OS X 10.10; rv:59.0) Gecko/20100101 Firefox/59.0"
54.36.148.183 - - [16/Feb/2021:20:54:53 +0100] "GET /home/webserver/?C=S;O=D HTTP/1.1" 200 387 "-" "Mozilla/5.0 (compatible; AhrefsBot/7.0; +http://ahrefs.com/robot/)"
212.237.51.151 - - [16/Feb/2021:21:02:54 +0100] "HEAD / HTTP/1.1" 200 - "-" "Alert_Alligator_webmonitoring_service_1.6.3_(alertalligator.com)"
212.237.51.151 - - [16/Feb/2021:22:02:46 +0100] "HEAD / HTTP/1.1" 200 - "-" "Alert_Alligator_webmonitoring_service_1.6.3_(alertalligator.com)"
54.36.148.236 - - [16/Feb/2021:22:05:33 +0100] "GET /home/webserver/web/ws_rendszer/tools/inaktival/?C=S;O=A HTTP/1.1" 200 420 "-" "Mozilla/5.0 (compatible; AhrefsBot/7.0; +http://ahrefs.com/robot/)"
49.12.13.109 - - [16/Feb/2021:23:02:40 +0100] "HEAD / HTTP/1.1" 200 - "-" "Alert_Alligator_webmonitoring_service_1.6.3_(alertalligator.com)"
54.36.148.108 - - [16/Feb/2021:23:15:16 +0100] "GET / HTTP/1.1" 200 464 "-" "Mozilla/5.0 (compatible; AhrefsBot/7.0; +http://ahrefs.com/robot/)"
49.12.13.109 - - [17/Feb/2021:00:11:36 +0100] "HEAD / HTTP/1.1" 200 - "-" "Alert_Alligator_webmonitoring_service_1.6.3_(alertalligator.com)"
84.2.35.174 - - [17/Feb/2021:00:31:35 +0100] "GET / HTTP/1.1" 200 1270 "-" "ActiveSiteCounter"
54.36.149.64 - - [17/Feb/2021:00:58:56 +0100] "GET /home/webserver/web/ws_rendszer/tools/?C=N;O=A HTTP/1.1" 200 409 "-" "Mozilla/5.0 (compatible; AhrefsBot/7.0; +http://ahrefs.com/robot/)"
49.12.13.109 - - [17/Feb/2021:01:11:16 +0100] "HEAD / HTTP/1.1" 200 - "-" "Alert_Alligator_webmonitoring_service_1.6.3_(alertalligator.com)"
49.12.13.109 - - [17/Feb/2021:02:28:54 +0100] "HEAD / HTTP/1.1" 200 - "-" "Alert_Alligator_webmonitoring_service_1.6.3_(alertalligator.com)"
54.36.148.136 - - [17/Feb/2021:03:20:29 +0100] "GET /home/webserver/web/ws_rendszer/tools/?C=S;O=A HTTP/1.1" 200 408 "-" "Mozilla/5.0 (compatible; AhrefsBot/7.0; +http://ahrefs.com/robot/)"
49.12.13.109 - - [17/Feb/2021:03:34:14 +0100] "HEAD / HTTP/1.1" 200 - "-" "Alert_Alligator_webmonitoring_service_1.6.3_(alertalligator.com)"
49.12.13.109 - - [17/Feb/2021:04:34:57 +0100] "HEAD / HTTP/1.1" 200 - "-" "Alert_Alligator_webmonitoring_service_1.6.3_(alertalligator.com)"
54.36.148.62 - - [17/Feb/2021:04:39:23 +0100] "GET /home/webserver/web/ws_rendszer/ HTTP/1.1" 200 402 "-" "Mozilla/5.0 (compatible; AhrefsBot/7.0; +http://ahrefs.com/robot/)"
54.36.148.183 - - [17/Feb/2021:06:13:16 +0100] "GET /?C=M;O=D HTTP/1.1" 200 459 "-" "Mozilla/5.0 (compatible; AhrefsBot/7.0; +http://ahrefs.com/robot/)"
212.237.51.151 - - [17/Feb/2021:06:25:52 +0100] "HEAD / HTTP/1.1" 200 - "-" "Alert_Alligator_webmonitoring_service_1.6.3_(alertalligator.com)"
54.36.148.77 - - [17/Feb/2021:07:43:08 +0100] "GET /robots.txt HTTP/1.1" 404 619 "-" "Mozilla/5.0 (compatible; AhrefsBot/6.1; +http://ahrefs.com/robot/)"
54.36.148.171 - - [17/Feb/2021:07:43:09 +0100] "GET /home/webserver/web/ws_rendszer/?C=N;O=A HTTP/1.1" 200 402 "-" "Mozilla/5.0 (compatible; AhrefsBot/7.0; +http://ahrefs.com/robot/)"
49.12.13.109 - - [17/Feb/2021:07:44:25 +0100] "HEAD / HTTP/1.1" 200 - "-" "Alert_Alligator_webmonitoring_service_1.6.3_(alertalligator.com)"
49.12.13.109 - - [17/Feb/2021:08:52:45 +0100] "HEAD / HTTP/1.1" 200 - "-" "Alert_Alligator_webmonitoring_service_1.6.3_(alertalligator.com)"
5.34.180.192 - - [17/Feb/2021:09:44:30 +0100] "GET / HTTP/1.1" 200 1270 "https://supermama.top/" "Mozilla/4.0 (compatible; MSIE 6.0; Windows NT 5.1; MRA 4.3 (build 01218); .NET CLR 1.1.4322)"
5.34.180.192 - - [17/Feb/2021:09:44:30 +0100] "GET / HTTP/1.1" 200 1270 "https://supermama.top/" "Mozilla/4.0 (compatible; MSIE 6.0; Windows NT 5.1; MRA 4.3 (build 01218); .NET CLR 1.1.4322)"
5.34.180.192 - - [17/Feb/2021:09:44:31 +0100] "GET / HTTP/1.1" 200 1270 "https://supermama.top/" "Mozilla/4.0 (compatible; MSIE 6.0; Windows NT 5.1; MRA 4.3 (build 01218); .NET CLR 1.1.4322)"
49.12.13.109 - - [17/Feb/2021:10:22:57 +0100] "HEAD / HTTP/1.1" 200 - "-" "Alert_Alligator_webmonitoring_service_1.6.3_(alertalligator.com)"
66.249.64.145 - - [17/Feb/2021:10:37:09 +0100] "GET /robots.txt HTTP/1.1" 404 619 "-" "Mozilla/5.0 (compatible; Googlebot/2.1; +http://www.google.com/bot.html)"
66.249.64.145 - - [17/Feb/2021:10:37:09 +0100] "GET /button1.swf HTTP/1.1" 404 619 "-" "Mozilla/5.0 (Linux; Android 6.0.1; Nexus 5X Build/MMB29P) AppleWebKit/537.36 (KHTML, like Gecko) Chrome/88.0.4324.153 Mobile Safari/537.36 (compatible; Googlebot/2.1; +http://www.google.com/bot.html)"
78.106.247.231 - - [17/Feb/2021:11:49:21 +0100] "GET / HTTP/1.1" 200 464 "-" "Boost.Beast/277"
49.12.13.109 - - [17/Feb/2021:12:27:22 +0100] "HEAD / HTTP/1.1" 200 - "-" "Alert_Alligator_webmonitoring_service_1.6.3_(alertalligator.com)"
93.158.91.253 - - [17/Feb/2021:12:49:46 +0100] "GET / HTTP/1.1" 200 464 "-" "Mozilla/5.0 (Macintosh; Intel Mac OS X 11.1; rv:84.0) Gecko/20100101 Firefox/84.0"
54.36.148.171 - - [17/Feb/2021:13:10:33 +0100] "GET / HTTP/1.1" 200 464 "-" "Mozilla/5.0 (compatible; AhrefsBot/7.0; +http://ahrefs.com/robot/)"
49.12.13.109 - - [17/Feb/2021:13:48:21 +0100] "HEAD / HTTP/1.1" 200 - "-" "Alert_Alligator_webmonitoring_service_1.6.3_(alertalligator.com)"
49.12.13.109 - - [17/Feb/2021:14:47:54 +0100] "HEAD / HTTP/1.1" 200 - "-" "Alert_Alligator_webmonitoring_service_1.6.3_(alertalligator.com)"
49.12.13.109 - - [17/Feb/2021:16:12:05 +0100] "HEAD / HTTP/1.1" 200 - "-" "Alert_Alligator_webmonitoring_service_1.6.3_(alertalligator.com)"
212.237.51.151 - - [17/Feb/2021:17:32:14 +0100] "HEAD / HTTP/1.1" 200 - "-" "Alert_Alligator_webmonitoring_service_1.6.3_(alertalligator.com)"
212.237.51.151 - - [17/Feb/2021:18:31:55 +0100] "HEAD / HTTP/1.1" 200 - "-" "Alert_Alligator_webmonitoring_service_1.6.3_(alertalligator.com)"
17.58.97.174 - - [17/Feb/2021:19:39:53 +0100] "GET /robots.txt HTTP/1.1" 404 617 "-" "Mozilla/5.0 (Macintosh; Intel Mac OS X 10_15_5) AppleWebKit/605.1.15 (KHTML, like Gecko) Version/13.1.1 Safari/605.1.15 (Applebot/0.1; +http://www.apple.com/go/applebot)"
17.58.96.167 - - [17/Feb/2021:19:39:54 +0100] "GET /narixgep_2010-05-19_13_13_55.sql HTTP/1.1" 200 1234 "-" "Mozilla/5.0 (Macintosh; Intel Mac OS X 10_15_5) AppleWebKit/605.1.15 (KHTML, like Gecko) Version/13.1.1 Safari/605.1.15 (Applebot/0.1; +http://www.apple.com/go/applebot)"
49.12.13.109 - - [17/Feb/2021:19:58:20 +0100] "HEAD / HTTP/1.1" 200 - "-" "Alert_Alligator_webmonitoring_service_1.6.3_(alertalligator.com)"
49.12.13.109 - - [17/Feb/2021:21:09:25 +0100] "HEAD / HTTP/1.1" 200 - "-" "Alert_Alligator_webmonitoring_service_1.6.3_(alertalligator.com)"
54.36.149.74 - - [17/Feb/2021:21:39:55 +0100] "GET /?C=D;O=A HTTP/1.1" 200 464 "-" "Mozilla/5.0 (compatible; AhrefsBot/7.0; +http://ahrefs.com/robot/)"
5.34.180.192 - - [17/Feb/2021:22:05:19 +0100] "GET / HTTP/1.1" 200 1270 "https://pinapchik.com/" "Mozilla/4.0 (compatible; MSIE 7.0b; Windows NT 6.0)"
5.34.180.192 - - [17/Feb/2021:22:05:20 +0100] "GET / HTTP/1.1" 200 1270 "https://pinapchik.com/" "Mozilla/4.0 (compatible; MSIE 7.0b; Windows NT 6.0)"
5.34.180.192 - - [17/Feb/2021:22:05:24 +0100] "GET / HTTP/1.1" 200 1270 "https://pinapchik.com/" "Mozilla/4.0 (compatible; MSIE 7.0b; Windows NT 6.0)"
212.237.51.151 - - [17/Feb/2021:22:22:50 +0100] "HEAD / HTTP/1.1" 200 - "-" "Alert_Alligator_webmonitoring_service_1.6.3_(alertalligator.com)"
49.12.13.109 - - [17/Feb/2021:23:21:51 +0100] "HEAD / HTTP/1.1" 200 - "-" "Alert_Alligator_webmonitoring_service_1.6.3_(alertalligator.com)"
54.36.148.174 - - [18/Feb/2021:00:06:30 +0100] "GET /log/tran_2020_11.log.gz HTTP/1.1" 200 24416 "-" "Mozilla/5.0 (compatible; AhrefsBot/7.0; +http://ahrefs.com/robot/)"
84.2.35.174 - - [18/Feb/2021:00:32:04 +0100] "GET / HTTP/1.1" 200 1270 "-" "ActiveSiteCounter"
212.237.51.151 - - [18/Feb/2021:00:42:20 +0100] "HEAD / HTTP/1.1" 200 - "-" "Alert_Alligator_webmonitoring_service_1.6.3_(alertalligator.com)"
49.12.13.109 - - [18/Feb/2021:01:50:44 +0100] "HEAD / HTTP/1.1" 200 - "-" "Alert_Alligator_webmonitoring_service_1.6.3_(alertalligator.com)"
54.36.148.62 - - [18/Feb/2021:02:42:04 +0100] "GET /robots.txt HTTP/1.1" 404 617 "-" "Mozilla/5.0 (compatible; AhrefsBot/6.1; +http://ahrefs.com/robot/)"
54.36.148.186 - - [18/Feb/2021:02:42:04 +0100] "GET / HTTP/1.1" 200 464 "-" "Mozilla/5.0 (compatible; AhrefsBot/7.0; +http://ahrefs.com/robot/)"
49.12.13.109 - - [18/Feb/2021:02:50:43 +0100] "HEAD / HTTP/1.1" 200 - "-" "Alert_Alligator_webmonitoring_service_1.6.3_(alertalligator.com)"
212.237.51.151 - - [18/Feb/2021:03:59:51 +0100] "HEAD / HTTP/1.1" 200 - "-" "Alert_Alligator_webmonitoring_service_1.6.3_(alertalligator.com)"
192.36.53.165 - - [18/Feb/2021:04:31:16 +0100] "GET / HTTP/1.1" 200 464 "-" "Mozilla/5.0 (Linux; Android 7.0; SM-G892A Build/NRD90M; wv) AppleWebKit/537.36 (KHTML, like Gecko) Version/4.0 Chrome/60.0.3112.107 Mobile Safari/537.36"
54.36.148.246 - - [18/Feb/2021:05:10:09 +0100] "GET /home/webserver/web/ws_rendszer/?C=D;O=A HTTP/1.1" 200 402 "-" "Mozilla/5.0 (compatible; AhrefsBot/7.0; +http://ahrefs.com/robot/)"
49.12.13.109 - - [18/Feb/2021:05:29:52 +0100] "HEAD / HTTP/1.1" 200 - "-" "Alert_Alligator_webmonitoring_service_1.6.3_(alertalligator.com)"
49.12.13.109 - - [18/Feb/2021:06:35:56 +0100] "HEAD / HTTP/1.1" 200 - "-" "Alert_Alligator_webmonitoring_service_1.6.3_(alertalligator.com)"
54.36.148.157 - - [18/Feb/2021:07:16:58 +0100] "GET /home/webserver/web/ws_rendszer/?C=M;O=A HTTP/1.1" 200 402 "-" "Mozilla/5.0 (compatible; AhrefsBot/7.0; +http://ahrefs.com/robot/)"
49.12.13.109 - - [18/Feb/2021:07:34:58 +0100] "HEAD / HTTP/1.1" 200 - "-" "Alert_Alligator_webmonitoring_service_1.6.3_(alertalligator.com)"
54.36.148.234 - - [18/Feb/2021:09:19:22 +0100] "GET /home/webserver/web/ws_rendszer/tools/inaktival/template2/?C=M;O=A HTTP/1.1" 200 381 "-" "Mozilla/5.0 (compatible; AhrefsBot/7.0; +http://ahrefs.com/robot/)"
212.237.51.151 - - [18/Feb/2021:09:25:22 +0100] "HEAD / HTTP/1.1" 200 - "-" "Alert_Alligator_webmonitoring_service_1.6.3_(alertalligator.com)"
54.36.148.73 - - [18/Feb/2021:10:05:03 +0100] "GET /robots.txt HTTP/1.1" 404 619 "-" "Mozilla/5.0 (compatible; AhrefsBot/6.1; +http://ahrefs.com/robot/)"
212.237.51.151 - - [18/Feb/2021:10:34:04 +0100] "HEAD / HTTP/1.1" 200 - "-" "Alert_Alligator_webmonitoring_service_1.6.3_(alertalligator.com)"
212.237.51.151 - - [18/Feb/2021:11:33:06 +0100] "HEAD / HTTP/1.1" 200 - "-" "Alert_Alligator_webmonitoring_service_1.6.3_(alertalligator.com)"
31.13.103.22 - - [18/Feb/2021:11:39:10 +0100] "GET / HTTP/1.1" 206 464 "-" "facebookexternalhit/1.1 (+http://www.facebook.com/externalhit_uatext.php)"
31.13.103.1 - - [18/Feb/2021:11:39:11 +0100] "GET / HTTP/1.1" 206 464 "-" "facebookexternalhit/1.1 (+http://www.facebook.com/externalhit_uatext.php)"
54.36.148.186 - - [18/Feb/2021:11:51:30 +0100] "GET /home/webserver/web/ws_rendszer/tools/inaktival/template2/?C=S;O=A HTTP/1.1" 200 381 "-" "Mozilla/5.0 (compatible; AhrefsBot/7.0; +http://ahrefs.com/robot/)"
178.159.37.104 - - [18/Feb/2021:12:41:53 +0100] "GET / HTTP/1.1" 200 1270 "https://jobgirl24.ru/" "Mozilla/4.0 (compatible; MSIE 6.0; Windows NT 5.1; .NET CLR 1.1.4322)"
178.159.37.104 - - [18/Feb/2021:12:41:53 +0100] "GET / HTTP/1.1" 200 1270 "https://stk-vrn.ru/" "Mozilla/4.79 [en] (Windows NT 5.0; U)"
178.159.37.104 - - [18/Feb/2021:12:41:54 +0100] "GET / HTTP/1.1" 200 1270 "https://jobgirl24.ru/" "Mozilla/4.0 (compatible; MSIE 6.0; Windows NT 5.1; .NET CLR 1.1.4322)"
178.159.37.104 - - [18/Feb/2021:12:41:54 +0100] "GET / HTTP/1.1" 200 1270 "https://stk-vrn.ru/" "Mozilla/4.79 [en] (Windows NT 5.0; U)"
178.159.37.104 - - [18/Feb/2021:12:41:54 +0100] "GET / HTTP/1.1" 200 1270 "https://stk-vrn.ru/" "Mozilla/4.79 [en] (Windows NT 5.0; U)"
212.237.51.151 - - [18/Feb/2021:12:45:14 +0100] "HEAD / HTTP/1.1" 200 - "-" "Alert_Alligator_webmonitoring_service_1.6.3_(alertalligator.com)"
49.12.13.109 - - [18/Feb/2021:13:44:18 +0100] "HEAD / HTTP/1.1" 200 - "-" "Alert_Alligator_webmonitoring_service_1.6.3_(alertalligator.com)"
54.36.148.180 - - [18/Feb/2021:14:21:20 +0100] "GET /home/webserver/web/ws_rendszer/tools/inaktival/?C=M;O=A HTTP/1.1" 200 420 "-" "Mozilla/5.0 (compatible; AhrefsBot/7.0; +http://ahrefs.com/robot/)"
49.12.13.109 - - [18/Feb/2021:15:07:48 +0100] "HEAD / HTTP/1.1" 200 - "-" "Alert_Alligator_webmonitoring_service_1.6.3_(alertalligator.com)"
212.237.51.151 - - [18/Feb/2021:16:06:54 +0100] "HEAD / HTTP/1.1" 200 - "-" "Alert_Alligator_webmonitoring_service_1.6.3_(alertalligator.com)"
5.204.49.9 - - [18/Feb/2021:16:56:19 +0100] "GET / HTTP/1.1" 200 1270 "-" "Mozilla/5.0"
49.12.13.109 - - [18/Feb/2021:17:12:26 +0100] "HEAD / HTTP/1.1" 200 - "-" "Alert_Alligator_webmonitoring_service_1.6.3_(alertalligator.com)"
145.236.102.79 - - [18/Feb/2021:17:18:11 +0100] "GET / HTTP/1.1" 200 464 "-" "Mozilla/5.0 (Windows NT 6.1; Win64; x64) AppleWebKit/537.36 (KHTML, like Gecko) Chrome/88.0.4324.104 Safari/537.36"
145.236.102.79 - - [18/Feb/2021:17:18:11 +0100] "GET /icons/blank.gif HTTP/1.1" 200 148 "http://narix-gep.hu/" "Mozilla/5.0 (Windows NT 6.1; Win64; x64) AppleWebKit/537.36 (KHTML, like Gecko) Chrome/88.0.4324.104 Safari/537.36"
145.236.102.79 - - [18/Feb/2021:17:18:11 +0100] "GET /icons/folder.gif HTTP/1.1" 200 225 "http://narix-gep.hu/" "Mozilla/5.0 (Windows NT 6.1; Win64; x64) AppleWebKit/537.36 (KHTML, like Gecko) Chrome/88.0.4324.104 Safari/537.36"
145.236.102.79 - - [18/Feb/2021:17:18:11 +0100] "GET /icons/unknown.gif HTTP/1.1" 200 245 "http://narix-gep.hu/" "Mozilla/5.0 (Windows NT 6.1; Win64; x64) AppleWebKit/537.36 (KHTML, like Gecko) Chrome/88.0.4324.104 Safari/537.36"
145.236.102.79 - - [18/Feb/2021:17:18:11 +0100] "GET /favicon.ico HTTP/1.1" 404 656 "http://narix-gep.hu/" "Mozilla/5.0 (Windows NT 6.1; Win64; x64) AppleWebKit/537.36 (KHTML, like Gecko) Chrome/88.0.4324.104 Safari/537.36"
49.12.13.109 - - [18/Feb/2021:18:29:55 +0100] "HEAD / HTTP/1.1" 200 - "-" "Alert_Alligator_webmonitoring_service_1.6.3_(alertalligator.com)"
49.12.13.109 - - [18/Feb/2021:19:40:32 +0100] "HEAD / HTTP/1.1" 200 - "-" "Alert_Alligator_webmonitoring_service_1.6.3_(alertalligator.com)"
183.166.122.249 - - [18/Feb/2021:19:51:24 +0100] "GET /search/?kw=www.ymwears.cn HTTP/1.1" 404 1009 "-" "Mozilla/5.0 (iPhone; CPU iPhone OS 10_3_3 like Mac OS X) AppleWebKit/603.3.8 (KHTML, like Gecko) Mobile/14G60 MicroMessenger/6.7.2 NetType/4G Language/zh_CN"
218.23.199.182 - - [18/Feb/2021:19:51:26 +0100] "GET /search?keyword=www.ymwears.cn HTTP/1.1" 404 1009 "-" "Mozilla/5.0 (iPhone; CPU iPhone OS 10_3_3 like Mac OS X) AppleWebKit/603.3.8 (KHTML, like Gecko) Mobile/14G60 MicroMessenger/6.7.2 NetType/4G Language/zh_CN"
183.166.122.105 - - [18/Feb/2021:19:51:28 +0100] "GET /plus/search.php?keyword=www.ymwears.cn HTTP/1.1" 404 1009 "-" "Mozilla/5.0 (iPhone; CPU iPhone OS 10_3_3 like Mac OS X) AppleWebKit/603.3.8 (KHTML, like Gecko) Mobile/14G60 MicroMessenger/6.7.2 NetType/4G Language/zh_CN"
218.23.196.141 - - [18/Feb/2021:19:51:32 +0100] "GET /search?q=www.ymwears.cn HTTP/1.1" 404 1009 "-" "Mozilla/5.0 (iPhone; CPU iPhone OS 10_3_3 like Mac OS X) AppleWebKit/603.3.8 (KHTML, like Gecko) Mobile/14G60 MicroMessenger/6.7.2 NetType/4G Language/zh_CN"
223.245.228.121 - - [18/Feb/2021:19:51:35 +0100] "GET /?s=www.ymwears.cn HTTP/1.1" 200 1270 "-" "Mozilla/5.0 (iPhone; CPU iPhone OS 10_3_3 like Mac OS X) AppleWebKit/603.3.8 (KHTML, like Gecko) Mobile/14G60 MicroMessenger/6.7.2 NetType/4G Language/zh_CN"
223.245.228.121 - - [18/Feb/2021:19:51:37 +0100] "GET /?q=www.ymwears.cn HTTP/1.1" 200 1270 "-" "Mozilla/5.0 (iPhone; CPU iPhone OS 10_3_3 like Mac OS X) AppleWebKit/603.3.8 (KHTML, like Gecko) Mobile/14G60 MicroMessenger/6.7.2 NetType/4G Language/zh_CN"
183.166.42.236 - - [18/Feb/2021:19:51:39 +0100] "GET /search.php?q=www.ymwears.cn HTTP/1.1" 404 1009 "-" "Mozilla/5.0 (iPhone; CPU iPhone OS 10_3_3 like Mac OS X) AppleWebKit/603.3.8 (KHTML, like Gecko) Mobile/14G60 MicroMessenger/6.7.2 NetType/4G Language/zh_CN"
218.23.196.82 - - [18/Feb/2021:19:51:41 +0100] "GET /search?q=www.ymwears.cn HTTP/1.1" 404 1009 "-" "Mozilla/5.0 (iPhone; CPU iPhone OS 10_3_3 like Mac OS X) AppleWebKit/603.3.8 (KHTML, like Gecko) Mobile/14G60 MicroMessenger/6.7.2 NetType/4G Language/zh_CN"
218.23.199.115 - - [18/Feb/2021:19:51:45 +0100] "GET /search/?q=www.ymwears.cn HTTP/1.1" 404 1009 "-" "Mozilla/5.0 (iPhone; CPU iPhone OS 10_3_3 like Mac OS X) AppleWebKit/603.3.8 (KHTML, like Gecko) Mobile/14G60 MicroMessenger/6.7.2 NetType/4G Language/zh_CN"
223.240.48.123 - - [18/Feb/2021:19:51:47 +0100] "GET /search/www.ymwears.cn HTTP/1.1" 404 1009 "-" "Mozilla/5.0 (iPhone; CPU iPhone OS 10_3_3 like Mac OS X) AppleWebKit/603.3.8 (KHTML, like Gecko) Mobile/14G60 MicroMessenger/6.7.2 NetType/4G Language/zh_CN"
218.23.198.70 - - [18/Feb/2021:19:51:48 +0100] "GET /search.html?q=www.ymwears.cn HTTP/1.1" 404 1009 "-" "Mozilla/5.0 (iPhone; CPU iPhone OS 10_3_3 like Mac OS X) AppleWebKit/603.3.8 (KHTML, like Gecko) Mobile/14G60 MicroMessenger/6.7.2 NetType/4G Language/zh_CN"
183.166.84.224 - - [18/Feb/2021:19:51:49 +0100] "GET /search/?query=www.ymwears.cn HTTP/1.1" 404 1009 "-" "Mozilla/5.0 (iPhone; CPU iPhone OS 10_3_3 like Mac OS X) AppleWebKit/603.3.8 (KHTML, like Gecko) Mobile/14G60 MicroMessenger/6.7.2 NetType/4G Language/zh_CN"
183.166.122.105 - - [18/Feb/2021:19:51:51 +0100] "GET /plus/search.php?q=www.ymwears.cn HTTP/1.1" 404 1009 "-" "Mozilla/5.0 (iPhone; CPU iPhone OS 10_3_3 like Mac OS X) AppleWebKit/603.3.8 (KHTML, like Gecko) Mobile/14G60 MicroMessenger/6.7.2 NetType/4G Language/zh_CN"
218.23.196.141 - - [18/Feb/2021:19:51:53 +0100] "GET /search?query=www.ymwears.cn HTTP/1.1" 404 1009 "-" "Mozilla/5.0 (iPhone; CPU iPhone OS 10_3_3 like Mac OS X) AppleWebKit/603.3.8 (KHTML, like Gecko) Mobile/14G60 MicroMessenger/6.7.2 NetType/4G Language/zh_CN"
183.166.85.23 - - [18/Feb/2021:19:51:55 +0100] "GET /www.ymwears.cn HTTP/1.1" 404 1009 "-" "Mozilla/5.0 (iPhone; CPU iPhone OS 10_3_3 like Mac OS X) AppleWebKit/603.3.8 (KHTML, like Gecko) Mobile/14G60 MicroMessenger/6.7.2 NetType/4G Language/zh_CN"
5.34.180.192 - - [18/Feb/2021:20:32:02 +0100] "GET / HTTP/1.1" 200 1270 "https://rental-power.com.ua/generators/" "Opera/9.01 (Windows NT 5.1; U; en)"
5.34.180.192 - - [18/Feb/2021:20:32:02 +0100] "GET / HTTP/1.1" 200 1270 "https://rental-power.com.ua/generators/" "Opera/9.01 (Windows NT 5.1; U; en)"
5.34.180.192 - - [18/Feb/2021:20:32:03 +0100] "GET / HTTP/1.1" 200 1270 "https://rental-power.com.ua/generators/" "Opera/9.01 (Windows NT 5.1; U; en)"
49.12.13.109 - - [18/Feb/2021:20:39:38 +0100] "HEAD / HTTP/1.1" 200 - "-" "Alert_Alligator_webmonitoring_service_1.6.3_(alertalligator.com)"
49.12.13.109 - - [18/Feb/2021:21:39:00 +0100] "HEAD / HTTP/1.1" 200 - "-" "Alert_Alligator_webmonitoring_service_1.6.3_(alertalligator.com)"
49.12.13.109 - - [18/Feb/2021:22:38:06 +0100] "HEAD / HTTP/1.1" 200 - "-" "Alert_Alligator_webmonitoring_service_1.6.3_(alertalligator.com)"
49.12.13.109 - - [18/Feb/2021:23:45:56 +0100] "HEAD / HTTP/1.1" 200 - "-" "Alert_Alligator_webmonitoring_service_1.6.3_(alertalligator.com)"
84.2.35.174 - - [19/Feb/2021:00:35:09 +0100] "GET / HTTP/1.1" 200 1270 "-" "ActiveSiteCounter"
212.237.51.151 - - [19/Feb/2021:01:29:21 +0100] "HEAD / HTTP/1.1" 200 - "-" "Alert_Alligator_webmonitoring_service_1.6.3_(alertalligator.com)"
49.12.13.109 - - [19/Feb/2021:03:03:31 +0100] "HEAD / HTTP/1.1" 200 - "-" "Alert_Alligator_webmonitoring_service_1.6.3_(alertalligator.com)"
66.249.64.147 - - [19/Feb/2021:03:24:43 +0100] "GET /robots.txt HTTP/1.1" 404 619 "-" "Mozilla/5.0 (compatible; Googlebot/2.1; +http://www.google.com/bot.html)"
66.249.64.143 - - [19/Feb/2021:03:24:43 +0100] "GET /button1.swf HTTP/1.1" 404 619 "-" "Mozilla/5.0 (Linux; Android 6.0.1; Nexus 5X Build/MMB29P) AppleWebKit/537.36 (KHTML, like Gecko) Chrome/88.0.4324.153 Mobile Safari/537.36 (compatible; Googlebot/2.1; +http://www.google.com/bot.html)"
212.237.51.151 - - [19/Feb/2021:04:02:49 +0100] "HEAD / HTTP/1.1" 200 - "-" "Alert_Alligator_webmonitoring_service_1.6.3_(alertalligator.com)"
49.12.13.109 - - [19/Feb/2021:05:07:18 +0100] "HEAD / HTTP/1.1" 200 - "-" "Alert_Alligator_webmonitoring_service_1.6.3_(alertalligator.com)"
54.36.148.43 - - [19/Feb/2021:05:53:56 +0100] "GET /robots.txt HTTP/1.1" 404 617 "-" "Mozilla/5.0 (compatible; AhrefsBot/6.1; +http://ahrefs.com/robot/)"
54.36.148.109 - - [19/Feb/2021:05:53:57 +0100] "GET / HTTP/1.1" 200 464 "-" "Mozilla/5.0 (compatible; AhrefsBot/7.0; +http://ahrefs.com/robot/)"
49.12.13.109 - - [19/Feb/2021:06:06:20 +0100] "HEAD / HTTP/1.1" 200 - "-" "Alert_Alligator_webmonitoring_service_1.6.3_(alertalligator.com)"
49.12.13.109 - - [19/Feb/2021:07:05:31 +0100] "HEAD / HTTP/1.1" 200 - "-" "Alert_Alligator_webmonitoring_service_1.6.3_(alertalligator.com)"
212.237.51.151 - - [19/Feb/2021:08:15:29 +0100] "HEAD / HTTP/1.1" 200 - "-" "Alert_Alligator_webmonitoring_service_1.6.3_(alertalligator.com)"
54.36.148.120 - - [19/Feb/2021:08:57:01 +0100] "GET / HTTP/1.1" 200 464 "-" "Mozilla/5.0 (compatible; AhrefsBot/7.0; +http://ahrefs.com/robot/)"
49.12.13.109 - - [19/Feb/2021:09:19:43 +0100] "HEAD / HTTP/1.1" 200 - "-" "Alert_Alligator_webmonitoring_service_1.6.3_(alertalligator.com)"
54.36.148.186 - - [19/Feb/2021:09:59:23 +0100] "GET /home/webserver/web/ws_rendszer/tools/inaktival/?C=D;O=A HTTP/1.1" 200 420 "-" "Mozilla/5.0 (compatible; AhrefsBot/7.0; +http://ahrefs.com/robot/)"
114.119.155.144 - - [19/Feb/2021:10:13:50 +0100] "GET /robots.txt HTTP/1.1" 404 619 "-" "(compatible;PetalBot;+https://aspiegel.com/petalbot)"
49.12.13.109 - - [19/Feb/2021:10:18:46 +0100] "HEAD / HTTP/1.1" 200 - "-" "Alert_Alligator_webmonitoring_service_1.6.3_(alertalligator.com)"
54.36.148.46 - - [19/Feb/2021:10:57:08 +0100] "GET /robots.txt HTTP/1.1" 404 619 "-" "Mozilla/5.0 (compatible; AhrefsBot/6.1; +http://ahrefs.com/robot/)"
54.36.148.207 - - [19/Feb/2021:11:01:47 +0100] "GET /log/?C=M;O=D HTTP/1.1" 200 2281 "-" "Mozilla/5.0 (compatible; AhrefsBot/7.0; +http://ahrefs.com/robot/)"
49.12.13.109 - - [19/Feb/2021:11:17:54 +0100] "HEAD / HTTP/1.1" 200 - "-" "Alert_Alligator_webmonitoring_service_1.6.3_(alertalligator.com)"
54.36.148.196 - - [19/Feb/2021:12:10:06 +0100] "GET /home/ HTTP/1.1" 200 385 "-" "Mozilla/5.0 (compatible; AhrefsBot/7.0; +http://ahrefs.com/robot/)"
49.12.13.109 - - [19/Feb/2021:12:23:11 +0100] "HEAD / HTTP/1.1" 200 - "-" "Alert_Alligator_webmonitoring_service_1.6.3_(alertalligator.com)"
114.119.139.104 - - [19/Feb/2021:12:31:46 +0100] "GET /robots.txt HTTP/1.1" 404 619 "-" "(compatible;PetalBot;+https://aspiegel.com/petalbot)"
54.36.149.102 - - [19/Feb/2021:12:52:46 +0100] "GET /home/webserver/web/ws_rendszer/tools/inaktival/?C=S;O=A HTTP/1.1" 200 420 "-" "Mozilla/5.0 (compatible; AhrefsBot/7.0; +http://ahrefs.com/robot/)"
49.12.13.109 - - [19/Feb/2021:13:26:55 +0100] "HEAD / HTTP/1.1" 200 - "-" "Alert_Alligator_webmonitoring_service_1.6.3_(alertalligator.com)"
54.36.148.198 - - [19/Feb/2021:13:35:43 +0100] "GET /home/webserver/web/ws_rendszer/?C=N;O=D HTTP/1.1" 200 400 "-" "Mozilla/5.0 (compatible; AhrefsBot/7.0; +http://ahrefs.com/robot/)"
54.36.148.186 - - [19/Feb/2021:14:17:57 +0100] "GET /home/webserver/web/ws_rendszer/tools/inaktival/template2/?C=N;O=D HTTP/1.1" 200 379 "-" "Mozilla/5.0 (compatible; AhrefsBot/7.0; +http://ahrefs.com/robot/)"
49.12.13.109 - - [19/Feb/2021:14:29:08 +0100] "HEAD / HTTP/1.1" 200 - "-" "Alert_Alligator_webmonitoring_service_1.6.3_(alertalligator.com)"
54.36.149.40 - - [19/Feb/2021:15:00:56 +0100] "GET /home/webserver/web/ws_rendszer/tools/inaktival/template2/?C=N;O=D HTTP/1.1" 200 379 "-" "Mozilla/5.0 (compatible; AhrefsBot/7.0; +http://ahrefs.com/robot/)"
49.12.13.109 - - [19/Feb/2021:15:41:22 +0100] "HEAD / HTTP/1.1" 200 - "-" "Alert_Alligator_webmonitoring_service_1.6.3_(alertalligator.com)"
54.36.148.126 - - [19/Feb/2021:15:58:43 +0100] "GET /log/?C=S;O=D HTTP/1.1" 200 2331 "-" "Mozilla/5.0 (compatible; AhrefsBot/7.0; +http://ahrefs.com/robot/)"
49.12.13.109 - - [19/Feb/2021:16:43:39 +0100] "HEAD / HTTP/1.1" 200 - "-" "Alert_Alligator_webmonitoring_service_1.6.3_(alertalligator.com)"
49.12.13.109 - - [19/Feb/2021:17:47:45 +0100] "HEAD / HTTP/1.1" 200 - "-" "Alert_Alligator_webmonitoring_service_1.6.3_(alertalligator.com)"
49.12.13.109 - - [19/Feb/2021:18:47:08 +0100] "HEAD / HTTP/1.1" 200 - "-" "Alert_Alligator_webmonitoring_service_1.6.3_(alertalligator.com)"
212.237.51.151 - - [19/Feb/2021:19:53:06 +0100] "HEAD / HTTP/1.1" 200 - "-" "Alert_Alligator_webmonitoring_service_1.6.3_(alertalligator.com)"
212.237.51.151 - - [19/Feb/2021:20:52:22 +0100] "HEAD / HTTP/1.1" 200 - "-" "Alert_Alligator_webmonitoring_service_1.6.3_(alertalligator.com)"
17.58.97.174 - - [19/Feb/2021:21:42:03 +0100] "GET /robots.txt HTTP/1.1" 404 616 "-" "Mozilla/5.0 (Macintosh; Intel Mac OS X 10_15_5) AppleWebKit/605.1.15 (KHTML, like Gecko) Version/13.1.1 Safari/605.1.15 (Applebot/0.1; +http://www.apple.com/go/applebot)"
17.58.96.167 - - [19/Feb/2021:21:42:03 +0100] "GET /narixgep_2010-05-19_13_13_55.sql HTTP/1.1" 200 1234 "-" "Mozilla/5.0 (Macintosh; Intel Mac OS X 10_15_5) AppleWebKit/605.1.15 (KHTML, like Gecko) Version/13.1.1 Safari/605.1.15 (Applebot/0.1; +http://www.apple.com/go/applebot)"
212.237.51.151 - - [19/Feb/2021:22:07:08 +0100] "HEAD / HTTP/1.1" 200 - "-" "Alert_Alligator_webmonitoring_service_1.6.3_(alertalligator.com)"
49.12.13.109 - - [19/Feb/2021:23:17:46 +0100] "HEAD / HTTP/1.1" 200 - "-" "Alert_Alligator_webmonitoring_service_1.6.3_(alertalligator.com)"
49.12.13.109 - - [20/Feb/2021:00:16:50 +0100] "HEAD / HTTP/1.1" 200 - "-" "Alert_Alligator_webmonitoring_service_1.6.3_(alertalligator.com)"
84.2.35.174 - - [20/Feb/2021:00:35:52 +0100] "GET / HTTP/1.1" 200 1270 "-" "ActiveSiteCounter"
212.237.51.151 - - [20/Feb/2021:01:15:58 +0100] "HEAD / HTTP/1.1" 200 - "-" "Alert_Alligator_webmonitoring_service_1.6.3_(alertalligator.com)"
212.237.51.151 - - [20/Feb/2021:03:15:02 +0100] "HEAD / HTTP/1.1" 200 - "-" "Alert_Alligator_webmonitoring_service_1.6.3_(alertalligator.com)"
54.36.148.40 - - [20/Feb/2021:04:43:50 +0100] "GET / HTTP/1.1" 200 464 "-" "Mozilla/5.0 (compatible; AhrefsBot/7.0; +http://ahrefs.com/robot/)"
212.237.51.151 - - [20/Feb/2021:04:44:05 +0100] "HEAD / HTTP/1.1" 200 - "-" "Alert_Alligator_webmonitoring_service_1.6.3_(alertalligator.com)"
49.12.13.109 - - [20/Feb/2021:05:48:46 +0100] "HEAD / HTTP/1.1" 200 - "-" "Alert_Alligator_webmonitoring_service_1.6.3_(alertalligator.com)"
49.12.13.109 - - [20/Feb/2021:07:11:00 +0100] "HEAD / HTTP/1.1" 200 - "-" "Alert_Alligator_webmonitoring_service_1.6.3_(alertalligator.com)"
54.36.148.98 - - [20/Feb/2021:07:18:29 +0100] "GET /robots.txt HTTP/1.1" 404 616 "-" "Mozilla/5.0 (compatible; AhrefsBot/6.1; +http://ahrefs.com/robot/)"
54.36.148.170 - - [20/Feb/2021:07:18:30 +0100] "GET /web/ HTTP/1.1" 200 5632 "-" "Mozilla/5.0 (compatible; AhrefsBot/7.0; +http://ahrefs.com/robot/)"
212.237.51.151 - - [20/Feb/2021:08:15:41 +0100] "HEAD / HTTP/1.1" 200 - "-" "Alert_Alligator_webmonitoring_service_1.6.3_(alertalligator.com)"
49.12.13.109 - - [20/Feb/2021:09:21:18 +0100] "HEAD / HTTP/1.1" 200 - "-" "Alert_Alligator_webmonitoring_service_1.6.3_(alertalligator.com)"
54.36.148.155 - - [20/Feb/2021:09:36:21 +0100] "GET /narixgep_2010-05-19_13_13_55.sql HTTP/1.1" 200 1234 "-" "Mozilla/5.0 (compatible; AhrefsBot/7.0; +http://ahrefs.com/robot/)"
5.34.180.192 - - [20/Feb/2021:09:55:05 +0100] "GET / HTTP/1.1" 200 1270 "https://sex-znakomstva.online/" "Mozilla/4.0 (compatible; MSIE 6.0; Windows NT 5.2; Win64; x64; SV1; .NET CLR 2.0.50727)"
5.34.180.192 - - [20/Feb/2021:09:55:06 +0100] "GET / HTTP/1.1" 200 1270 "https://sex-znakomstva.online/" "Mozilla/4.0 (compatible; MSIE 6.0; Windows NT 5.2; Win64; x64; SV1; .NET CLR 2.0.50727)"
5.34.180.192 - - [20/Feb/2021:09:55:06 +0100] "GET / HTTP/1.1" 200 1270 "https://sex-znakomstva.online/" "Mozilla/4.0 (compatible; MSIE 6.0; Windows NT 5.2; Win64; x64; SV1; .NET CLR 2.0.50727)"
114.119.137.237 - - [20/Feb/2021:10:27:42 +0100] "GET /robots.txt HTTP/1.1" 404 618 "-" "(compatible;PetalBot;+https://aspiegel.com/petalbot)"
49.12.13.109 - - [20/Feb/2021:10:31:40 +0100] "HEAD / HTTP/1.1" 200 - "-" "Alert_Alligator_webmonitoring_service_1.6.3_(alertalligator.com)"
49.12.13.109 - - [20/Feb/2021:11:37:04 +0100] "HEAD / HTTP/1.1" 200 - "-" "Alert_Alligator_webmonitoring_service_1.6.3_(alertalligator.com)"
54.36.148.186 - - [20/Feb/2021:11:51:53 +0100] "GET /log/ HTTP/1.1" 200 2306 "-" "Mozilla/5.0 (compatible; AhrefsBot/7.0; +http://ahrefs.com/robot/)"
17.58.97.6 - - [20/Feb/2021:13:10:19 +0100] "GET /robots.txt HTTP/1.1" 404 617 "-" "Mozilla/5.0 (Macintosh; Intel Mac OS X 10_15_5) AppleWebKit/605.1.15 (KHTML, like Gecko) Version/13.1.1 Safari/605.1.15 (Applebot/0.1; +http://www.apple.com/go/applebot)"
17.58.96.167 - - [20/Feb/2021:13:10:20 +0100] "GET /?C=M;O=A HTTP/1.1" 200 462 "-" "Mozilla/5.0 (Macintosh; Intel Mac OS X 10_15_5) AppleWebKit/605.1.15 (KHTML, like Gecko) Version/13.1.1 Safari/605.1.15 (Applebot/0.1; +http://www.apple.com/go/applebot)"
49.12.13.109 - - [20/Feb/2021:13:38:28 +0100] "HEAD / HTTP/1.1" 200 - "-" "Alert_Alligator_webmonitoring_service_1.6.3_(alertalligator.com)"
17.58.96.167 - - [20/Feb/2021:14:08:21 +0100] "GET /?C=N;O=D HTTP/1.1" 200 465 "-" "Mozilla/5.0 (Macintosh; Intel Mac OS X 10_15_5) AppleWebKit/605.1.15 (KHTML, like Gecko) Version/13.1.1 Safari/605.1.15 (Applebot/0.1; +http://www.apple.com/go/applebot)"
54.36.148.153 - - [20/Feb/2021:14:09:33 +0100] "GET /robots.txt HTTP/1.1" 404 618 "-" "Mozilla/5.0 (compatible; AhrefsBot/6.1; +http://ahrefs.com/robot/)"
54.36.149.89 - - [20/Feb/2021:14:09:34 +0100] "GET /home/webserver/web/?C=M;O=D HTTP/1.1" 200 395 "-" "Mozilla/5.0 (compatible; AhrefsBot/7.0; +http://ahrefs.com/robot/)"
49.12.13.109 - - [20/Feb/2021:14:37:54 +0100] "HEAD / HTTP/1.1" 200 - "-" "Alert_Alligator_webmonitoring_service_1.6.3_(alertalligator.com)"
49.12.13.109 - - [20/Feb/2021:15:37:18 +0100] "HEAD / HTTP/1.1" 200 - "-" "Alert_Alligator_webmonitoring_service_1.6.3_(alertalligator.com)"
49.12.13.109 - - [20/Feb/2021:16:37:18 +0100] "HEAD / HTTP/1.1" 200 - "-" "Alert_Alligator_webmonitoring_service_1.6.3_(alertalligator.com)"
17.58.96.167 - - [20/Feb/2021:17:14:49 +0100] "GET /log/ HTTP/1.1" 200 2307 "-" "Mozilla/5.0 (Macintosh; Intel Mac OS X 10_15_5) AppleWebKit/605.1.15 (KHTML, like Gecko) Version/13.1.1 Safari/605.1.15 (Applebot/0.1; +http://www.apple.com/go/applebot)"
49.12.13.109 - - [20/Feb/2021:17:38:07 +0100] "HEAD / HTTP/1.1" 200 - "-" "Alert_Alligator_webmonitoring_service_1.6.3_(alertalligator.com)"
157.55.39.41 - - [20/Feb/2021:18:02:59 +0100] "GET /robots.txt HTTP/1.1" 404 615 "-" "Mozilla/5.0 (compatible; bingbot/2.0; +http://www.bing.com/bingbot.htm)"
13.66.139.132 - - [20/Feb/2021:18:03:01 +0100] "GET /icons/blank.gif HTTP/1.1" 200 148 "-" "Mozilla/5.0 (compatible; bingbot/2.0; +http://www.bing.com/bingbot.htm)"
49.12.13.109 - - [20/Feb/2021:18:37:49 +0100] "HEAD / HTTP/1.1" 200 - "-" "Alert_Alligator_webmonitoring_service_1.6.3_(alertalligator.com)"
212.237.51.151 - - [20/Feb/2021:21:25:10 +0100] "HEAD / HTTP/1.1" 200 - "-" "Alert_Alligator_webmonitoring_service_1.6.3_(alertalligator.com)"
212.237.51.151 - - [20/Feb/2021:22:31:59 +0100] "HEAD / HTTP/1.1" 200 - "-" "Alert_Alligator_webmonitoring_service_1.6.3_(alertalligator.com)"
207.46.13.8 - - [20/Feb/2021:22:45:28 +0100] "GET /log/tran_2020_04.log.gz HTTP/1.1" 304 - "-" "Mozilla/5.0 (compatible; bingbot/2.0; +http://www.bing.com/bingbot.htm)"
49.12.13.109 - - [20/Feb/2021:23:31:17 +0100] "HEAD / HTTP/1.1" 200 - "-" "Alert_Alligator_webmonitoring_service_1.6.3_(alertalligator.com)"
17.58.96.167 - - [20/Feb/2021:23:56:27 +0100] "GET /narixgep_2010-05-19_13_13_55.sql HTTP/1.1" 200 1234 "-" "Mozilla/5.0 (Macintosh; Intel Mac OS X 10_15_5) AppleWebKit/605.1.15 (KHTML, like Gecko) Version/13.1.1 Safari/605.1.15 (Applebot/0.1; +http://www.apple.com/go/applebot)"
84.2.35.174 - - [21/Feb/2021:00:30:52 +0100] "GET / HTTP/1.1" 200 1270 "-" "ActiveSiteCounter"
49.12.13.109 - - [21/Feb/2021:00:33:28 +0100] "HEAD / HTTP/1.1" 200 - "-" "Alert_Alligator_webmonitoring_service_1.6.3_(alertalligator.com)"
49.12.13.109 - - [21/Feb/2021:02:07:48 +0100] "HEAD / HTTP/1.1" 200 - "-" "Alert_Alligator_webmonitoring_service_1.6.3_(alertalligator.com)"
212.237.51.151 - - [21/Feb/2021:03:07:00 +0100] "HEAD / HTTP/1.1" 200 - "-" "Alert_Alligator_webmonitoring_service_1.6.3_(alertalligator.com)"
49.12.13.109 - - [21/Feb/2021:04:16:49 +0100] "HEAD / HTTP/1.1" 200 - "-" "Alert_Alligator_webmonitoring_service_1.6.3_(alertalligator.com)"
17.58.96.167 - - [21/Feb/2021:04:22:49 +0100] "GET /favicon.ico HTTP/1.1" 404 619 "-" "Mozilla/5.0 (Macintosh; Intel Mac OS X 10_15_5) AppleWebKit/605.1.15 (KHTML, like Gecko) Version/13.1.1 Safari/605.1.15 (Applebot/0.1; +http://www.apple.com/go/applebot)"
49.12.13.109 - - [21/Feb/2021:05:31:21 +0100] "HEAD / HTTP/1.1" 200 - "-" "Alert_Alligator_webmonitoring_service_1.6.3_(alertalligator.com)"
49.12.13.109 - - [21/Feb/2021:06:30:25 +0100] "HEAD / HTTP/1.1" 200 - "-" "Alert_Alligator_webmonitoring_service_1.6.3_(alertalligator.com)"
178.159.37.104 - - [21/Feb/2021:06:32:07 +0100] "GET / HTTP/1.1" 200 1270 "https://stk-vrn.ru/" "Mozilla/4.0 (compatible; MSIE 7.0; Windows NT 5.1; SV1; .NET CLR 2.0.50727)"
178.159.37.104 - - [21/Feb/2021:06:32:08 +0100] "GET / HTTP/1.1" 200 1270 "https://stk-vrn.ru/" "Mozilla/4.0 (compatible; MSIE 7.0; Windows NT 5.1; SV1; .NET CLR 2.0.50727)"
34.245.224.3 - - [21/Feb/2021:07:28:03 +0100] "GET / HTTP/1.1" 200 1270 "-" "Mozilla/5.0 (Macintosh; Intel Mac OS X 10_15_6) AppleWebKit/537.36 (KHTML, like Gecko) Chrome/84.0.4147.105 Safari/537.36"
212.237.51.151 - - [21/Feb/2021:07:29:48 +0100] "HEAD / HTTP/1.1" 200 - "-" "Alert_Alligator_webmonitoring_service_1.6.3_(alertalligator.com)"
13.66.139.86 - - [21/Feb/2021:07:53:03 +0100] "GET /log/?C=M;O=D HTTP/1.1" 200 2279 "-" "Mozilla/5.0 (compatible; bingbot/2.0; +http://www.bing.com/bingbot.htm)"
49.12.13.109 - - [21/Feb/2021:08:35:17 +0100] "HEAD / HTTP/1.1" 200 - "-" "Alert_Alligator_webmonitoring_service_1.6.3_(alertalligator.com)"
178.159.37.104 - - [21/Feb/2021:08:47:56 +0100] "GET / HTTP/1.1" 200 1270 "https://jobgirl24.ru/" "Mozilla/4.0 (compatible; MSIE 6.0; Update a; AOL 6.0; Windows 98)"
66.249.64.143 - - [21/Feb/2021:09:52:00 +0100] "GET /robots.txt HTTP/1.1" 404 619 "-" "Mozilla/5.0 (compatible; Googlebot/2.1; +http://www.google.com/bot.html)"
66.249.64.147 - - [21/Feb/2021:09:52:01 +0100] "GET /tartozekok.html HTTP/1.1" 404 618 "-" "Mozilla/5.0 (Linux; Android 6.0.1; Nexus 5X Build/MMB29P) AppleWebKit/537.36 (KHTML, like Gecko) Chrome/88.0.4324.153 Mobile Safari/537.36 (compatible; Googlebot/2.1; +http://www.google.com/bot.html)"
212.237.51.151 - - [21/Feb/2021:10:01:09 +0100] "HEAD / HTTP/1.1" 200 - "-" "Alert_Alligator_webmonitoring_service_1.6.3_(alertalligator.com)"
100.21.218.158 - - [21/Feb/2021:10:15:56 +0100] "GET / HTTP/1.1" 200 464 "-" "Mozilla/5.0 (X11; Ubuntu; Linux x86_64; rv:82.0) Gecko/20100101 Firefox/82.0"
100.21.218.158 - - [21/Feb/2021:10:15:57 +0100] "GET /robots.txt HTTP/1.1" 404 617 "-" "Mozilla/5.0 (X11; Ubuntu; Linux x86_64; rv:82.0) Gecko/20100101 Firefox/82.0"
100.21.218.158 - - [21/Feb/2021:10:15:57 +0100] "GET /favicon.ico HTTP/1.1" 404 617 "-" "Mozilla/5.0 (X11; Ubuntu; Linux x86_64; rv:82.0) Gecko/20100101 Firefox/82.0"
54.189.230.128 - - [21/Feb/2021:10:29:44 +0100] "GET / HTTP/1.1" 200 464 "-" "Mozilla/5.0 (X11; Ubuntu; Linux x86_64; rv:82.0) Gecko/20100101 Firefox/82.0"
54.189.230.128 - - [21/Feb/2021:10:29:45 +0100] "GET /robots.txt HTTP/1.1" 404 616 "-" "Mozilla/5.0 (X11; Ubuntu; Linux x86_64; rv:82.0) Gecko/20100101 Firefox/82.0"
54.189.230.128 - - [21/Feb/2021:10:29:45 +0100] "GET /favicon.ico HTTP/1.1" 404 616 "-" "Mozilla/5.0 (X11; Ubuntu; Linux x86_64; rv:82.0) Gecko/20100101 Firefox/82.0"
138.201.37.67 - - [21/Feb/2021:11:11:10 +0100] "GET / HTTP/1.1" 200 464 "https://ezuptime.com" "Mozilla/5.0 (Windows NT 10.0; Win64; x64) AppleWebKit/537.36 (KHTML, like Gecko) Chrome/87.0.4280.141 Safari/537.36"
49.12.13.109 - - [21/Feb/2021:11:42:00 +0100] "HEAD / HTTP/1.1" 200 - "-" "Alert_Alligator_webmonitoring_service_1.6.3_(alertalligator.com)"
49.12.13.109 - - [21/Feb/2021:12:41:37 +0100] "HEAD / HTTP/1.1" 200 - "-" "Alert_Alligator_webmonitoring_service_1.6.3_(alertalligator.com)"
49.12.13.109 - - [21/Feb/2021:13:52:51 +0100] "HEAD / HTTP/1.1" 200 - "-" "Alert_Alligator_webmonitoring_service_1.6.3_(alertalligator.com)"
17.58.97.174 - - [21/Feb/2021:14:38:53 +0100] "GET /robots.txt HTTP/1.1" 404 617 "-" "Mozilla/5.0 (Macintosh; Intel Mac OS X 10_15_5) AppleWebKit/605.1.15 (KHTML, like Gecko) Version/13.1.1 Safari/605.1.15 (Applebot/0.1; +http://www.apple.com/go/applebot)"
17.58.96.167 - - [21/Feb/2021:14:38:54 +0100] "GET /narixgep_2010-05-19_13_13_55.sql HTTP/1.1" 200 1234 "-" "Mozilla/5.0 (Macintosh; Intel Mac OS X 10_15_5) AppleWebKit/605.1.15 (KHTML, like Gecko) Version/13.1.1 Safari/605.1.15 (Applebot/0.1; +http://www.apple.com/go/applebot)"
49.12.13.109 - - [21/Feb/2021:14:51:56 +0100] "HEAD / HTTP/1.1" 200 - "-" "Alert_Alligator_webmonitoring_service_1.6.3_(alertalligator.com)"
49.12.13.109 - - [21/Feb/2021:15:51:06 +0100] "HEAD / HTTP/1.1" 200 - "-" "Alert_Alligator_webmonitoring_service_1.6.3_(alertalligator.com)"
49.12.13.109 - - [21/Feb/2021:16:50:36 +0100] "HEAD / HTTP/1.1" 200 - "-" "Alert_Alligator_webmonitoring_service_1.6.3_(alertalligator.com)"
49.12.13.109 - - [21/Feb/2021:17:54:26 +0100] "HEAD / HTTP/1.1" 200 - "-" "Alert_Alligator_webmonitoring_service_1.6.3_(alertalligator.com)"
5.34.180.192 - - [21/Feb/2021:18:17:05 +0100] "GET / HTTP/1.1" 200 1270 "https://supermama.top/" "Mozilla/4.0 (compatible; MSIE 6.0; Windows NT 5.1; SV1; .NET CLR 1.1.4322) NS8/0.9.6"
5.34.180.192 - - [21/Feb/2021:18:17:05 +0100] "GET / HTTP/1.1" 200 1270 "https://supermama.top/" "Mozilla/4.0 (compatible; MSIE 6.0; Windows NT 5.1; SV1; .NET CLR 1.1.4322) NS8/0.9.6"
5.34.180.192 - - [21/Feb/2021:18:17:05 +0100] "GET / HTTP/1.1" 200 1270 "https://supermama.top/" "Mozilla/4.0 (compatible; MSIE 6.0; Windows NT 5.1; SV1; .NET CLR 1.1.4322) NS8/0.9.6"
49.12.13.109 - - [21/Feb/2021:18:53:41 +0100] "HEAD / HTTP/1.1" 200 - "-" "Alert_Alligator_webmonitoring_service_1.6.3_(alertalligator.com)"
49.12.13.109 - - [21/Feb/2021:20:11:01 +0100] "HEAD / HTTP/1.1" 200 - "-" "Alert_Alligator_webmonitoring_service_1.6.3_(alertalligator.com)"
49.12.13.109 - - [21/Feb/2021:21:10:23 +0100] "HEAD / HTTP/1.1" 200 - "-" "Alert_Alligator_webmonitoring_service_1.6.3_(alertalligator.com)"
175.44.42.251 - - [21/Feb/2021:21:43:12 +0100] "GET / HTTP/1.1" 200 464 "http://www.hilaryshaw.top/" "Mozilla/5.0 (iPhone; CPU iPhone OS 10_2_1 like Mac OS X) AppleWebKit/602.4.6 (KHTML, like Gecko) Version/10.0 Mobile/14D27 Safari/602.1"
17.58.97.6 - - [21/Feb/2021:22:02:19 +0100] "GET /robots.txt HTTP/1.1" 404 618 "-" "Mozilla/5.0 (Macintosh; Intel Mac OS X 10_15_5) AppleWebKit/605.1.15 (KHTML, like Gecko) Version/13.1.1 Safari/605.1.15 (Applebot/0.1; +http://www.apple.com/go/applebot)"
17.58.96.167 - - [21/Feb/2021:22:02:19 +0100] "GET /narixgep_2010-05-19_13_13_55.sql HTTP/1.1" 200 1234 "-" "Mozilla/5.0 (Macintosh; Intel Mac OS X 10_15_5) AppleWebKit/605.1.15 (KHTML, like Gecko) Version/13.1.1 Safari/605.1.15 (Applebot/0.1; +http://www.apple.com/go/applebot)"
49.12.13.109 - - [21/Feb/2021:22:09:36 +0100] "HEAD / HTTP/1.1" 200 - "-" "Alert_Alligator_webmonitoring_service_1.6.3_(alertalligator.com)"
49.12.13.109 - - [21/Feb/2021:23:08:40 +0100] "HEAD / HTTP/1.1" 200 - "-" "Alert_Alligator_webmonitoring_service_1.6.3_(alertalligator.com)"
49.12.13.109 - - [22/Feb/2021:00:25:31 +0100] "HEAD / HTTP/1.1" 200 - "-" "Alert_Alligator_webmonitoring_service_1.6.3_(alertalligator.com)"
84.2.35.174 - - [22/Feb/2021:00:34:32 +0100] "GET / HTTP/1.1" 200 1270 "-" "ActiveSiteCounter"
212.237.51.151 - - [22/Feb/2021:01:29:14 +0100] "HEAD / HTTP/1.1" 200 - "-" "Alert_Alligator_webmonitoring_service_1.6.3_(alertalligator.com)"
49.12.13.109 - - [22/Feb/2021:04:30:00 +0100] "HEAD / HTTP/1.1" 200 - "-" "Alert_Alligator_webmonitoring_service_1.6.3_(alertalligator.com)"
212.237.51.151 - - [22/Feb/2021:05:29:15 +0100] "HEAD / HTTP/1.1" 200 - "-" "Alert_Alligator_webmonitoring_service_1.6.3_(alertalligator.com)"
54.36.148.96 - - [22/Feb/2021:05:55:36 +0100] "GET /robots.txt HTTP/1.1" 404 620 "-" "Mozilla/5.0 (compatible; AhrefsBot/6.1; +http://ahrefs.com/robot/)"
54.36.148.186 - - [22/Feb/2021:05:55:37 +0100] "GET / HTTP/1.1" 200 464 "-" "Mozilla/5.0 (compatible; AhrefsBot/7.0; +http://ahrefs.com/robot/)"
212.237.51.151 - - [22/Feb/2021:06:29:18 +0100] "HEAD / HTTP/1.1" 200 - "-" "Alert_Alligator_webmonitoring_service_1.6.3_(alertalligator.com)"
54.36.149.22 - - [22/Feb/2021:07:12:45 +0100] "GET /robots.txt HTTP/1.1" 404 617 "-" "Mozilla/5.0 (compatible; AhrefsBot/6.1; +http://ahrefs.com/robot/)"
54.36.148.49 - - [22/Feb/2021:07:12:46 +0100] "GET / HTTP/1.1" 200 464 "-" "Mozilla/5.0 (compatible; AhrefsBot/7.0; +http://ahrefs.com/robot/)"
