65.55.215.39 - - [31/Mar/2014:23:56:16 +0200] "GET /robots.txt HTTP/1.1" 404 631 "-" "msnbot-media/1.1 (+http://search.msn.com/msnbot.htm)"
65.55.215.39 - - [31/Mar/2014:23:56:16 +0200] "GET /image/hasznalt/01.jpg HTTP/1.1" 200 10578 "-" "msnbot-media/1.1 (+http://search.msn.com/msnbot.htm)"
49.12.13.109 - - [01/Feb/2021:00:08:44 +0100] "HEAD / HTTP/1.1" 200 - "-" "Alert_Alligator_webmonitoring_service_1.6.3_(alertalligator.com)"
84.2.35.174 - - [01/Feb/2021:00:33:13 +0100] "GET / HTTP/1.1" 200 1270 "-" "ActiveSiteCounter"
54.36.148.52 - - [01/Feb/2021:00:34:28 +0100] "GET /robots.txt HTTP/1.1" 404 616 "-" "Mozilla/5.0 (compatible; AhrefsBot/6.1; +http://ahrefs.com/robot/)"
54.36.149.89 - - [01/Feb/2021:00:34:29 +0100] "GET /home/webserver/web/ws_rendszer/?C=S;O=A HTTP/1.1" 200 402 "-" "Mozilla/5.0 (compatible; AhrefsBot/7.0; +http://ahrefs.com/robot/)"
178.159.37.104 - - [01/Feb/2021:00:47:57 +0100] "GET / HTTP/1.1" 200 1270 "https://facialporntube.com/" "Mozilla/4.0 (compatible; MSIE 6.0; Windows NT 5.0; T312461)"
212.237.51.151 - - [01/Feb/2021:01:20:09 +0100] "HEAD / HTTP/1.1" 200 - "-" "Alert_Alligator_webmonitoring_service_1.6.3_(alertalligator.com)"
54.36.149.2 - - [01/Feb/2021:01:41:34 +0100] "GET /home/webserver/web/ws_rendszer/?C=M;O=A HTTP/1.1" 200 402 "-" "Mozilla/5.0 (compatible; AhrefsBot/7.0; +http://ahrefs.com/robot/)"
157.55.39.193 - - [01/Feb/2021:01:45:54 +0100] "GET /log/tran_2010_12.log.gz HTTP/1.1" 304 - "-" "Mozilla/5.0 (compatible; bingbot/2.0; +http://www.bing.com/bingbot.htm)"
212.237.51.151 - - [01/Feb/2021:02:19:13 +0100] "HEAD / HTTP/1.1" 200 - "-" "Alert_Alligator_webmonitoring_service_1.6.3_(alertalligator.com)"
49.12.13.109 - - [01/Feb/2021:03:40:27 +0100] "HEAD / HTTP/1.1" 200 - "-" "Alert_Alligator_webmonitoring_service_1.6.3_(alertalligator.com)"
18.237.156.150 - - [01/Feb/2021:04:19:11 +0100] "GET /robots.txt HTTP/1.1" 404 658 "http:// narix-gep.hu" "Mozilla/5.0 (Windows NT 10.0; Win64; x64) AppleWebKit/537.36 (KHTML, like Gecko) Chrome/85.0.4183.83 Safari/537.36 Edg/85.0.564.44"
18.237.156.150 - - [01/Feb/2021:04:19:11 +0100] "GET /robots.txt HTTP/1.1" 404 660 "http:// www.narix-gep.hu" "Mozilla/5.0 (Windows NT 10.0; Win64; x64) AppleWebKit/537.36 (KHTML, like Gecko) Chrome/85.0.4183.83 Safari/537.36 Edg/85.0.564.44"
18.237.156.150 - - [01/Feb/2021:04:19:12 +0100] "GET / HTTP/1.1" 200 464 "http:// www.narix-gep.hu" "Mozilla/5.0 (Windows NT 10.0; Win64; x64) AppleWebKit/537.36 (KHTML, like Gecko) Chrome/85.0.4183.83 Safari/537.36 Edg/85.0.564.44"
18.237.156.150 - - [01/Feb/2021:04:19:12 +0100] "GET /home/ HTTP/1.1" 200 385 "http:// www.narix-gep.hu" "Mozilla/5.0 (Windows NT 10.0; Win64; x64) AppleWebKit/537.36 (KHTML, like Gecko) Chrome/85.0.4183.83 Safari/537.36 Edg/85.0.564.44"
34.217.136.27 - - [01/Feb/2021:04:31:03 +0100] "GET /robots.txt HTTP/1.1" 404 658 "http:// narix-gep.hu" "Mozilla/5.0 (Windows NT 10.0; Win64; x64) AppleWebKit/537.36 (KHTML, like Gecko) Chrome/85.0.4183.83 Safari/537.36 Edg/85.0.564.44"
34.217.136.27 - - [01/Feb/2021:04:31:03 +0100] "GET /robots.txt HTTP/1.1" 404 661 "http:// www.narix-gep.hu" "Mozilla/5.0 (Windows NT 10.0; Win64; x64) AppleWebKit/537.36 (KHTML, like Gecko) Chrome/85.0.4183.83 Safari/537.36 Edg/85.0.564.44"
34.217.136.27 - - [01/Feb/2021:04:31:04 +0100] "GET / HTTP/1.1" 200 464 "http:// www.narix-gep.hu" "Mozilla/5.0 (Windows NT 10.0; Win64; x64) AppleWebKit/537.36 (KHTML, like Gecko) Chrome/85.0.4183.83 Safari/537.36 Edg/85.0.564.44"
34.217.136.27 - - [01/Feb/2021:04:31:04 +0100] "GET /home/ HTTP/1.1" 200 385 "http:// www.narix-gep.hu" "Mozilla/5.0 (Windows NT 10.0; Win64; x64) AppleWebKit/537.36 (KHTML, like Gecko) Chrome/85.0.4183.83 Safari/537.36 Edg/85.0.564.44"
49.12.13.109 - - [01/Feb/2021:04:40:38 +0100] "HEAD / HTTP/1.1" 200 - "-" "Alert_Alligator_webmonitoring_service_1.6.3_(alertalligator.com)"
54.36.148.94 - - [01/Feb/2021:05:01:02 +0100] "GET /narixgep_2010-05-19_13_13_55.sql HTTP/1.1" 200 1234 "-" "Mozilla/5.0 (compatible; AhrefsBot/7.0; +http://ahrefs.com/robot/)"
212.237.51.151 - - [01/Feb/2021:05:51:28 +0100] "HEAD / HTTP/1.1" 200 - "-" "Alert_Alligator_webmonitoring_service_1.6.3_(alertalligator.com)"
49.12.13.109 - - [01/Feb/2021:07:08:56 +0100] "HEAD / HTTP/1.1" 200 - "-" "Alert_Alligator_webmonitoring_service_1.6.3_(alertalligator.com)"
212.237.51.151 - - [01/Feb/2021:08:08:04 +0100] "HEAD / HTTP/1.1" 200 - "-" "Alert_Alligator_webmonitoring_service_1.6.3_(alertalligator.com)"
212.121.224.17 - - [01/Feb/2021:09:02:16 +0100] "GET /media-admin.php HTTP/1.1" 404 1136 "http://simplesite.com" "Mozilla/5.0 (Windows; U; Windows NT 5.1; en-US) AppleWebKit/533.4 (KHTML, like Gecko) Chrome/5.0.375.99 Safari/533.4"
49.12.13.109 - - [01/Feb/2021:09:07:08 +0100] "HEAD / HTTP/1.1" 200 - "-" "Alert_Alligator_webmonitoring_service_1.6.3_(alertalligator.com)"
212.237.51.151 - - [01/Feb/2021:10:06:32 +0100] "HEAD / HTTP/1.1" 200 - "-" "Alert_Alligator_webmonitoring_service_1.6.3_(alertalligator.com)"
54.36.148.193 - - [01/Feb/2021:11:02:31 +0100] "GET / HTTP/1.1" 200 464 "-" "Mozilla/5.0 (compatible; AhrefsBot/7.0; +http://ahrefs.com/robot/)"
49.12.13.109 - - [01/Feb/2021:11:05:44 +0100] "HEAD / HTTP/1.1" 200 - "-" "Alert_Alligator_webmonitoring_service_1.6.3_(alertalligator.com)"
31.13.103.22 - - [01/Feb/2021:11:34:09 +0100] "GET / HTTP/1.1" 206 464 "-" "facebookexternalhit/1.1 (+http://www.facebook.com/externalhit_uatext.php)"
31.13.103.22 - - [01/Feb/2021:11:34:10 +0100] "GET / HTTP/1.1" 206 464 "-" "facebookexternalhit/1.1 (+http://www.facebook.com/externalhit_uatext.php)"
84.236.18.38 - - [01/Feb/2021:11:46:29 +0100] "GET / HTTP/1.1" 200 464 "https://google.com" "Mozilla/5.0 (Windows NT 10.0; Win64; x64) AppleWebKit/537.36 (KHTML, like Gecko) Chrome/87.0.4280.141 Safari/537.36"
49.12.13.109 - - [01/Feb/2021:12:10:55 +0100] "HEAD / HTTP/1.1" 200 - "-" "Alert_Alligator_webmonitoring_service_1.6.3_(alertalligator.com)"
54.36.148.13 - - [01/Feb/2021:13:29:23 +0100] "GET /home/?C=S;O=A HTTP/1.1" 200 385 "-" "Mozilla/5.0 (compatible; AhrefsBot/7.0; +http://ahrefs.com/robot/)"
54.36.148.73 - - [01/Feb/2021:13:34:57 +0100] "GET /robots.txt HTTP/1.1" 404 619 "-" "Mozilla/5.0 (compatible; AhrefsBot/6.1; +http://ahrefs.com/robot/)"
49.12.13.109 - - [01/Feb/2021:14:09:34 +0100] "HEAD / HTTP/1.1" 200 - "-" "Alert_Alligator_webmonitoring_service_1.6.3_(alertalligator.com)"
49.12.13.109 - - [01/Feb/2021:15:18:25 +0100] "HEAD / HTTP/1.1" 200 - "-" "Alert_Alligator_webmonitoring_service_1.6.3_(alertalligator.com)"
212.237.51.151 - - [01/Feb/2021:16:17:47 +0100] "HEAD / HTTP/1.1" 200 - "-" "Alert_Alligator_webmonitoring_service_1.6.3_(alertalligator.com)"
49.12.13.109 - - [01/Feb/2021:17:17:36 +0100] "HEAD / HTTP/1.1" 200 - "-" "Alert_Alligator_webmonitoring_service_1.6.3_(alertalligator.com)"
17.58.97.173 - - [01/Feb/2021:18:02:21 +0100] "GET /robots.txt HTTP/1.1" 404 615 "-" "Mozilla/5.0 (Macintosh; Intel Mac OS X 10_15_5) AppleWebKit/605.1.15 (KHTML, like Gecko) Version/13.1.1 Safari/605.1.15 (Applebot/0.1; +http://www.apple.com/go/applebot)"
17.58.96.166 - - [01/Feb/2021:18:02:21 +0100] "GET /narixgep_2010-05-19_13_13_55.sql HTTP/1.1" 200 1234 "-" "Mozilla/5.0 (Macintosh; Intel Mac OS X 10_15_5) AppleWebKit/605.1.15 (KHTML, like Gecko) Version/13.1.1 Safari/605.1.15 (Applebot/0.1; +http://www.apple.com/go/applebot)"
49.12.13.109 - - [01/Feb/2021:18:21:11 +0100] "HEAD / HTTP/1.1" 200 - "-" "Alert_Alligator_webmonitoring_service_1.6.3_(alertalligator.com)"
178.159.37.104 - - [01/Feb/2021:18:53:18 +0100] "GET / HTTP/1.1" 200 1270 "https://apteka-online.biz/" "Mozilla/4.61 [en] (X11; U; ) - BrowseX (2.0.0 Windows)"
178.159.37.104 - - [01/Feb/2021:18:53:19 +0100] "GET / HTTP/1.1" 200 1270 "https://apteka-online.biz/" "Mozilla/4.61 [en] (X11; U; ) - BrowseX (2.0.0 Windows)"
178.159.37.104 - - [01/Feb/2021:18:53:19 +0100] "GET / HTTP/1.1" 200 1270 "https://apteka-online.biz/" "Mozilla/4.61 [en] (X11; U; ) - BrowseX (2.0.0 Windows)"
66.249.64.145 - - [01/Feb/2021:19:04:39 +0100] "GET /robots.txt HTTP/1.1" 404 618 "-" "Mozilla/5.0 (compatible; Googlebot/2.1; +http://www.google.com/bot.html)"
66.249.64.147 - - [01/Feb/2021:19:04:39 +0100] "GET /button1.swf HTTP/1.1" 404 618 "-" "Mozilla/5.0 (Linux; Android 6.0.1; Nexus 5X Build/MMB29P) AppleWebKit/537.36 (KHTML, like Gecko) Chrome/88.0.4324.113 Mobile Safari/537.36 (compatible; Googlebot/2.1; +http://www.google.com/bot.html)"
49.12.13.109 - - [01/Feb/2021:19:28:59 +0100] "HEAD / HTTP/1.1" 200 - "-" "Alert_Alligator_webmonitoring_service_1.6.3_(alertalligator.com)"
54.36.148.93 - - [01/Feb/2021:19:42:05 +0100] "GET /home/webserver/ HTTP/1.1" 200 390 "-" "Mozilla/5.0 (compatible; AhrefsBot/7.0; +http://ahrefs.com/robot/)"
49.12.13.109 - - [01/Feb/2021:21:00:53 +0100] "HEAD / HTTP/1.1" 200 - "-" "Alert_Alligator_webmonitoring_service_1.6.3_(alertalligator.com)"
42.236.10.75 - - [01/Feb/2021:21:53:01 +0100] "GET / HTTP/1.1" 200 464 "http://baidu.com/" "Mozilla/5.0 (Linux; U; Android 8.1.0; zh-CN; EML-AL00 Build/HUAWEIEML-AL00) AppleWebKit/537.36 (KHTML, like Gecko) Version/4.0 Chrome/57.0.2987.108 baidu.sogo.uc.UCBrowser/11.9.4.974 UWS/2.13.1.48 Mobile Safari/537.36 AliApp(DingTalk/4.5.11) com.alibaba.android.rimet/10487439 Channel/227200 language/zh-CN"
42.236.10.75 - - [01/Feb/2021:21:53:03 +0100] "GET /icons/blank.gif HTTP/1.1" 200 148 "http://narix-gep.hu/" "Mozilla/5.0 (Linux; U; Android 8.1.0; zh-CN; EML-AL00 Build/HUAWEIEML-AL00) AppleWebKit/537.36 (KHTML, like Gecko) Version/4.0 Chrome/57.0.2987.108 baidu.sogo.uc.UCBrowser/11.9.4.974 UWS/2.13.1.48 Mobile Safari/537.36 AliApp(DingTalk/4.5.11) com.alibaba.android.rimet/10487439 Channel/227200 language/zh-CN"
42.236.10.75 - - [01/Feb/2021:21:53:03 +0100] "GET /icons/folder.gif HTTP/1.1" 200 225 "http://narix-gep.hu/" "Mozilla/5.0 (Linux; U; Android 8.1.0; zh-CN; EML-AL00 Build/HUAWEIEML-AL00) AppleWebKit/537.36 (KHTML, like Gecko) Version/4.0 Chrome/57.0.2987.108 baidu.sogo.uc.UCBrowser/11.9.4.974 UWS/2.13.1.48 Mobile Safari/537.36 AliApp(DingTalk/4.5.11) com.alibaba.android.rimet/10487439 Channel/227200 language/zh-CN"
42.236.10.75 - - [01/Feb/2021:21:53:03 +0100] "GET /icons/unknown.gif HTTP/1.1" 200 245 "http://narix-gep.hu/" "Mozilla/5.0 (Linux; U; Android 8.1.0; zh-CN; EML-AL00 Build/HUAWEIEML-AL00) AppleWebKit/537.36 (KHTML, like Gecko) Version/4.0 Chrome/57.0.2987.108 baidu.sogo.uc.UCBrowser/11.9.4.974 UWS/2.13.1.48 Mobile Safari/537.36 AliApp(DingTalk/4.5.11) com.alibaba.android.rimet/10487439 Channel/227200 language/zh-CN"
212.237.51.151 - - [01/Feb/2021:21:59:56 +0100] "HEAD / HTTP/1.1" 200 - "-" "Alert_Alligator_webmonitoring_service_1.6.3_(alertalligator.com)"
54.36.149.85 - - [01/Feb/2021:22:27:31 +0100] "GET /home/ HTTP/1.1" 200 385 "-" "Mozilla/5.0 (compatible; AhrefsBot/7.0; +http://ahrefs.com/robot/)"
49.12.13.109 - - [01/Feb/2021:23:00:00 +0100] "HEAD / HTTP/1.1" 200 - "-" "Alert_Alligator_webmonitoring_service_1.6.3_(alertalligator.com)"
46.185.117.92 - - [01/Feb/2021:23:59:11 +0100] "GET / HTTP/1.1" 200 1270 "https://foodgid.net/" "Mozilla/4.0 (compatible; MSIE 5.5; Windows NT 5.0; T312461)"
46.185.117.92 - - [01/Feb/2021:23:59:11 +0100] "GET / HTTP/1.1" 200 1270 "https://porno-home365.com/" "Mozilla/4.0 (compatible; MSIE 6.0; Windows NT 5.1; SV1; .NET CLR 1.1.4322) NS8/0.9.6"
46.185.117.92 - - [01/Feb/2021:23:59:12 +0100] "GET / HTTP/1.1" 200 1270 "https://foodgid.net/" "Mozilla/4.0 (compatible; MSIE 5.5; Windows NT 5.0; T312461)"
46.185.117.92 - - [01/Feb/2021:23:59:12 +0100] "GET / HTTP/1.1" 200 1270 "https://porno-home365.com/" "Mozilla/4.0 (compatible; MSIE 6.0; Windows NT 5.1; SV1; .NET CLR 1.1.4322) NS8/0.9.6"
49.12.13.109 - - [01/Feb/2021:23:59:42 +0100] "HEAD / HTTP/1.1" 200 - "-" "Alert_Alligator_webmonitoring_service_1.6.3_(alertalligator.com)"
84.2.35.174 - - [02/Feb/2021:00:32:19 +0100] "GET / HTTP/1.1" 200 1270 "-" "ActiveSiteCounter"
54.36.149.18 - - [02/Feb/2021:01:50:45 +0100] "GET /robots.txt HTTP/1.1" 404 616 "-" "Mozilla/5.0 (compatible; AhrefsBot/6.1; +http://ahrefs.com/robot/)"
54.36.148.7 - - [02/Feb/2021:01:50:46 +0100] "GET / HTTP/1.1" 200 464 "-" "Mozilla/5.0 (compatible; AhrefsBot/7.0; +http://ahrefs.com/robot/)"
212.237.51.151 - - [02/Feb/2021:02:12:38 +0100] "HEAD / HTTP/1.1" 200 - "-" "Alert_Alligator_webmonitoring_service_1.6.3_(alertalligator.com)"
212.237.51.151 - - [02/Feb/2021:03:11:42 +0100] "HEAD / HTTP/1.1" 200 - "-" "Alert_Alligator_webmonitoring_service_1.6.3_(alertalligator.com)"
5.34.180.192 - - [02/Feb/2021:04:04:30 +0100] "GET / HTTP/1.1" 200 1270 "https://sex-znakomstva.online/" "Mozilla/4.0 (compatible; MSIE 7.0b; Windows NT 6.0 ; .NET CLR 2.0.50215; SL Commerce Client v1.0; Tablet PC 2.0"
5.34.180.192 - - [02/Feb/2021:04:04:30 +0100] "GET / HTTP/1.1" 200 1270 "https://sex-znakomstva.online/" "Mozilla/4.0 (compatible; MSIE 7.0b; Windows NT 6.0 ; .NET CLR 2.0.50215; SL Commerce Client v1.0; Tablet PC 2.0"
5.34.180.192 - - [02/Feb/2021:04:04:31 +0100] "GET / HTTP/1.1" 200 1270 "https://sex-znakomstva.online/" "Mozilla/4.0 (compatible; MSIE 7.0b; Windows NT 6.0 ; .NET CLR 2.0.50215; SL Commerce Client v1.0; Tablet PC 2.0"
49.12.13.109 - - [02/Feb/2021:04:11:29 +0100] "HEAD / HTTP/1.1" 200 - "-" "Alert_Alligator_webmonitoring_service_1.6.3_(alertalligator.com)"
54.36.148.145 - - [02/Feb/2021:04:20:09 +0100] "GET /home/?C=S;O=A HTTP/1.1" 200 385 "-" "Mozilla/5.0 (compatible; AhrefsBot/7.0; +http://ahrefs.com/robot/)"
49.12.13.109 - - [02/Feb/2021:05:17:33 +0100] "HEAD / HTTP/1.1" 200 - "-" "Alert_Alligator_webmonitoring_service_1.6.3_(alertalligator.com)"
212.237.51.151 - - [02/Feb/2021:06:16:38 +0100] "HEAD / HTTP/1.1" 200 - "-" "Alert_Alligator_webmonitoring_service_1.6.3_(alertalligator.com)"
54.36.148.181 - - [02/Feb/2021:06:50:30 +0100] "GET /home/webserver/web/ws_rendszer/tools/inaktival/template2/?C=D;O=A HTTP/1.1" 200 380 "-" "Mozilla/5.0 (compatible; AhrefsBot/7.0; +http://ahrefs.com/robot/)"
114.119.137.38 - - [02/Feb/2021:07:08:04 +0100] "GET /robots.txt HTTP/1.1" 404 619 "-" "(compatible;PetalBot;+https://aspiegel.com/petalbot)"
49.12.13.109 - - [02/Feb/2021:07:20:24 +0100] "HEAD / HTTP/1.1" 200 - "-" "Alert_Alligator_webmonitoring_service_1.6.3_(alertalligator.com)"
66.249.64.147 - - [02/Feb/2021:07:54:43 +0100] "GET /robots.txt HTTP/1.1" 404 619 "-" "Mozilla/5.0 (compatible; Googlebot/2.1; +http://www.google.com/bot.html)"
66.249.64.147 - - [02/Feb/2021:07:54:43 +0100] "GET /home/webserver/ HTTP/1.1" 200 390 "-" "Mozilla/5.0 (Linux; Android 6.0.1; Nexus 5X Build/MMB29P) AppleWebKit/537.36 (KHTML, like Gecko) Chrome/88.0.4324.140 Mobile Safari/537.36 (compatible; Googlebot/2.1; +http://www.google.com/bot.html)"
49.12.13.109 - - [02/Feb/2021:09:09:12 +0100] "HEAD / HTTP/1.1" 200 - "-" "Alert_Alligator_webmonitoring_service_1.6.3_(alertalligator.com)"
54.36.149.50 - - [02/Feb/2021:10:25:52 +0100] "GET /log/ HTTP/1.1" 200 2306 "-" "Mozilla/5.0 (compatible; AhrefsBot/7.0; +http://ahrefs.com/robot/)"
49.12.13.109 - - [02/Feb/2021:10:46:30 +0100] "HEAD / HTTP/1.1" 200 - "-" "Alert_Alligator_webmonitoring_service_1.6.3_(alertalligator.com)"
212.237.51.151 - - [02/Feb/2021:11:55:03 +0100] "HEAD / HTTP/1.1" 200 - "-" "Alert_Alligator_webmonitoring_service_1.6.3_(alertalligator.com)"
212.237.51.151 - - [02/Feb/2021:12:54:25 +0100] "HEAD / HTTP/1.1" 200 - "-" "Alert_Alligator_webmonitoring_service_1.6.3_(alertalligator.com)"
49.12.13.109 - - [02/Feb/2021:13:53:46 +0100] "HEAD / HTTP/1.1" 200 - "-" "Alert_Alligator_webmonitoring_service_1.6.3_(alertalligator.com)"
157.55.39.28 - - [02/Feb/2021:14:29:03 +0100] "GET /robots.txt HTTP/1.1" 404 616 "-" "Mozilla/5.0 (compatible; bingbot/2.0; +http://www.bing.com/bingbot.htm)"
17.58.97.66 - - [02/Feb/2021:14:54:04 +0100] "GET /robots.txt HTTP/1.1" 404 618 "-" "Mozilla/5.0 (Macintosh; Intel Mac OS X 10_15_5) AppleWebKit/605.1.15 (KHTML, like Gecko) Version/13.1.1 Safari/605.1.15 (Applebot/0.1; +http://www.apple.com/go/applebot)"
17.58.96.166 - - [02/Feb/2021:14:54:04 +0100] "GET /narixgep_2010-05-19_13_13_55.sql HTTP/1.1" 200 1234 "-" "Mozilla/5.0 (Macintosh; Intel Mac OS X 10_15_5) AppleWebKit/605.1.15 (KHTML, like Gecko) Version/13.1.1 Safari/605.1.15 (Applebot/0.1; +http://www.apple.com/go/applebot)"
212.237.51.151 - - [02/Feb/2021:14:57:15 +0100] "HEAD / HTTP/1.1" 200 - "-" "Alert_Alligator_webmonitoring_service_1.6.3_(alertalligator.com)"
54.36.149.18 - - [02/Feb/2021:15:31:47 +0100] "GET / HTTP/1.1" 200 464 "-" "Mozilla/5.0 (compatible; AhrefsBot/7.0; +http://ahrefs.com/robot/)"
212.237.51.151 - - [02/Feb/2021:16:36:07 +0100] "HEAD / HTTP/1.1" 200 - "-" "Alert_Alligator_webmonitoring_service_1.6.3_(alertalligator.com)"
49.12.13.109 - - [02/Feb/2021:17:35:11 +0100] "HEAD / HTTP/1.1" 200 - "-" "Alert_Alligator_webmonitoring_service_1.6.3_(alertalligator.com)"
60.8.123.83 - - [02/Feb/2021:18:07:36 +0100] "GET / HTTP/1.1" 200 464 "-" "Mozilla/5.0 (Linux; Android 5.0) AppleWebKit/537.36 (KHTML, like Gecko) Mobile Safari/537.36 (compatible; Bytespider; https://zhanzhang.toutiao.com/)"
60.8.123.100 - - [02/Feb/2021:18:07:36 +0100] "GET /icons/blank.gif HTTP/1.1" 200 148 "http://narix-gep.hu/" "Mozilla/5.0 (Linux; Android 5.0) AppleWebKit/537.36 (KHTML, like Gecko) Mobile Safari/537.36 (compatible; Bytespider; https://zhanzhang.toutiao.com/)"
220.243.136.227 - - [02/Feb/2021:18:17:27 +0100] "GET /robots.txt HTTP/1.1" 404 616 "-" "Mozilla/5.0 (Linux; Android 5.0) AppleWebKit/537.36 (KHTML, like Gecko) Mobile Safari/537.36 (compatible; Bytespider; https://zhanzhang.toutiao.com/)"
49.12.13.109 - - [02/Feb/2021:18:34:14 +0100] "HEAD / HTTP/1.1" 200 - "-" "Alert_Alligator_webmonitoring_service_1.6.3_(alertalligator.com)"
54.36.148.30 - - [02/Feb/2021:18:37:38 +0100] "GET /log/tran_2021_01.log.gz HTTP/1.1" 200 23256 "-" "Mozilla/5.0 (compatible; AhrefsBot/7.0; +http://ahrefs.com/robot/)"
54.36.149.81 - - [02/Feb/2021:18:48:38 +0100] "GET /robots.txt HTTP/1.1" 404 618 "-" "Mozilla/5.0 (compatible; AhrefsBot/6.1; +http://ahrefs.com/robot/)"
54.36.148.183 - - [02/Feb/2021:18:48:39 +0100] "GET /?C=N;O=D HTTP/1.1" 200 465 "-" "Mozilla/5.0 (compatible; AhrefsBot/7.0; +http://ahrefs.com/robot/)"
93.169.13.126 - - [02/Feb/2021:19:33:25 +0100] "GET /wp-login.php HTTP/1.1" 404 1009 "-" "Mozilla/5.0 (Windows NT 6.1; WOW64; rv:40.0) Gecko/20100101 Firefox/40.1"
93.169.13.126 - - [02/Feb/2021:19:33:25 +0100] "GET / HTTP/1.1" 200 1270 "-" "Mozilla/5.0 (Windows NT 6.1; WOW64; rv:40.0) Gecko/20100101 Firefox/40.1"
49.12.13.109 - - [02/Feb/2021:19:43:59 +0100] "HEAD / HTTP/1.1" 200 - "-" "Alert_Alligator_webmonitoring_service_1.6.3_(alertalligator.com)"
118.126.82.125 - - [02/Feb/2021:20:04:48 +0100] "GET / HTTP/1.1" 200 1270 "https://sg.shuct.net/cache/Google/en/narix-gep.hu?q=Google+global+ranking+site%3Aranking.fenban.net" "Mozilla/5.0 (compatible; MSIE 9.0; Windows NT 6.1; Trident/5.0;"
212.237.51.151 - - [02/Feb/2021:20:47:55 +0100] "HEAD / HTTP/1.1" 200 - "-" "Alert_Alligator_webmonitoring_service_1.6.3_(alertalligator.com)"
49.12.13.109 - - [02/Feb/2021:21:47:52 +0100] "HEAD / HTTP/1.1" 200 - "-" "Alert_Alligator_webmonitoring_service_1.6.3_(alertalligator.com)"
49.12.13.109 - - [02/Feb/2021:22:46:54 +0100] "HEAD / HTTP/1.1" 200 - "-" "Alert_Alligator_webmonitoring_service_1.6.3_(alertalligator.com)"
49.12.13.109 - - [02/Feb/2021:23:46:21 +0100] "HEAD / HTTP/1.1" 200 - "-" "Alert_Alligator_webmonitoring_service_1.6.3_(alertalligator.com)"
84.2.35.174 - - [03/Feb/2021:00:26:15 +0100] "GET / HTTP/1.1" 200 1270 "-" "ActiveSiteCounter"
49.12.13.109 - - [03/Feb/2021:00:45:23 +0100] "HEAD / HTTP/1.1" 200 - "-" "Alert_Alligator_webmonitoring_service_1.6.3_(alertalligator.com)"
34.245.50.111 - - [03/Feb/2021:01:20:02 +0100] "HEAD / HTTP/1.1" 200 - "-" "Mozilla/5.0 (Windows NT 10.0; Win64; x64) AppleWebKit/537.36 (KHTML, like Gecko) Chrome/74.0.3729.157 Safari/537.36"
54.36.148.87 - - [03/Feb/2021:01:35:00 +0100] "GET /?C=M;O=D HTTP/1.1" 200 459 "-" "Mozilla/5.0 (compatible; AhrefsBot/7.0; +http://ahrefs.com/robot/)"
49.12.13.109 - - [03/Feb/2021:01:44:50 +0100] "HEAD / HTTP/1.1" 200 - "-" "Alert_Alligator_webmonitoring_service_1.6.3_(alertalligator.com)"
5.204.49.9 - - [03/Feb/2021:02:47:33 +0100] "GET / HTTP/1.1" 200 1270 "-" "Mozilla/5.0"
114.119.153.84 - - [03/Feb/2021:03:21:05 +0100] "GET /robots.txt HTTP/1.1" 404 618 "-" "(compatible;PetalBot;+https://aspiegel.com/petalbot)"
49.12.13.109 - - [03/Feb/2021:03:24:19 +0100] "HEAD / HTTP/1.1" 200 - "-" "Alert_Alligator_webmonitoring_service_1.6.3_(alertalligator.com)"
212.237.51.151 - - [03/Feb/2021:04:32:34 +0100] "HEAD / HTTP/1.1" 200 - "-" "Alert_Alligator_webmonitoring_service_1.6.3_(alertalligator.com)"
66.249.64.143 - - [03/Feb/2021:04:54:51 +0100] "GET /robots.txt HTTP/1.1" 404 617 "-" "Mozilla/5.0 (compatible; Googlebot/2.1; +http://www.google.com/bot.html)"
66.249.64.145 - - [03/Feb/2021:04:54:51 +0100] "GET /web/ HTTP/1.1" 304 - "-" "Mozilla/5.0 (Linux; Android 6.0.1; Nexus 5X Build/MMB29P) AppleWebKit/537.36 (KHTML, like Gecko) Chrome/88.0.4324.140 Mobile Safari/537.36 (compatible; Googlebot/2.1; +http://www.google.com/bot.html)"
54.36.148.3 - - [03/Feb/2021:05:12:52 +0100] "GET /robots.txt HTTP/1.1" 404 616 "-" "Mozilla/5.0 (compatible; AhrefsBot/6.1; +http://ahrefs.com/robot/)"
54.36.148.183 - - [03/Feb/2021:05:12:53 +0100] "GET / HTTP/1.1" 200 464 "-" "Mozilla/5.0 (compatible; AhrefsBot/7.0; +http://ahrefs.com/robot/)"
37.229.244.199 - - [03/Feb/2021:05:28:36 +0100] "GET / HTTP/1.1" 200 1270 "https://obiavo.net/" "Mozilla/4.0 (compatible; MSIE 6.0; Windows NT 5.1; en) Opera 9.0"
37.229.244.199 - - [03/Feb/2021:05:28:36 +0100] "GET / HTTP/1.1" 200 1270 "https://obiavo.uz/" "Opera/9.00 (Windows NT 5.1; U; en)"
37.229.244.199 - - [03/Feb/2021:05:28:36 +0100] "GET / HTTP/1.1" 200 1270 "https://obiavo.net/" "Mozilla/4.0 (compatible; MSIE 6.0; Windows NT 5.1; en) Opera 9.0"
37.229.244.199 - - [03/Feb/2021:05:28:36 +0100] "GET / HTTP/1.1" 200 1270 "https://obiavo.uz/" "Opera/9.00 (Windows NT 5.1; U; en)"
37.229.244.199 - - [03/Feb/2021:05:28:36 +0100] "GET / HTTP/1.1" 200 1270 "https://obiavo.uz/" "Opera/9.00 (Windows NT 5.1; U; en)"
37.229.244.199 - - [03/Feb/2021:05:28:36 +0100] "GET / HTTP/1.1" 200 1270 "https://obiavo.net/" "Mozilla/4.0 (compatible; MSIE 6.0; Windows NT 5.1; en) Opera 9.0"
49.12.13.109 - - [03/Feb/2021:05:41:11 +0100] "HEAD / HTTP/1.1" 200 - "-" "Alert_Alligator_webmonitoring_service_1.6.3_(alertalligator.com)"
212.237.51.151 - - [03/Feb/2021:07:09:22 +0100] "HEAD / HTTP/1.1" 200 - "-" "Alert_Alligator_webmonitoring_service_1.6.3_(alertalligator.com)"
157.55.39.254 - - [03/Feb/2021:07:40:29 +0100] "GET /log/tran_2017_10.log.gz HTTP/1.1" 304 - "-" "Mozilla/5.0 (compatible; bingbot/2.0; +http://www.bing.com/bingbot.htm)"
54.36.148.183 - - [03/Feb/2021:07:44:47 +0100] "GET /log/tran_2020_11.log.gz HTTP/1.1" 200 24416 "-" "Mozilla/5.0 (compatible; AhrefsBot/7.0; +http://ahrefs.com/robot/)"
212.237.51.151 - - [03/Feb/2021:08:08:26 +0100] "HEAD / HTTP/1.1" 200 - "-" "Alert_Alligator_webmonitoring_service_1.6.3_(alertalligator.com)"
49.12.13.109 - - [03/Feb/2021:09:18:26 +0100] "HEAD / HTTP/1.1" 200 - "-" "Alert_Alligator_webmonitoring_service_1.6.3_(alertalligator.com)"
17.58.96.166 - - [03/Feb/2021:09:22:36 +0100] "GET /narixgep_2010-05-19_13_13_55.sql HTTP/1.1" 200 1234 "-" "Mozilla/5.0 (Macintosh; Intel Mac OS X 10_15_5) AppleWebKit/605.1.15 (KHTML, like Gecko) Version/13.1.1 Safari/605.1.15 (Applebot/0.1; +http://www.apple.com/go/applebot)"
54.36.148.183 - - [03/Feb/2021:10:15:44 +0100] "GET /home/webserver/web/ws_rendszer/?C=M;O=D HTTP/1.1" 200 400 "-" "Mozilla/5.0 (compatible; AhrefsBot/7.0; +http://ahrefs.com/robot/)"
49.12.13.109 - - [03/Feb/2021:10:17:36 +0100] "HEAD / HTTP/1.1" 200 - "-" "Alert_Alligator_webmonitoring_service_1.6.3_(alertalligator.com)"
212.237.51.151 - - [03/Feb/2021:11:16:40 +0100] "HEAD / HTTP/1.1" 200 - "-" "Alert_Alligator_webmonitoring_service_1.6.3_(alertalligator.com)"
13.66.139.14 - - [03/Feb/2021:11:52:52 +0100] "GET /log/?C=S;O=D HTTP/1.1" 200 2335 "-" "Mozilla/5.0 (compatible; bingbot/2.0; +http://www.bing.com/bingbot.htm)"
66.249.64.143 - - [03/Feb/2021:11:55:32 +0100] "GET /button1.swf HTTP/1.1" 404 618 "-" "Mozilla/5.0 (Linux; Android 6.0.1; Nexus 5X Build/MMB29P) AppleWebKit/537.36 (KHTML, like Gecko) Chrome/88.0.4324.140 Mobile Safari/537.36 (compatible; Googlebot/2.1; +http://www.google.com/bot.html)"
49.12.13.109 - - [03/Feb/2021:12:21:06 +0100] "HEAD / HTTP/1.1" 200 - "-" "Alert_Alligator_webmonitoring_service_1.6.3_(alertalligator.com)"
54.36.148.183 - - [03/Feb/2021:12:43:54 +0100] "GET /home/?C=D;O=A HTTP/1.1" 200 385 "-" "Mozilla/5.0 (compatible; AhrefsBot/7.0; +http://ahrefs.com/robot/)"
178.159.37.104 - - [03/Feb/2021:13:13:48 +0100] "GET / HTTP/1.1" 200 1270 "https://teencastingporn.com/" "Mozilla/4.0 (compatible; MSIE 5.5; Windows NT 4.0; .NET CLR 1.0.2914)"
178.159.37.104 - - [03/Feb/2021:13:13:48 +0100] "GET / HTTP/1.1" 200 1270 "https://teencastingporn.com/" "Mozilla/4.0 (compatible; MSIE 5.5; Windows NT 4.0; .NET CLR 1.0.2914)"
212.237.51.151 - - [03/Feb/2021:13:24:30 +0100] "HEAD / HTTP/1.1" 200 - "-" "Alert_Alligator_webmonitoring_service_1.6.3_(alertalligator.com)"
37.229.244.199 - - [03/Feb/2021:13:51:15 +0100] "GET / HTTP/1.1" 200 1270 "https://obiavo.ru/" "Mozilla/4.0 (compatible; MSIE 7.0b; Windows NT 6.0)"
37.229.244.199 - - [03/Feb/2021:13:51:17 +0100] "GET / HTTP/1.1" 200 1270 "https://obiavo.ru/" "Mozilla/4.0 (compatible; MSIE 7.0b; Windows NT 6.0)"
37.229.244.199 - - [03/Feb/2021:13:51:17 +0100] "GET / HTTP/1.1" 200 1270 "https://obiavo.ru/" "Mozilla/4.0 (compatible; MSIE 7.0b; Windows NT 6.0)"
49.12.13.109 - - [03/Feb/2021:14:28:12 +0100] "HEAD / HTTP/1.1" 200 - "-" "Alert_Alligator_webmonitoring_service_1.6.3_(alertalligator.com)"
49.12.13.109 - - [03/Feb/2021:15:37:33 +0100] "HEAD / HTTP/1.1" 200 - "-" "Alert_Alligator_webmonitoring_service_1.6.3_(alertalligator.com)"
118.126.82.125 - - [03/Feb/2021:15:45:33 +0100] "GET / HTTP/1.1" 200 1270 "https://sg.shuct.net/cache/Google/en/narix-gep.hu?q=Google+global+ranking+site%3Aranking.fenban.net" "Mozilla/5.0 (compatible; MSIE 9.0; Windows NT 6.1; Trident/5.0;"
5.34.180.192 - - [03/Feb/2021:16:02:28 +0100] "GET / HTTP/1.1" 200 1270 "https://supermama.top/" "Mozilla/4.0 (compatible; MSIE 6.0; Windows NT 5.0)"
5.34.180.192 - - [03/Feb/2021:16:02:28 +0100] "GET / HTTP/1.1" 200 1270 "https://supermama.top/" "Mozilla/4.0 (compatible; MSIE 6.0; Windows NT 5.0)"
5.34.180.192 - - [03/Feb/2021:16:02:28 +0100] "GET / HTTP/1.1" 200 1270 "https://supermama.top/" "Mozilla/4.0 (compatible; MSIE 6.0; Windows NT 5.0)"
49.12.13.109 - - [03/Feb/2021:16:36:41 +0100] "HEAD / HTTP/1.1" 200 - "-" "Alert_Alligator_webmonitoring_service_1.6.3_(alertalligator.com)"
54.36.148.183 - - [03/Feb/2021:16:43:49 +0100] "GET /home/?C=D;O=D HTTP/1.1" 200 383 "-" "Mozilla/5.0 (compatible; AhrefsBot/7.0; +http://ahrefs.com/robot/)"
49.12.13.109 - - [03/Feb/2021:17:46:05 +0100] "HEAD / HTTP/1.1" 200 - "-" "Alert_Alligator_webmonitoring_service_1.6.3_(alertalligator.com)"
157.55.39.28 - - [03/Feb/2021:18:38:07 +0100] "GET /robots.txt HTTP/1.1" 404 619 "-" "Mozilla/5.0 (compatible; bingbot/2.0; +http://www.bing.com/bingbot.htm)"
13.66.139.89 - - [03/Feb/2021:18:38:14 +0100] "GET /sitemap.txt HTTP/1.1" 404 618 "-" "Mozilla/5.0 (compatible; bingbot/2.0; +http://www.bing.com/bingbot.htm)"
212.237.51.151 - - [03/Feb/2021:18:51:09 +0100] "HEAD / HTTP/1.1" 200 - "-" "Alert_Alligator_webmonitoring_service_1.6.3_(alertalligator.com)"
157.55.39.217 - - [03/Feb/2021:19:01:55 +0100] "GET /log/tran_2012_03.log.gz HTTP/1.1" 304 - "-" "Mozilla/5.0 (compatible; bingbot/2.0; +http://www.bing.com/bingbot.htm)"
54.36.149.13 - - [03/Feb/2021:19:30:36 +0100] "GET /robots.txt HTTP/1.1" 404 618 "-" "Mozilla/5.0 (compatible; AhrefsBot/6.1; +http://ahrefs.com/robot/)"
54.36.148.183 - - [03/Feb/2021:20:08:04 +0100] "GET / HTTP/1.1" 200 464 "-" "Mozilla/5.0 (compatible; AhrefsBot/7.0; +http://ahrefs.com/robot/)"
212.237.51.151 - - [03/Feb/2021:20:38:33 +0100] "HEAD / HTTP/1.1" 200 - "-" "Alert_Alligator_webmonitoring_service_1.6.3_(alertalligator.com)"
212.237.51.151 - - [03/Feb/2021:22:06:26 +0100] "HEAD / HTTP/1.1" 200 - "-" "Alert_Alligator_webmonitoring_service_1.6.3_(alertalligator.com)"
54.36.149.24 - - [03/Feb/2021:22:28:25 +0100] "GET /home/webserver/?C=N;O=A HTTP/1.1" 200 390 "-" "Mozilla/5.0 (compatible; AhrefsBot/7.0; +http://ahrefs.com/robot/)"
17.58.97.173 - - [03/Feb/2021:23:54:10 +0100] "GET /robots.txt HTTP/1.1" 404 616 "-" "Mozilla/5.0 (Macintosh; Intel Mac OS X 10_15_5) AppleWebKit/605.1.15 (KHTML, like Gecko) Version/13.1.1 Safari/605.1.15 (Applebot/0.1; +http://www.apple.com/go/applebot)"
17.58.96.166 - - [03/Feb/2021:23:54:11 +0100] "GET /narixgep_2010-05-19_13_13_55.sql HTTP/1.1" 200 1234 "-" "Mozilla/5.0 (Macintosh; Intel Mac OS X 10_15_5) AppleWebKit/605.1.15 (KHTML, like Gecko) Version/13.1.1 Safari/605.1.15 (Applebot/0.1; +http://www.apple.com/go/applebot)"
84.2.35.174 - - [04/Feb/2021:00:28:01 +0100] "GET / HTTP/1.1" 200 1270 "-" "ActiveSiteCounter"
49.12.13.109 - - [04/Feb/2021:00:46:25 +0100] "HEAD / HTTP/1.1" 200 - "-" "Alert_Alligator_webmonitoring_service_1.6.3_(alertalligator.com)"
54.36.148.5 - - [04/Feb/2021:00:53:19 +0100] "GET /home/webserver/web/?C=N;O=D HTTP/1.1" 200 395 "-" "Mozilla/5.0 (compatible; AhrefsBot/7.0; +http://ahrefs.com/robot/)"
212.237.51.151 - - [04/Feb/2021:01:45:31 +0100] "HEAD / HTTP/1.1" 200 - "-" "Alert_Alligator_webmonitoring_service_1.6.3_(alertalligator.com)"
212.237.51.151 - - [04/Feb/2021:02:44:33 +0100] "HEAD / HTTP/1.1" 200 - "-" "Alert_Alligator_webmonitoring_service_1.6.3_(alertalligator.com)"
212.237.51.151 - - [04/Feb/2021:03:55:11 +0100] "HEAD / HTTP/1.1" 200 - "-" "Alert_Alligator_webmonitoring_service_1.6.3_(alertalligator.com)"
49.12.13.109 - - [04/Feb/2021:05:42:56 +0100] "HEAD / HTTP/1.1" 200 - "-" "Alert_Alligator_webmonitoring_service_1.6.3_(alertalligator.com)"
54.36.148.45 - - [04/Feb/2021:06:14:00 +0100] "GET /robots.txt HTTP/1.1" 404 616 "-" "Mozilla/5.0 (compatible; AhrefsBot/6.1; +http://ahrefs.com/robot/)"
54.36.148.183 - - [04/Feb/2021:06:14:00 +0100] "GET /home/?C=M;O=A HTTP/1.1" 200 385 "-" "Mozilla/5.0 (compatible; AhrefsBot/7.0; +http://ahrefs.com/robot/)"
212.237.51.151 - - [04/Feb/2021:06:41:58 +0100] "HEAD / HTTP/1.1" 200 - "-" "Alert_Alligator_webmonitoring_service_1.6.3_(alertalligator.com)"
212.237.51.151 - - [04/Feb/2021:07:41:01 +0100] "HEAD / HTTP/1.1" 200 - "-" "Alert_Alligator_webmonitoring_service_1.6.3_(alertalligator.com)"
178.159.37.104 - - [04/Feb/2021:08:22:48 +0100] "GET / HTTP/1.1" 200 1270 "https://apteka-online.biz/" "Mozilla/0.6 Beta (Windows)"
178.159.37.104 - - [04/Feb/2021:08:22:49 +0100] "GET / HTTP/1.1" 200 1270 "https://apteka-online.biz/" "Mozilla/0.6 Beta (Windows)"
178.159.37.104 - - [04/Feb/2021:08:22:49 +0100] "GET / HTTP/1.1" 200 1270 "https://apteka-online.biz/" "Mozilla/0.6 Beta (Windows)"
212.237.51.151 - - [04/Feb/2021:08:57:38 +0100] "HEAD / HTTP/1.1" 200 - "-" "Alert_Alligator_webmonitoring_service_1.6.3_(alertalligator.com)"
66.249.64.143 - - [04/Feb/2021:09:37:05 +0100] "GET /robots.txt HTTP/1.1" 404 619 "-" "Mozilla/5.0 (compatible; Googlebot/2.1; +http://www.google.com/bot.html)"
66.249.64.145 - - [04/Feb/2021:09:37:08 +0100] "GET / HTTP/1.1" 200 464 "-" "Mozilla/5.0 (compatible; Googlebot/2.1; +http://www.google.com/bot.html)"
84.2.220.142 - - [04/Feb/2021:09:48:32 +0100] "GET / HTTP/1.1" 200 464 "-" "Mozilla/5.0 (Windows NT 6.1; Win64; x64) AppleWebKit/537.36 (KHTML, like Gecko) Chrome/87.0.4280.141 Safari/537.36"
84.2.220.142 - - [04/Feb/2021:09:48:32 +0100] "GET /icons/blank.gif HTTP/1.1" 200 148 "http://narix-gep.hu/" "Mozilla/5.0 (Windows NT 6.1; Win64; x64) AppleWebKit/537.36 (KHTML, like Gecko) Chrome/87.0.4280.141 Safari/537.36"
84.2.220.142 - - [04/Feb/2021:09:48:32 +0100] "GET /icons/folder.gif HTTP/1.1" 200 225 "http://narix-gep.hu/" "Mozilla/5.0 (Windows NT 6.1; Win64; x64) AppleWebKit/537.36 (KHTML, like Gecko) Chrome/87.0.4280.141 Safari/537.36"
84.2.220.142 - - [04/Feb/2021:09:48:32 +0100] "GET /icons/unknown.gif HTTP/1.1" 200 245 "http://narix-gep.hu/" "Mozilla/5.0 (Windows NT 6.1; Win64; x64) AppleWebKit/537.36 (KHTML, like Gecko) Chrome/87.0.4280.141 Safari/537.36"
84.2.220.142 - - [04/Feb/2021:09:48:33 +0100] "GET /favicon.ico HTTP/1.1" 404 656 "http://narix-gep.hu/" "Mozilla/5.0 (Windows NT 6.1; Win64; x64) AppleWebKit/537.36 (KHTML, like Gecko) Chrome/87.0.4280.141 Safari/537.36"
49.12.13.109 - - [04/Feb/2021:10:01:00 +0100] "HEAD / HTTP/1.1" 200 - "-" "Alert_Alligator_webmonitoring_service_1.6.3_(alertalligator.com)"
54.36.148.51 - - [04/Feb/2021:10:40:21 +0100] "GET / HTTP/1.1" 200 464 "-" "Mozilla/5.0 (compatible; AhrefsBot/7.0; +http://ahrefs.com/robot/)"
212.237.51.151 - - [04/Feb/2021:11:00:02 +0100] "HEAD / HTTP/1.1" 200 - "-" "Alert_Alligator_webmonitoring_service_1.6.3_(alertalligator.com)"
31.13.103.112 - - [04/Feb/2021:11:20:12 +0100] "GET / HTTP/1.1" 206 464 "-" "facebookexternalhit/1.1 (+http://www.facebook.com/externalhit_uatext.php)"
31.13.103.19 - - [04/Feb/2021:11:20:12 +0100] "GET / HTTP/1.1" 206 464 "-" "facebookexternalhit/1.1 (+http://www.facebook.com/externalhit_uatext.php)"
66.249.64.143 - - [04/Feb/2021:11:37:07 +0100] "GET / HTTP/1.1" 200 464 "-" "Mozilla/5.0 (Linux; Android 6.0.1; Nexus 5X Build/MMB29P) AppleWebKit/537.36 (KHTML, like Gecko) Chrome/88.0.4324.138 Mobile Safari/537.36 (compatible; Googlebot/2.1; +http://www.google.com/bot.html)"
5.34.180.192 - - [04/Feb/2021:11:57:14 +0100] "GET / HTTP/1.1" 200 1270 "https://analnoeporno.tv/" "Mozilla/5.0 (Windows NT 5.1; U; en) Opera 8.01"
5.34.180.192 - - [04/Feb/2021:11:57:14 +0100] "GET / HTTP/1.1" 200 1270 "https://analnoeporno.tv/" "Mozilla/5.0 (Windows NT 5.1; U; en) Opera 8.01"
5.34.180.192 - - [04/Feb/2021:11:57:15 +0100] "GET / HTTP/1.1" 200 1270 "https://analnoeporno.tv/" "Mozilla/5.0 (Windows NT 5.1; U; en) Opera 8.01"
212.237.51.151 - - [04/Feb/2021:12:07:54 +0100] "HEAD / HTTP/1.1" 200 - "-" "Alert_Alligator_webmonitoring_service_1.6.3_(alertalligator.com)"
49.12.13.109 - - [04/Feb/2021:13:13:38 +0100] "HEAD / HTTP/1.1" 200 - "-" "Alert_Alligator_webmonitoring_service_1.6.3_(alertalligator.com)"
49.12.13.109 - - [04/Feb/2021:14:12:41 +0100] "HEAD / HTTP/1.1" 200 - "-" "Alert_Alligator_webmonitoring_service_1.6.3_(alertalligator.com)"
54.36.148.56 - - [04/Feb/2021:14:20:56 +0100] "GET /home/webserver/web/ws_rendszer/tools/?C=N;O=D HTTP/1.1" 200 407 "-" "Mozilla/5.0 (compatible; AhrefsBot/7.0; +http://ahrefs.com/robot/)"
66.249.64.145 - - [04/Feb/2021:14:55:40 +0100] "GET /button1.swf HTTP/1.1" 404 618 "-" "Mozilla/5.0 (Linux; Android 6.0.1; Nexus 5X Build/MMB29P) AppleWebKit/537.36 (KHTML, like Gecko) Chrome/88.0.4324.140 Mobile Safari/537.36 (compatible; Googlebot/2.1; +http://www.google.com/bot.html)"
212.237.51.151 - - [04/Feb/2021:16:00:55 +0100] "HEAD / HTTP/1.1" 200 - "-" "Alert_Alligator_webmonitoring_service_1.6.3_(alertalligator.com)"
17.58.97.66 - - [04/Feb/2021:16:38:06 +0100] "GET /robots.txt HTTP/1.1" 404 619 "-" "Mozilla/5.0 (Macintosh; Intel Mac OS X 10_15_5) AppleWebKit/605.1.15 (KHTML, like Gecko) Version/13.1.1 Safari/605.1.15 (Applebot/0.1; +http://www.apple.com/go/applebot)"
17.58.96.166 - - [04/Feb/2021:16:38:06 +0100] "GET /narixgep_2010-05-19_13_13_55.sql HTTP/1.1" 200 1234 "-" "Mozilla/5.0 (Macintosh; Intel Mac OS X 10_15_5) AppleWebKit/605.1.15 (KHTML, like Gecko) Version/13.1.1 Safari/605.1.15 (Applebot/0.1; +http://www.apple.com/go/applebot)"
54.36.148.183 - - [04/Feb/2021:16:39:24 +0100] "GET /home/webserver/ HTTP/1.1" 200 390 "-" "Mozilla/5.0 (compatible; AhrefsBot/7.0; +http://ahrefs.com/robot/)"
216.74.73.147 - - [04/Feb/2021:17:23:06 +0100] "GET / HTTP/1.1" 200 464 "-" "User-Agent\" \"Mozilla/5.0 (Windows NT 6.1;) Gecko/20100101 Firefox/13.0.1, Mozilla/5.0 (Macintosh; Intel Mac OS X 10_15_1) AppleWebKit/605.1.15 (KHTML, like Gecko) Version/13.0.3 Safari/605.1.15"
5.34.180.192 - - [04/Feb/2021:17:39:13 +0100] "GET / HTTP/1.1" 200 1270 "https://rental-power.com.ua/generators/" "Mozilla/4.0 (compatible; MSIE 6.0; Windows NT 5.2; WOW64; SV1; .NET CLR 2.0.50727)"
5.34.180.192 - - [04/Feb/2021:17:39:13 +0100] "GET / HTTP/1.1" 200 1270 "https://rental-power.com.ua/generators/" "Mozilla/4.0 (compatible; MSIE 6.0; Windows NT 5.2; WOW64; SV1; .NET CLR 2.0.50727)"
5.34.180.192 - - [04/Feb/2021:17:39:14 +0100] "GET / HTTP/1.1" 200 1270 "https://rental-power.com.ua/generators/" "Mozilla/4.0 (compatible; MSIE 6.0; Windows NT 5.2; WOW64; SV1; .NET CLR 2.0.50727)"
49.12.13.109 - - [04/Feb/2021:17:58:30 +0100] "HEAD / HTTP/1.1" 200 - "-" "Alert_Alligator_webmonitoring_service_1.6.3_(alertalligator.com)"
212.237.51.151 - - [04/Feb/2021:18:58:07 +0100] "HEAD / HTTP/1.1" 200 - "-" "Alert_Alligator_webmonitoring_service_1.6.3_(alertalligator.com)"
54.36.149.75 - - [04/Feb/2021:19:14:47 +0100] "GET /home/webserver/web/ws_rendszer/tools/inaktival/?C=D;O=D HTTP/1.1" 200 414 "-" "Mozilla/5.0 (compatible; AhrefsBot/7.0; +http://ahrefs.com/robot/)"
49.12.13.109 - - [04/Feb/2021:19:57:29 +0100] "HEAD / HTTP/1.1" 200 - "-" "Alert_Alligator_webmonitoring_service_1.6.3_(alertalligator.com)"
54.36.148.159 - - [04/Feb/2021:20:11:44 +0100] "GET /robots.txt HTTP/1.1" 404 616 "-" "Mozilla/5.0 (compatible; AhrefsBot/6.1; +http://ahrefs.com/robot/)"
166.70.28.36 - - [04/Feb/2021:20:36:48 +0100] "GET / HTTP/1.1" 200 1270 "-" "Mozilla/5.0 (X11; Linux x86_64) AppleWebKit/537.36 (KHTML, like Gecko) Chrome/76.0.3809.132 Safari/537.36"
46.185.117.92 - - [04/Feb/2021:20:43:01 +0100] "GET / HTTP/1.1" 200 1270 "https://1001desert.com/" "Mozilla/4.0 (compatible; MSIE 6.0; Windows NT 5.1; KKman2.0)"
46.185.117.92 - - [04/Feb/2021:20:43:01 +0100] "GET / HTTP/1.1" 200 1270 "https://porno-home365.com/" "Mozilla/6.0 (compatible; MSIE 7.0a1; Windows NT 5.2; SV1)"
46.185.117.92 - - [04/Feb/2021:20:43:01 +0100] "GET / HTTP/1.1" 200 1270 "https://1001desert.com/" "Mozilla/4.0 (compatible; MSIE 6.0; Windows NT 5.1; KKman2.0)"
46.185.117.92 - - [04/Feb/2021:20:43:01 +0100] "GET / HTTP/1.1" 200 1270 "https://porno-home365.com/" "Mozilla/6.0 (compatible; MSIE 7.0a1; Windows NT 5.2; SV1)"
46.185.117.92 - - [04/Feb/2021:20:43:01 +0100] "GET / HTTP/1.1" 200 1270 "https://1001desert.com/" "Mozilla/4.0 (compatible; MSIE 6.0; Windows NT 5.1; KKman2.0)"
46.185.117.92 - - [04/Feb/2021:20:43:01 +0100] "GET / HTTP/1.1" 200 1270 "https://porno-home365.com/" "Mozilla/6.0 (compatible; MSIE 7.0a1; Windows NT 5.2; SV1)"
13.66.139.142 - - [04/Feb/2021:21:44:53 +0100] "GET /?C=N;O=D HTTP/1.1" 200 465 "-" "Mozilla/5.0 (compatible; bingbot/2.0; +http://www.bing.com/bingbot.htm)"
13.66.139.14 - - [04/Feb/2021:21:44:59 +0100] "GET /log/?C=S;O=D HTTP/1.1" 200 2336 "-" "Mozilla/5.0 (compatible; bingbot/2.0; +http://www.bing.com/bingbot.htm)"
13.66.139.89 - - [04/Feb/2021:21:46:01 +0100] "GET /?C=M;O=D HTTP/1.1" 200 459 "-" "Mozilla/5.0 (compatible; bingbot/2.0; +http://www.bing.com/bingbot.htm)"
100.21.218.158 - - [04/Feb/2021:21:46:01 +0100] "GET / HTTP/1.1" 200 464 "-" "Mozilla/5.0 (X11; Ubuntu; Linux x86_64; rv:82.0) Gecko/20100101 Firefox/82.0"
13.66.139.89 - - [04/Feb/2021:21:46:01 +0100] "GET /log/?C=M;O=D HTTP/1.1" 200 2277 "-" "Mozilla/5.0 (compatible; bingbot/2.0; +http://www.bing.com/bingbot.htm)"
49.12.13.109 - - [04/Feb/2021:22:15:30 +0100] "HEAD / HTTP/1.1" 200 - "-" "Alert_Alligator_webmonitoring_service_1.6.3_(alertalligator.com)"
54.36.148.238 - - [04/Feb/2021:22:25:41 +0100] "GET /home/webserver/?C=M;O=A HTTP/1.1" 200 391 "-" "Mozilla/5.0 (compatible; AhrefsBot/7.0; +http://ahrefs.com/robot/)"
49.12.13.109 - - [04/Feb/2021:23:18:56 +0100] "HEAD / HTTP/1.1" 200 - "-" "Alert_Alligator_webmonitoring_service_1.6.3_(alertalligator.com)"
54.36.148.223 - - [05/Feb/2021:00:00:49 +0100] "GET / HTTP/1.1" 200 464 "-" "Mozilla/5.0 (compatible; AhrefsBot/7.0; +http://ahrefs.com/robot/)"
49.12.13.109 - - [05/Feb/2021:00:23:28 +0100] "HEAD / HTTP/1.1" 200 - "-" "Alert_Alligator_webmonitoring_service_1.6.3_(alertalligator.com)"
84.2.35.174 - - [05/Feb/2021:00:32:22 +0100] "GET / HTTP/1.1" 200 1270 "-" "ActiveSiteCounter"
172.98.177.91 - - [05/Feb/2021:01:05:05 +0100] "GET / HTTP/1.1" 200 464 "-" "User-Agent\" \"Mozilla/5.0 (Windows NT 6.1;) Gecko/20100101 Firefox/13.0.1, Mozilla/5.0 (Windows NT 10.0; Win64; x64) AppleWebKit/537.36 (KHTML, like Gecko) Chrome/78.0.3904.97 Safari/537.36"
54.36.148.134 - - [05/Feb/2021:01:10:13 +0100] "GET /home/webserver/?C=D;O=D HTTP/1.1" 200 387 "-" "Mozilla/5.0 (compatible; AhrefsBot/7.0; +http://ahrefs.com/robot/)"
212.237.51.151 - - [05/Feb/2021:01:32:07 +0100] "HEAD / HTTP/1.1" 200 - "-" "Alert_Alligator_webmonitoring_service_1.6.3_(alertalligator.com)"
192.36.53.165 - - [05/Feb/2021:01:53:40 +0100] "GET /ads.txt HTTP/1.1" 404 617 "-" "Go-http-client/1.1"
54.36.148.183 - - [05/Feb/2021:02:14:50 +0100] "GET /home/webserver/?C=D;O=A HTTP/1.1" 200 390 "-" "Mozilla/5.0 (compatible; AhrefsBot/7.0; +http://ahrefs.com/robot/)"
49.12.13.109 - - [05/Feb/2021:02:31:14 +0100] "HEAD / HTTP/1.1" 200 - "-" "Alert_Alligator_webmonitoring_service_1.6.3_(alertalligator.com)"
54.36.148.135 - - [05/Feb/2021:03:18:04 +0100] "GET /log/?C=N;O=A HTTP/1.1" 200 2305 "-" "Mozilla/5.0 (compatible; AhrefsBot/7.0; +http://ahrefs.com/robot/)"
212.237.51.151 - - [05/Feb/2021:03:35:34 +0100] "HEAD / HTTP/1.1" 200 - "-" "Alert_Alligator_webmonitoring_service_1.6.3_(alertalligator.com)"
54.36.148.183 - - [05/Feb/2021:04:21:27 +0100] "GET /home/webserver/web/ HTTP/1.1" 200 397 "-" "Mozilla/5.0 (compatible; AhrefsBot/7.0; +http://ahrefs.com/robot/)"
212.237.51.151 - - [05/Feb/2021:04:41:08 +0100] "HEAD / HTTP/1.1" 200 - "-" "Alert_Alligator_webmonitoring_service_1.6.3_(alertalligator.com)"
17.58.96.166 - - [05/Feb/2021:05:03:23 +0100] "GET /narixgep_2010-05-19_13_13_55.sql HTTP/1.1" 200 1234 "-" "Mozilla/5.0 (Macintosh; Intel Mac OS X 10_15_5) AppleWebKit/605.1.15 (KHTML, like Gecko) Version/13.1.1 Safari/605.1.15 (Applebot/0.1; +http://www.apple.com/go/applebot)"
49.12.13.109 - - [05/Feb/2021:05:40:23 +0100] "HEAD / HTTP/1.1" 200 - "-" "Alert_Alligator_webmonitoring_service_1.6.3_(alertalligator.com)"
54.36.148.183 - - [05/Feb/2021:06:05:01 +0100] "GET /home/webserver/web/ws_rendszer/tools/?C=M;O=D HTTP/1.1" 200 407 "-" "Mozilla/5.0 (compatible; AhrefsBot/7.0; +http://ahrefs.com/robot/)"
49.12.13.109 - - [05/Feb/2021:06:39:30 +0100] "HEAD / HTTP/1.1" 200 - "-" "Alert_Alligator_webmonitoring_service_1.6.3_(alertalligator.com)"
49.12.13.109 - - [05/Feb/2021:08:46:52 +0100] "HEAD / HTTP/1.1" 200 - "-" "Alert_Alligator_webmonitoring_service_1.6.3_(alertalligator.com)"
54.36.149.101 - - [05/Feb/2021:09:43:27 +0100] "GET /home/webserver/web/?C=N;O=A HTTP/1.1" 200 397 "-" "Mozilla/5.0 (compatible; AhrefsBot/7.0; +http://ahrefs.com/robot/)"
49.12.13.109 - - [05/Feb/2021:09:50:20 +0100] "HEAD / HTTP/1.1" 200 - "-" "Alert_Alligator_webmonitoring_service_1.6.3_(alertalligator.com)"
49.12.13.109 - - [05/Feb/2021:10:49:22 +0100] "HEAD / HTTP/1.1" 200 - "-" "Alert_Alligator_webmonitoring_service_1.6.3_(alertalligator.com)"
37.229.244.199 - - [05/Feb/2021:11:31:49 +0100] "GET / HTTP/1.1" 200 1270 "https://obiavo.uz/" "Mozilla/4.0 (compatible; MSIE 5.5; Windows NT 4.0; .NET CLR 1.0.2914)"
37.229.244.199 - - [05/Feb/2021:11:31:49 +0100] "GET / HTTP/1.1" 200 1270 "https://obiavo.in/" "Mozilla/4.0 (compatible; MSIE 5.5; Windows NT 4.0)"
37.229.244.199 - - [05/Feb/2021:11:31:49 +0100] "GET / HTTP/1.1" 200 1270 "https://obiavo.in/" "Mozilla/4.0 (compatible; MSIE 5.5; Windows NT 4.0)"
37.229.244.199 - - [05/Feb/2021:11:31:49 +0100] "GET / HTTP/1.1" 200 1270 "https://obiavo.uz/" "Mozilla/4.0 (compatible; MSIE 5.5; Windows NT 4.0; .NET CLR 1.0.2914)"
37.229.244.199 - - [05/Feb/2021:11:31:49 +0100] "GET / HTTP/1.1" 200 1270 "https://obiavo.in/" "Mozilla/4.0 (compatible; MSIE 5.5; Windows NT 4.0)"
37.229.244.199 - - [05/Feb/2021:11:31:49 +0100] "GET / HTTP/1.1" 200 1270 "https://obiavo.uz/" "Mozilla/4.0 (compatible; MSIE 5.5; Windows NT 4.0; .NET CLR 1.0.2914)"
212.237.51.151 - - [05/Feb/2021:11:48:25 +0100] "HEAD / HTTP/1.1" 200 - "-" "Alert_Alligator_webmonitoring_service_1.6.3_(alertalligator.com)"
49.12.13.109 - - [05/Feb/2021:12:52:34 +0100] "HEAD / HTTP/1.1" 200 - "-" "Alert_Alligator_webmonitoring_service_1.6.3_(alertalligator.com)"
212.237.51.151 - - [05/Feb/2021:13:51:46 +0100] "HEAD / HTTP/1.1" 200 - "-" "Alert_Alligator_webmonitoring_service_1.6.3_(alertalligator.com)"
212.237.51.151 - - [05/Feb/2021:14:50:53 +0100] "HEAD / HTTP/1.1" 200 - "-" "Alert_Alligator_webmonitoring_service_1.6.3_(alertalligator.com)"
13.66.139.14 - - [05/Feb/2021:14:55:07 +0100] "GET /log/?C=S;O=D HTTP/1.1" 200 2336 "-" "Mozilla/5.0 (compatible; bingbot/2.0; +http://www.bing.com/bingbot.htm)"
13.66.139.14 - - [05/Feb/2021:14:56:36 +0100] "GET /?C=D;O=A HTTP/1.1" 200 464 "-" "Mozilla/5.0 (compatible; bingbot/2.0; +http://www.bing.com/bingbot.htm)"
13.66.139.89 - - [05/Feb/2021:14:56:40 +0100] "GET /?C=M;O=D HTTP/1.1" 200 459 "-" "Mozilla/5.0 (compatible; bingbot/2.0; +http://www.bing.com/bingbot.htm)"
13.66.139.89 - - [05/Feb/2021:14:56:40 +0100] "GET /log/?C=M;O=D HTTP/1.1" 200 2273 "-" "Mozilla/5.0 (compatible; bingbot/2.0; +http://www.bing.com/bingbot.htm)"
13.66.139.142 - - [05/Feb/2021:14:56:49 +0100] "GET /?C=N;O=D HTTP/1.1" 200 465 "-" "Mozilla/5.0 (compatible; bingbot/2.0; +http://www.bing.com/bingbot.htm)"
54.36.148.183 - - [05/Feb/2021:15:33:08 +0100] "GET / HTTP/1.1" 200 464 "-" "Mozilla/5.0 (compatible; AhrefsBot/7.0; +http://ahrefs.com/robot/)"
212.237.51.151 - - [05/Feb/2021:15:50:14 +0100] "HEAD / HTTP/1.1" 200 - "-" "Alert_Alligator_webmonitoring_service_1.6.3_(alertalligator.com)"
27.115.124.101 - - [05/Feb/2021:16:42:19 +0100] "GET / HTTP/1.1" 200 464 "http://baidu.com/" "Mozilla/5.0 (Linux; U; Android 8.1.0; zh-CN; EML-AL00 Build/HUAWEIEML-AL00) AppleWebKit/537.36 (KHTML, like Gecko) Version/4.0 Chrome/57.0.2987.108 baidu.sogo.uc.UCBrowser/11.9.4.974 UWS/2.13.1.48 Mobile Safari/537.36 AliApp(DingTalk/4.5.11) com.alibaba.android.rimet/10487439 Channel/227200 language/zh-CN"
27.115.124.101 - - [05/Feb/2021:16:42:21 +0100] "GET /icons/blank.gif HTTP/1.1" 200 148 "http://narix-gep.hu/" "Mozilla/5.0 (Linux; U; Android 8.1.0; zh-CN; EML-AL00 Build/HUAWEIEML-AL00) AppleWebKit/537.36 (KHTML, like Gecko) Version/4.0 Chrome/57.0.2987.108 baidu.sogo.uc.UCBrowser/11.9.4.974 UWS/2.13.1.48 Mobile Safari/537.36 AliApp(DingTalk/4.5.11) com.alibaba.android.rimet/10487439 Channel/227200 language/zh-CN"
27.115.124.70 - - [05/Feb/2021:16:42:21 +0100] "GET /icons/folder.gif HTTP/1.1" 200 225 "http://narix-gep.hu/" "Mozilla/5.0 (Linux; U; Android 8.1.0; zh-CN; EML-AL00 Build/HUAWEIEML-AL00) AppleWebKit/537.36 (KHTML, like Gecko) Version/4.0 Chrome/57.0.2987.108 baidu.sogo.uc.UCBrowser/11.9.4.974 UWS/2.13.1.48 Mobile Safari/537.36 AliApp(DingTalk/4.5.11) com.alibaba.android.rimet/10487439 Channel/227200 language/zh-CN"
27.115.124.38 - - [05/Feb/2021:16:42:21 +0100] "GET /icons/unknown.gif HTTP/1.1" 200 245 "http://narix-gep.hu/" "Mozilla/5.0 (Linux; U; Android 8.1.0; zh-CN; EML-AL00 Build/HUAWEIEML-AL00) AppleWebKit/537.36 (KHTML, like Gecko) Version/4.0 Chrome/57.0.2987.108 baidu.sogo.uc.UCBrowser/11.9.4.974 UWS/2.13.1.48 Mobile Safari/537.36 AliApp(DingTalk/4.5.11) com.alibaba.android.rimet/10487439 Channel/227200 language/zh-CN"
212.237.51.151 - - [05/Feb/2021:16:58:51 +0100] "HEAD / HTTP/1.1" 200 - "-" "Alert_Alligator_webmonitoring_service_1.6.3_(alertalligator.com)"
49.12.13.109 - - [05/Feb/2021:17:57:51 +0100] "HEAD / HTTP/1.1" 200 - "-" "Alert_Alligator_webmonitoring_service_1.6.3_(alertalligator.com)"
13.66.139.142 - - [05/Feb/2021:18:33:09 +0100] "GET / HTTP/1.1" 200 464 "-" "Mozilla/5.0 (compatible; bingbot/2.0; +http://www.bing.com/bingbot.htm)"
54.36.149.79 - - [05/Feb/2021:18:49:06 +0100] "GET /log/tran_2013_04.log.gz HTTP/1.1" 200 19124 "-" "Mozilla/5.0 (compatible; AhrefsBot/7.0; +http://ahrefs.com/robot/)"
212.237.51.151 - - [05/Feb/2021:19:16:19 +0100] "HEAD / HTTP/1.1" 200 - "-" "Alert_Alligator_webmonitoring_service_1.6.3_(alertalligator.com)"
66.249.64.143 - - [05/Feb/2021:20:14:12 +0100] "GET /robots.txt HTTP/1.1" 404 617 "-" "Mozilla/5.0 (compatible; Googlebot/2.1; +http://www.google.com/bot.html)"
66.249.64.147 - - [05/Feb/2021:20:14:12 +0100] "GET /button1.swf HTTP/1.1" 404 617 "-" "Mozilla/5.0 (Linux; Android 6.0.1; Nexus 5X Build/MMB29P) AppleWebKit/537.36 (KHTML, like Gecko) Chrome/88.0.4324.140 Mobile Safari/537.36 (compatible; Googlebot/2.1; +http://www.google.com/bot.html)"
66.249.64.147 - - [05/Feb/2021:20:16:41 +0100] "GET /wacker.html HTTP/1.1" 404 618 "-" "Mozilla/5.0 (Linux; Android 6.0.1; Nexus 5X Build/MMB29P) AppleWebKit/537.36 (KHTML, like Gecko) Chrome/88.0.4324.140 Mobile Safari/537.36 (compatible; Googlebot/2.1; +http://www.google.com/bot.html)"
212.237.51.151 - - [05/Feb/2021:20:20:39 +0100] "HEAD / HTTP/1.1" 200 - "-" "Alert_Alligator_webmonitoring_service_1.6.3_(alertalligator.com)"
49.12.13.109 - - [05/Feb/2021:21:20:14 +0100] "HEAD / HTTP/1.1" 200 - "-" "Alert_Alligator_webmonitoring_service_1.6.3_(alertalligator.com)"
54.36.149.43 - - [05/Feb/2021:21:54:01 +0100] "GET /robots.txt HTTP/1.1" 404 618 "-" "Mozilla/5.0 (compatible; AhrefsBot/6.1; +http://ahrefs.com/robot/)"
54.36.149.63 - - [05/Feb/2021:22:05:41 +0100] "GET /home/webserver/web/ws_rendszer/tools/inaktival/?C=S;O=D HTTP/1.1" 200 414 "-" "Mozilla/5.0 (compatible; AhrefsBot/7.0; +http://ahrefs.com/robot/)"
49.12.13.109 - - [05/Feb/2021:22:19:17 +0100] "HEAD / HTTP/1.1" 200 - "-" "Alert_Alligator_webmonitoring_service_1.6.3_(alertalligator.com)"
17.58.97.174 - - [05/Feb/2021:22:59:20 +0100] "GET /robots.txt HTTP/1.1" 404 616 "-" "Mozilla/5.0 (Macintosh; Intel Mac OS X 10_15_5) AppleWebKit/605.1.15 (KHTML, like Gecko) Version/13.1.1 Safari/605.1.15 (Applebot/0.1; +http://www.apple.com/go/applebot)"
