54.36.148.183 - - [10/Feb/2021:06:29:41 +0100] "GET /log/tran_2020_12.log.gz HTTP/1.1" 200 21950 "-" "Mozilla/5.0 (compatible; AhrefsBot/7.0; +http://ahrefs.com/robot/)"
2.50.180.72 - - [10/Feb/2021:06:30:27 +0100] "GET /v1/wp-includes/wlwmanifest.xml HTTP/1.1" 404 1009 "-" "Mozilla/5.0 (Windows NT 10.0; Win64; x64) AppleWebKit/537.36 (KHTML, like Gecko) Chrome/70.0.3538.77 Safari/537.36"
49.12.13.109 - - [10/Feb/2021:07:22:35 +0100] "HEAD / HTTP/1.1" 200 - "-" "Alert_Alligator_webmonitoring_service_1.6.3_(alertalligator.com)"
66.249.64.147 - - [10/Feb/2021:07:52:09 +0100] "GET /home/webserver/ HTTP/1.1" 200 390 "-" "Mozilla/5.0 (Linux; Android 6.0.1; Nexus 5X Build/MMB29P) AppleWebKit/537.36 (KHTML, like Gecko) Chrome/88.0.4324.153 Mobile Safari/537.36 (compatible; Googlebot/2.1; +http://www.google.com/bot.html)"
49.12.13.109 - - [10/Feb/2021:08:30:24 +0100] "HEAD / HTTP/1.1" 200 - "-" "Alert_Alligator_webmonitoring_service_1.6.3_(alertalligator.com)"
49.12.13.109 - - [10/Feb/2021:09:29:26 +0100] "HEAD / HTTP/1.1" 200 - "-" "Alert_Alligator_webmonitoring_service_1.6.3_(alertalligator.com)"
49.12.13.109 - - [10/Feb/2021:10:56:15 +0100] "HEAD / HTTP/1.1" 200 - "-" "Alert_Alligator_webmonitoring_service_1.6.3_(alertalligator.com)"
178.159.37.104 - - [10/Feb/2021:11:54:05 +0100] "GET / HTTP/1.1" 200 1270 "https://rental-power.com.ua/generators/" "Mozilla/3.0 (x86 [en] Windows NT 5.1; Sun)"
178.159.37.104 - - [10/Feb/2021:11:54:06 +0100] "GET / HTTP/1.1" 200 1270 "https://rental-power.com.ua/generators/" "Mozilla/3.0 (x86 [en] Windows NT 5.1; Sun)"
178.159.37.104 - - [10/Feb/2021:11:54:07 +0100] "GET / HTTP/1.1" 200 1270 "https://rental-power.com.ua/generators/" "Mozilla/3.0 (x86 [en] Windows NT 5.1; Sun)"
66.249.64.152 - - [10/Feb/2021:12:00:15 +0100] "GET /robots.txt HTTP/1.1" 404 616 "-" "Mozilla/5.0 (compatible; Googlebot/2.1; +http://www.google.com/bot.html)"
66.249.64.156 - - [10/Feb/2021:12:00:15 +0100] "GET / HTTP/1.1" 200 464 "-" "Mozilla/5.0 (compatible; Googlebot/2.1; +http://www.google.com/bot.html)"
66.249.64.154 - - [10/Feb/2021:12:00:39 +0100] "GET / HTTP/1.1" 200 464 "-" "Mozilla/5.0 (Linux; Android 6.0.1; Nexus 5X Build/MMB29P) AppleWebKit/537.36 (KHTML, like Gecko) Chrome/88.0.4324.153 Mobile Safari/537.36 (compatible; Googlebot/2.1; +http://www.google.com/bot.html)"
49.12.13.109 - - [10/Feb/2021:12:04:14 +0100] "HEAD / HTTP/1.1" 200 - "-" "Alert_Alligator_webmonitoring_service_1.6.3_(alertalligator.com)"
212.237.51.151 - - [10/Feb/2021:13:13:12 +0100] "HEAD / HTTP/1.1" 200 - "-" "Alert_Alligator_webmonitoring_service_1.6.3_(alertalligator.com)"
216.18.204.198 - - [10/Feb/2021:13:33:34 +0100] "GET / HTTP/1.1" 200 464 "-" "Mozilla/5.0 (compatible; Adsbot/3.1)"
54.36.148.246 - - [10/Feb/2021:13:50:12 +0100] "GET / HTTP/1.1" 200 464 "-" "Mozilla/5.0 (compatible; AhrefsBot/7.0; +http://ahrefs.com/robot/)"
212.237.51.151 - - [10/Feb/2021:14:22:28 +0100] "HEAD / HTTP/1.1" 200 - "-" "Alert_Alligator_webmonitoring_service_1.6.3_(alertalligator.com)"
49.12.13.109 - - [10/Feb/2021:15:25:57 +0100] "HEAD / HTTP/1.1" 200 - "-" "Alert_Alligator_webmonitoring_service_1.6.3_(alertalligator.com)"
5.34.180.192 - - [10/Feb/2021:15:30:47 +0100] "GET / HTTP/1.1" 200 1270 "https://sex-znakomstva.online/" "Mozilla/4.0 (compatible; MSIE 6.0; Windows NT 5.1; MRA 4.6 (build 01425))"
5.34.180.192 - - [10/Feb/2021:15:30:48 +0100] "GET / HTTP/1.1" 200 1270 "https://sex-znakomstva.online/" "Mozilla/4.0 (compatible; MSIE 6.0; Windows NT 5.1; MRA 4.6 (build 01425))"
66.249.64.145 - - [10/Feb/2021:15:48:40 +0100] "GET /robots.txt HTTP/1.1" 404 619 "-" "Mozilla/5.0 (compatible; Googlebot/2.1; +http://www.google.com/bot.html)"
66.249.64.145 - - [10/Feb/2021:15:48:40 +0100] "GET / HTTP/1.1" 200 464 "-" "Mozilla/5.0 (Linux; Android 6.0.1; Nexus 5X Build/MMB29P) AppleWebKit/537.36 (KHTML, like Gecko) Chrome/88.0.4324.153 Mobile Safari/537.36 (compatible; Googlebot/2.1; +http://www.google.com/bot.html)"
157.55.39.41 - - [10/Feb/2021:15:52:29 +0100] "GET /robots.txt HTTP/1.1" 404 616 "-" "Mozilla/5.0 (compatible; bingbot/2.0; +http://www.bing.com/bingbot.htm)"
13.66.139.3 - - [10/Feb/2021:15:52:35 +0100] "GET /log/ HTTP/1.1" 200 2307 "-" "Mozilla/5.0 (compatible; bingbot/2.0; +http://www.bing.com/bingbot.htm)"
212.237.51.151 - - [10/Feb/2021:16:24:59 +0100] "HEAD / HTTP/1.1" 200 - "-" "Alert_Alligator_webmonitoring_service_1.6.3_(alertalligator.com)"
66.249.64.147 - - [10/Feb/2021:16:44:56 +0100] "GET / HTTP/1.1" 200 464 "-" "Mozilla/5.0 (compatible; Googlebot/2.1; +http://www.google.com/bot.html)"
17.58.96.167 - - [10/Feb/2021:17:03:14 +0100] "GET /narixgep_2010-05-19_13_13_55.sql HTTP/1.1" 200 1234 "-" "Mozilla/5.0 (Macintosh; Intel Mac OS X 10_15_5) AppleWebKit/605.1.15 (KHTML, like Gecko) Version/13.1.1 Safari/605.1.15 (Applebot/0.1; +http://www.apple.com/go/applebot)"
212.237.51.151 - - [10/Feb/2021:17:24:05 +0100] "HEAD / HTTP/1.1" 200 - "-" "Alert_Alligator_webmonitoring_service_1.6.3_(alertalligator.com)"
212.237.51.151 - - [10/Feb/2021:18:23:09 +0100] "HEAD / HTTP/1.1" 200 - "-" "Alert_Alligator_webmonitoring_service_1.6.3_(alertalligator.com)"
13.66.139.3 - - [10/Feb/2021:18:39:22 +0100] "GET /?C=D;O=A HTTP/1.1" 200 464 "-" "Mozilla/5.0 (compatible; bingbot/2.0; +http://www.bing.com/bingbot.htm)"
13.66.139.89 - - [10/Feb/2021:18:39:41 +0100] "GET /web/ HTTP/1.1" 200 5632 "-" "Mozilla/5.0 (compatible; bingbot/2.0; +http://www.bing.com/bingbot.htm)"
13.66.139.3 - - [10/Feb/2021:18:39:45 +0100] "GET /?C=N;O=A HTTP/1.1" 200 464 "-" "Mozilla/5.0 (compatible; bingbot/2.0; +http://www.bing.com/bingbot.htm)"
13.66.139.142 - - [10/Feb/2021:18:56:49 +0100] "GET / HTTP/1.1" 200 464 "-" "Mozilla/5.0 (compatible; bingbot/2.0; +http://www.bing.com/bingbot.htm)"
49.12.13.109 - - [10/Feb/2021:19:27:11 +0100] "HEAD / HTTP/1.1" 200 - "-" "Alert_Alligator_webmonitoring_service_1.6.3_(alertalligator.com)"
54.36.148.168 - - [10/Feb/2021:20:01:53 +0100] "GET /home/webserver/web/ws_rendszer/tools/inaktival/?C=M;O=D HTTP/1.1" 200 414 "-" "Mozilla/5.0 (compatible; AhrefsBot/7.0; +http://ahrefs.com/robot/)"
49.12.13.109 - - [10/Feb/2021:20:35:58 +0100] "HEAD / HTTP/1.1" 200 - "-" "Alert_Alligator_webmonitoring_service_1.6.3_(alertalligator.com)"
49.12.13.109 - - [10/Feb/2021:21:45:40 +0100] "HEAD / HTTP/1.1" 200 - "-" "Alert_Alligator_webmonitoring_service_1.6.3_(alertalligator.com)"
17.58.97.6 - - [10/Feb/2021:22:05:07 +0100] "GET /robots.txt HTTP/1.1" 404 619 "-" "Mozilla/5.0 (Macintosh; Intel Mac OS X 10_15_5) AppleWebKit/605.1.15 (KHTML, like Gecko) Version/13.1.1 Safari/605.1.15 (Applebot/0.1; +http://www.apple.com/go/applebot)"
17.58.96.167 - - [10/Feb/2021:22:05:08 +0100] "GET /narixgep_2010-05-19_13_13_55.sql HTTP/1.1" 200 1234 "-" "Mozilla/5.0 (Macintosh; Intel Mac OS X 10_15_5) AppleWebKit/605.1.15 (KHTML, like Gecko) Version/13.1.1 Safari/605.1.15 (Applebot/0.1; +http://www.apple.com/go/applebot)"
46.185.117.92 - - [10/Feb/2021:22:27:41 +0100] "GET / HTTP/1.1" 200 1270 "https://dojki365.online/" "Mozilla/4.0 (compatible; MSIE 6.0; Update a; AOL 6.0; Windows 98)"
46.185.117.92 - - [10/Feb/2021:22:27:44 +0100] "GET / HTTP/1.1" 200 1270 "https://dojki365.online/" "Mozilla/4.0 (compatible; MSIE 6.0; Update a; AOL 6.0; Windows 98)"
46.185.117.92 - - [10/Feb/2021:22:27:44 +0100] "GET / HTTP/1.1" 200 1270 "https://dojki365.online/" "Mozilla/4.0 (compatible; MSIE 6.0; Update a; AOL 6.0; Windows 98)"
54.36.148.238 - - [10/Feb/2021:23:02:54 +0100] "GET /narixgep_2010-05-19_13_13_55.sql HTTP/1.1" 200 1234 "-" "Mozilla/5.0 (compatible; AhrefsBot/7.0; +http://ahrefs.com/robot/)"
49.12.13.109 - - [10/Feb/2021:23:14:23 +0100] "HEAD / HTTP/1.1" 200 - "-" "Alert_Alligator_webmonitoring_service_1.6.3_(alertalligator.com)"
212.237.51.151 - - [11/Feb/2021:00:17:55 +0100] "HEAD / HTTP/1.1" 200 - "-" "Alert_Alligator_webmonitoring_service_1.6.3_(alertalligator.com)"
84.2.35.174 - - [11/Feb/2021:00:28:10 +0100] "GET / HTTP/1.1" 200 1270 "-" "ActiveSiteCounter"
49.12.13.109 - - [11/Feb/2021:01:22:25 +0100] "HEAD / HTTP/1.1" 200 - "-" "Alert_Alligator_webmonitoring_service_1.6.3_(alertalligator.com)"
54.36.149.100 - - [11/Feb/2021:01:38:04 +0100] "GET /robots.txt HTTP/1.1" 404 616 "-" "Mozilla/5.0 (compatible; AhrefsBot/6.1; +http://ahrefs.com/robot/)"
54.36.148.183 - - [11/Feb/2021:01:38:05 +0100] "GET /?C=N;O=D HTTP/1.1" 200 465 "-" "Mozilla/5.0 (compatible; AhrefsBot/7.0; +http://ahrefs.com/robot/)"
49.12.13.109 - - [11/Feb/2021:02:21:43 +0100] "HEAD / HTTP/1.1" 200 - "-" "Alert_Alligator_webmonitoring_service_1.6.3_(alertalligator.com)"
49.12.13.109 - - [11/Feb/2021:03:21:05 +0100] "HEAD / HTTP/1.1" 200 - "-" "Alert_Alligator_webmonitoring_service_1.6.3_(alertalligator.com)"
49.12.13.109 - - [11/Feb/2021:04:20:30 +0100] "HEAD / HTTP/1.1" 200 - "-" "Alert_Alligator_webmonitoring_service_1.6.3_(alertalligator.com)"
54.36.148.183 - - [11/Feb/2021:04:28:47 +0100] "GET / HTTP/1.1" 200 464 "-" "Mozilla/5.0 (compatible; AhrefsBot/7.0; +http://ahrefs.com/robot/)"
49.12.13.109 - - [11/Feb/2021:05:23:56 +0100] "HEAD / HTTP/1.1" 200 - "-" "Alert_Alligator_webmonitoring_service_1.6.3_(alertalligator.com)"
49.12.13.109 - - [11/Feb/2021:06:27:22 +0100] "HEAD / HTTP/1.1" 200 - "-" "Alert_Alligator_webmonitoring_service_1.6.3_(alertalligator.com)"
49.12.13.109 - - [11/Feb/2021:07:31:18 +0100] "HEAD / HTTP/1.1" 200 - "-" "Alert_Alligator_webmonitoring_service_1.6.3_(alertalligator.com)"
49.12.13.109 - - [11/Feb/2021:08:30:51 +0100] "HEAD / HTTP/1.1" 200 - "-" "Alert_Alligator_webmonitoring_service_1.6.3_(alertalligator.com)"
212.237.51.151 - - [11/Feb/2021:09:34:16 +0100] "HEAD / HTTP/1.1" 200 - "-" "Alert_Alligator_webmonitoring_service_1.6.3_(alertalligator.com)"
54.36.148.148 - - [11/Feb/2021:10:18:29 +0100] "GET /robots.txt HTTP/1.1" 404 618 "-" "Mozilla/5.0 (compatible; AhrefsBot/6.1; +http://ahrefs.com/robot/)"
54.36.148.12 - - [11/Feb/2021:10:18:30 +0100] "GET /home/webserver/web/ws_rendszer/tools/inaktival/?C=N;O=A HTTP/1.1" 200 420 "-" "Mozilla/5.0 (compatible; AhrefsBot/7.0; +http://ahrefs.com/robot/)"
66.249.66.91 - - [11/Feb/2021:10:33:22 +0100] "GET /robots.txt HTTP/1.1" 404 616 "-" "Mozilla/5.0 (compatible; Googlebot/2.1; +http://www.google.com/bot.html)"
66.249.66.90 - - [11/Feb/2021:10:33:22 +0100] "GET / HTTP/1.1" 200 464 "-" "Mozilla/5.0 (compatible; Googlebot/2.1; +http://www.google.com/bot.html)"
66.249.66.89 - - [11/Feb/2021:10:33:31 +0100] "GET / HTTP/1.1" 200 464 "-" "Mozilla/5.0 (Linux; Android 6.0.1; Nexus 5X Build/MMB29P) AppleWebKit/537.36 (KHTML, like Gecko) Chrome/88.0.4324.153 Mobile Safari/537.36 (compatible; Googlebot/2.1; +http://www.google.com/bot.html)"
49.12.13.109 - - [11/Feb/2021:10:34:01 +0100] "HEAD / HTTP/1.1" 200 - "-" "Alert_Alligator_webmonitoring_service_1.6.3_(alertalligator.com)"
49.12.13.109 - - [11/Feb/2021:11:33:08 +0100] "HEAD / HTTP/1.1" 200 - "-" "Alert_Alligator_webmonitoring_service_1.6.3_(alertalligator.com)"
212.237.51.151 - - [11/Feb/2021:12:32:16 +0100] "HEAD / HTTP/1.1" 200 - "-" "Alert_Alligator_webmonitoring_service_1.6.3_(alertalligator.com)"
49.12.13.109 - - [11/Feb/2021:13:31:40 +0100] "HEAD / HTTP/1.1" 200 - "-" "Alert_Alligator_webmonitoring_service_1.6.3_(alertalligator.com)"
114.119.165.226 - - [11/Feb/2021:13:34:04 +0100] "GET /robots.txt HTTP/1.1" 404 618 "-" "(compatible;PetalBot;+https://aspiegel.com/petalbot)"
212.237.51.151 - - [11/Feb/2021:14:31:09 +0100] "HEAD / HTTP/1.1" 200 - "-" "Alert_Alligator_webmonitoring_service_1.6.3_(alertalligator.com)"
49.12.13.109 - - [11/Feb/2021:15:30:19 +0100] "HEAD / HTTP/1.1" 200 - "-" "Alert_Alligator_webmonitoring_service_1.6.3_(alertalligator.com)"
212.237.51.151 - - [11/Feb/2021:16:39:09 +0100] "HEAD / HTTP/1.1" 200 - "-" "Alert_Alligator_webmonitoring_service_1.6.3_(alertalligator.com)"
66.249.64.147 - - [11/Feb/2021:16:54:10 +0100] "GET /robots.txt HTTP/1.1" 404 619 "-" "Mozilla/5.0 (compatible; Googlebot/2.1; +http://www.google.com/bot.html)"
66.249.64.147 - - [11/Feb/2021:16:54:10 +0100] "GET / HTTP/1.1" 200 464 "-" "Mozilla/5.0 (Linux; Android 6.0.1; Nexus 5X Build/MMB29P) AppleWebKit/537.36 (KHTML, like Gecko) Chrome/88.0.4324.153 Mobile Safari/537.36 (compatible; Googlebot/2.1; +http://www.google.com/bot.html)"
66.249.64.145 - - [11/Feb/2021:17:14:51 +0100] "GET / HTTP/1.1" 200 464 "-" "Mozilla/5.0 (compatible; Googlebot/2.1; +http://www.google.com/bot.html)"
49.12.13.109 - - [11/Feb/2021:17:47:02 +0100] "HEAD / HTTP/1.1" 200 - "-" "Alert_Alligator_webmonitoring_service_1.6.3_(alertalligator.com)"
54.36.148.183 - - [11/Feb/2021:17:53:57 +0100] "GET / HTTP/1.1" 200 464 "-" "Mozilla/5.0 (compatible; AhrefsBot/7.0; +http://ahrefs.com/robot/)"
49.12.13.109 - - [11/Feb/2021:18:56:20 +0100] "HEAD / HTTP/1.1" 200 - "-" "Alert_Alligator_webmonitoring_service_1.6.3_(alertalligator.com)"
49.12.13.109 - - [11/Feb/2021:19:59:45 +0100] "HEAD / HTTP/1.1" 200 - "-" "Alert_Alligator_webmonitoring_service_1.6.3_(alertalligator.com)"
54.36.148.133 - - [11/Feb/2021:20:48:48 +0100] "GET /home/webserver/web/?C=D;O=A HTTP/1.1" 200 397 "-" "Mozilla/5.0 (compatible; AhrefsBot/7.0; +http://ahrefs.com/robot/)"
49.12.13.109 - - [11/Feb/2021:20:59:09 +0100] "HEAD / HTTP/1.1" 200 - "-" "Alert_Alligator_webmonitoring_service_1.6.3_(alertalligator.com)"
13.66.139.3 - - [11/Feb/2021:21:05:19 +0100] "GET /?C=N;O=A HTTP/1.1" 200 464 "-" "Mozilla/5.0 (compatible; bingbot/2.0; +http://www.bing.com/bingbot.htm)"
13.66.139.86 - - [11/Feb/2021:21:05:23 +0100] "GET /web/ HTTP/1.1" 200 5632 "-" "Mozilla/5.0 (compatible; bingbot/2.0; +http://www.bing.com/bingbot.htm)"
66.249.64.154 - - [11/Feb/2021:21:47:57 +0100] "GET / HTTP/1.1" 200 464 "-" "Mozilla/5.0 (Linux; Android 6.0.1; Nexus 5X Build/MMB29P) AppleWebKit/537.36 (KHTML, like Gecko) Chrome/88.0.4324.153 Mobile Safari/537.36 (compatible; Googlebot/2.1; +http://www.google.com/bot.html)"
66.249.64.156 - - [11/Feb/2021:21:48:46 +0100] "GET / HTTP/1.1" 200 464 "-" "Mozilla/5.0 (compatible; Googlebot/2.1; +http://www.google.com/bot.html)"
49.12.13.109 - - [11/Feb/2021:22:04:19 +0100] "HEAD / HTTP/1.1" 200 - "-" "Alert_Alligator_webmonitoring_service_1.6.3_(alertalligator.com)"
212.237.51.151 - - [11/Feb/2021:23:03:46 +0100] "HEAD / HTTP/1.1" 200 - "-" "Alert_Alligator_webmonitoring_service_1.6.3_(alertalligator.com)"
54.36.148.183 - - [12/Feb/2021:00:10:03 +0100] "GET /home/webserver/web/?C=M;O=A HTTP/1.1" 200 397 "-" "Mozilla/5.0 (compatible; AhrefsBot/7.0; +http://ahrefs.com/robot/)"
212.237.51.151 - - [12/Feb/2021:00:31:16 +0100] "HEAD / HTTP/1.1" 200 - "-" "Alert_Alligator_webmonitoring_service_1.6.3_(alertalligator.com)"
84.2.35.174 - - [12/Feb/2021:00:32:22 +0100] "GET / HTTP/1.1" 200 1270 "-" "ActiveSiteCounter"
49.12.13.109 - - [12/Feb/2021:01:50:02 +0100] "HEAD / HTTP/1.1" 200 - "-" "Alert_Alligator_webmonitoring_service_1.6.3_(alertalligator.com)"
54.36.148.179 - - [12/Feb/2021:02:55:20 +0100] "GET /robots.txt HTTP/1.1" 404 616 "-" "Mozilla/5.0 (compatible; AhrefsBot/6.1; +http://ahrefs.com/robot/)"
54.36.148.183 - - [12/Feb/2021:02:55:21 +0100] "GET /home/webserver/web/?C=S;O=A HTTP/1.1" 200 397 "-" "Mozilla/5.0 (compatible; AhrefsBot/7.0; +http://ahrefs.com/robot/)"
49.12.13.109 - - [12/Feb/2021:02:58:46 +0100] "HEAD / HTTP/1.1" 200 - "-" "Alert_Alligator_webmonitoring_service_1.6.3_(alertalligator.com)"
138.201.37.67 - - [12/Feb/2021:03:17:20 +0100] "GET / HTTP/1.1" 200 464 "https://google.com" "Mozilla/5.0 (Windows NT 10.0; Win64; x64) AppleWebKit/537.36 (KHTML, like Gecko) Chrome/87.0.4280.141 Safari/537.36"
49.12.13.109 - - [12/Feb/2021:03:57:50 +0100] "HEAD / HTTP/1.1" 200 - "-" "Alert_Alligator_webmonitoring_service_1.6.3_(alertalligator.com)"
66.249.64.152 - - [12/Feb/2021:04:17:55 +0100] "GET /robots.txt HTTP/1.1" 404 617 "-" "Mozilla/5.0 (compatible; Googlebot/2.1; +http://www.google.com/bot.html)"
66.249.64.152 - - [12/Feb/2021:04:18:16 +0100] "GET / HTTP/1.1" 200 464 "-" "Mozilla/5.0 (compatible; Googlebot/2.1; +http://www.google.com/bot.html)"
66.249.64.152 - - [12/Feb/2021:04:31:58 +0100] "GET / HTTP/1.1" 200 464 "-" "Mozilla/5.0 (Linux; Android 6.0.1; Nexus 5X Build/MMB29P) AppleWebKit/537.36 (KHTML, like Gecko) Chrome/88.0.4324.175 Mobile Safari/537.36 (compatible; Googlebot/2.1; +http://www.google.com/bot.html)"
66.249.64.156 - - [12/Feb/2021:04:58:06 +0100] "GET / HTTP/1.1" 200 464 "-" "Mozilla/5.0 (compatible; Googlebot/2.1; +http://www.google.com/bot.html)"
49.12.13.109 - - [12/Feb/2021:05:27:57 +0100] "HEAD / HTTP/1.1" 200 - "-" "Alert_Alligator_webmonitoring_service_1.6.3_(alertalligator.com)"
66.249.64.152 - - [12/Feb/2021:05:32:49 +0100] "GET / HTTP/1.1" 200 464 "-" "Mozilla/5.0 (compatible; Googlebot/2.1; +http://www.google.com/bot.html)"
54.36.148.183 - - [12/Feb/2021:05:35:21 +0100] "GET / HTTP/1.1" 200 464 "-" "Mozilla/5.0 (compatible; AhrefsBot/7.0; +http://ahrefs.com/robot/)"
13.66.139.3 - - [12/Feb/2021:05:48:40 +0100] "GET /?C=N;O=A HTTP/1.1" 200 464 "-" "Mozilla/5.0 (compatible; bingbot/2.0; +http://www.bing.com/bingbot.htm)"
13.66.139.86 - - [12/Feb/2021:05:49:10 +0100] "GET /web/ HTTP/1.1" 200 5632 "-" "Mozilla/5.0 (compatible; bingbot/2.0; +http://www.bing.com/bingbot.htm)"
17.58.97.174 - - [12/Feb/2021:05:52:37 +0100] "GET /robots.txt HTTP/1.1" 404 617 "-" "Mozilla/5.0 (Macintosh; Intel Mac OS X 10_15_5) AppleWebKit/605.1.15 (KHTML, like Gecko) Version/13.1.1 Safari/605.1.15 (Applebot/0.1; +http://www.apple.com/go/applebot)"
17.58.96.167 - - [12/Feb/2021:05:52:37 +0100] "GET /narixgep_2010-05-19_13_13_55.sql HTTP/1.1" 200 1234 "-" "Mozilla/5.0 (Macintosh; Intel Mac OS X 10_15_5) AppleWebKit/605.1.15 (KHTML, like Gecko) Version/13.1.1 Safari/605.1.15 (Applebot/0.1; +http://www.apple.com/go/applebot)"
163.172.22.83 - - [12/Feb/2021:06:07:07 +0100] "GET / HTTP/1.1" 200 464 "http://narix-gep.hu/" "Mozilla/5.0 (Windows NT 10.0; Win64; x64) AppleWebKit/537.36 (KHTML, like Gecko) Chrome/84.0.4147.89 Safari/537.36"
49.12.13.109 - - [12/Feb/2021:06:55:25 +0100] "HEAD / HTTP/1.1" 200 - "-" "Alert_Alligator_webmonitoring_service_1.6.3_(alertalligator.com)"
54.36.148.183 - - [12/Feb/2021:07:33:17 +0100] "GET /home/webserver/?C=S;O=A HTTP/1.1" 200 391 "-" "Mozilla/5.0 (compatible; AhrefsBot/7.0; +http://ahrefs.com/robot/)"
49.12.13.109 - - [12/Feb/2021:07:54:48 +0100] "HEAD / HTTP/1.1" 200 - "-" "Alert_Alligator_webmonitoring_service_1.6.3_(alertalligator.com)"
49.12.13.109 - - [12/Feb/2021:08:53:50 +0100] "HEAD / HTTP/1.1" 200 - "-" "Alert_Alligator_webmonitoring_service_1.6.3_(alertalligator.com)"
54.36.149.67 - - [12/Feb/2021:09:27:05 +0100] "GET /?C=N;O=D HTTP/1.1" 200 465 "-" "Mozilla/5.0 (compatible; AhrefsBot/7.0; +http://ahrefs.com/robot/)"
49.12.13.109 - - [12/Feb/2021:09:57:41 +0100] "HEAD / HTTP/1.1" 200 - "-" "Alert_Alligator_webmonitoring_service_1.6.3_(alertalligator.com)"
49.12.13.109 - - [12/Feb/2021:11:01:41 +0100] "HEAD / HTTP/1.1" 200 - "-" "Alert_Alligator_webmonitoring_service_1.6.3_(alertalligator.com)"
49.12.13.109 - - [12/Feb/2021:12:05:26 +0100] "HEAD / HTTP/1.1" 200 - "-" "Alert_Alligator_webmonitoring_service_1.6.3_(alertalligator.com)"
212.237.51.151 - - [12/Feb/2021:13:04:27 +0100] "HEAD / HTTP/1.1" 200 - "-" "Alert_Alligator_webmonitoring_service_1.6.3_(alertalligator.com)"
49.12.13.109 - - [12/Feb/2021:14:21:58 +0100] "HEAD / HTTP/1.1" 200 - "-" "Alert_Alligator_webmonitoring_service_1.6.3_(alertalligator.com)"
13.66.139.86 - - [12/Feb/2021:14:23:35 +0100] "GET /log/?C=M;O=D HTTP/1.1" 200 2277 "-" "Mozilla/5.0 (compatible; bingbot/2.0; +http://www.bing.com/bingbot.htm)"
5.34.180.192 - - [12/Feb/2021:14:43:54 +0100] "GET / HTTP/1.1" 200 1270 "https://vids18.site/" "Mozilla/5.0 (Windows NT 5.1; U; en) Opera 8.01"
5.34.180.192 - - [12/Feb/2021:14:43:54 +0100] "GET / HTTP/1.1" 200 1270 "https://vids18.site/" "Mozilla/5.0 (Windows NT 5.1; U; en) Opera 8.01"
5.34.180.192 - - [12/Feb/2021:14:43:55 +0100] "GET / HTTP/1.1" 200 1270 "https://vids18.site/" "Mozilla/5.0 (Windows NT 5.1; U; en) Opera 8.01"
54.36.148.26 - - [12/Feb/2021:14:50:56 +0100] "GET /robots.txt HTTP/1.1" 404 619 "-" "Mozilla/5.0 (compatible; AhrefsBot/6.1; +http://ahrefs.com/robot/)"
54.36.148.183 - - [12/Feb/2021:14:50:57 +0100] "GET /home/webserver/web/ws_rendszer/tools/inaktival/ HTTP/1.1" 200 420 "-" "Mozilla/5.0 (compatible; AhrefsBot/7.0; +http://ahrefs.com/robot/)"
49.12.13.109 - - [12/Feb/2021:15:49:32 +0100] "HEAD / HTTP/1.1" 200 - "-" "Alert_Alligator_webmonitoring_service_1.6.3_(alertalligator.com)"
212.237.51.151 - - [12/Feb/2021:16:53:42 +0100] "HEAD / HTTP/1.1" 200 - "-" "Alert_Alligator_webmonitoring_service_1.6.3_(alertalligator.com)"
114.119.151.209 - - [12/Feb/2021:17:50:35 +0100] "GET /robots.txt HTTP/1.1" 404 619 "-" "(compatible;PetalBot;+https://aspiegel.com/petalbot)"
212.237.51.151 - - [12/Feb/2021:17:52:52 +0100] "HEAD / HTTP/1.1" 200 - "-" "Alert_Alligator_webmonitoring_service_1.6.3_(alertalligator.com)"
78.106.247.231 - - [12/Feb/2021:18:11:07 +0100] "GET / HTTP/1.1" 200 464 "-" "Boost.Beast/277"
54.36.149.80 - - [12/Feb/2021:18:54:01 +0100] "GET / HTTP/1.1" 200 464 "-" "Mozilla/5.0 (compatible; AhrefsBot/7.0; +http://ahrefs.com/robot/)"
17.58.97.6 - - [12/Feb/2021:19:00:32 +0100] "GET /robots.txt HTTP/1.1" 404 618 "-" "Mozilla/5.0 (Macintosh; Intel Mac OS X 10_15_5) AppleWebKit/605.1.15 (KHTML, like Gecko) Version/13.1.1 Safari/605.1.15 (Applebot/0.1; +http://www.apple.com/go/applebot)"
17.58.96.167 - - [12/Feb/2021:19:00:33 +0100] "GET /narixgep_2010-05-19_13_13_55.sql HTTP/1.1" 200 1234 "-" "Mozilla/5.0 (Macintosh; Intel Mac OS X 10_15_5) AppleWebKit/605.1.15 (KHTML, like Gecko) Version/13.1.1 Safari/605.1.15 (Applebot/0.1; +http://www.apple.com/go/applebot)"
49.12.13.109 - - [12/Feb/2021:19:33:01 +0100] "HEAD / HTTP/1.1" 200 - "-" "Alert_Alligator_webmonitoring_service_1.6.3_(alertalligator.com)"
5.34.180.192 - - [12/Feb/2021:20:10:43 +0100] "GET / HTTP/1.1" 200 1270 "https://pinapchik.com/" "Mozilla/4.0 (compatible; MSIE 6.0; Windows NT 5.1; .NET CLR 1.1.4322; Alexa Toolbar; (R1 1.5))"
5.34.180.192 - - [12/Feb/2021:20:10:43 +0100] "GET / HTTP/1.1" 200 1270 "https://pinapchik.com/" "Mozilla/4.0 (compatible; MSIE 6.0; Windows NT 5.1; .NET CLR 1.1.4322; Alexa Toolbar; (R1 1.5))"
5.34.180.192 - - [12/Feb/2021:20:10:44 +0100] "GET / HTTP/1.1" 200 1270 "https://pinapchik.com/" "Mozilla/4.0 (compatible; MSIE 6.0; Windows NT 5.1; .NET CLR 1.1.4322; Alexa Toolbar; (R1 1.5))"
49.12.13.109 - - [12/Feb/2021:20:32:01 +0100] "HEAD / HTTP/1.1" 200 - "-" "Alert_Alligator_webmonitoring_service_1.6.3_(alertalligator.com)"
114.119.152.114 - - [12/Feb/2021:22:04:07 +0100] "GET /robots.txt HTTP/1.1" 404 619 "-" "(compatible;PetalBot;+https://aspiegel.com/petalbot)"
212.237.51.151 - - [12/Feb/2021:22:34:39 +0100] "HEAD / HTTP/1.1" 200 - "-" "Alert_Alligator_webmonitoring_service_1.6.3_(alertalligator.com)"
212.237.51.151 - - [12/Feb/2021:23:33:44 +0100] "HEAD / HTTP/1.1" 200 - "-" "Alert_Alligator_webmonitoring_service_1.6.3_(alertalligator.com)"
84.2.35.174 - - [13/Feb/2021:00:32:28 +0100] "GET / HTTP/1.1" 200 1270 "-" "ActiveSiteCounter"
49.12.13.109 - - [13/Feb/2021:00:37:55 +0100] "HEAD / HTTP/1.1" 200 - "-" "Alert_Alligator_webmonitoring_service_1.6.3_(alertalligator.com)"
49.12.13.109 - - [13/Feb/2021:01:42:52 +0100] "HEAD / HTTP/1.1" 200 - "-" "Alert_Alligator_webmonitoring_service_1.6.3_(alertalligator.com)"
178.159.37.104 - - [13/Feb/2021:02:29:48 +0100] "GET / HTTP/1.1" 200 1270 "https://rental-power.com.ua/generators/" "Mozilla/4.0 (compatible; MSIE 6.0; Windows NT 5.1; SV1; .NET CLR 1.1.4322) Babya Discoverer 8.0:"
178.159.37.104 - - [13/Feb/2021:02:29:48 +0100] "GET / HTTP/1.1" 200 1270 "https://rental-power.com.ua/generators/" "Mozilla/4.0 (compatible; MSIE 6.0; Windows NT 5.1; SV1; .NET CLR 1.1.4322) Babya Discoverer 8.0:"
178.159.37.104 - - [13/Feb/2021:02:29:48 +0100] "GET / HTTP/1.1" 200 1270 "https://rental-power.com.ua/generators/" "Mozilla/4.0 (compatible; MSIE 6.0; Windows NT 5.1; SV1; .NET CLR 1.1.4322) Babya Discoverer 8.0:"
54.36.148.161 - - [13/Feb/2021:02:38:39 +0100] "GET /home/?C=M;O=D HTTP/1.1" 200 383 "-" "Mozilla/5.0 (compatible; AhrefsBot/7.0; +http://ahrefs.com/robot/)"
49.12.13.109 - - [13/Feb/2021:02:41:57 +0100] "HEAD / HTTP/1.1" 200 - "-" "Alert_Alligator_webmonitoring_service_1.6.3_(alertalligator.com)"
212.237.51.151 - - [13/Feb/2021:03:45:44 +0100] "HEAD / HTTP/1.1" 200 - "-" "Alert_Alligator_webmonitoring_service_1.6.3_(alertalligator.com)"
49.12.13.109 - - [13/Feb/2021:05:16:18 +0100] "HEAD / HTTP/1.1" 200 - "-" "Alert_Alligator_webmonitoring_service_1.6.3_(alertalligator.com)"
212.237.51.151 - - [13/Feb/2021:06:25:47 +0100] "HEAD / HTTP/1.1" 200 - "-" "Alert_Alligator_webmonitoring_service_1.6.3_(alertalligator.com)"
17.58.96.167 - - [13/Feb/2021:06:43:25 +0100] "GET /narixgep_2010-05-19_13_13_55.sql HTTP/1.1" 200 1234 "-" "Mozilla/5.0 (Macintosh; Intel Mac OS X 10_15_5) AppleWebKit/605.1.15 (KHTML, like Gecko) Version/13.1.1 Safari/605.1.15 (Applebot/0.1; +http://www.apple.com/go/applebot)"
212.237.51.151 - - [13/Feb/2021:07:24:50 +0100] "HEAD / HTTP/1.1" 200 - "-" "Alert_Alligator_webmonitoring_service_1.6.3_(alertalligator.com)"
212.237.51.151 - - [13/Feb/2021:08:52:08 +0100] "HEAD / HTTP/1.1" 200 - "-" "Alert_Alligator_webmonitoring_service_1.6.3_(alertalligator.com)"
49.12.13.109 - - [13/Feb/2021:09:51:10 +0100] "HEAD / HTTP/1.1" 200 - "-" "Alert_Alligator_webmonitoring_service_1.6.3_(alertalligator.com)"
54.36.149.19 - - [13/Feb/2021:09:51:44 +0100] "GET /robots.txt HTTP/1.1" 404 617 "-" "Mozilla/5.0 (compatible; AhrefsBot/6.1; +http://ahrefs.com/robot/)"
54.36.148.235 - - [13/Feb/2021:09:51:45 +0100] "GET / HTTP/1.1" 200 464 "-" "Mozilla/5.0 (compatible; AhrefsBot/7.0; +http://ahrefs.com/robot/)"
49.12.13.109 - - [13/Feb/2021:10:59:11 +0100] "HEAD / HTTP/1.1" 200 - "-" "Alert_Alligator_webmonitoring_service_1.6.3_(alertalligator.com)"
49.12.13.109 - - [13/Feb/2021:12:07:48 +0100] "HEAD / HTTP/1.1" 200 - "-" "Alert_Alligator_webmonitoring_service_1.6.3_(alertalligator.com)"
54.36.148.12 - - [13/Feb/2021:12:54:49 +0100] "GET /log/tran_2020_08.log.gz HTTP/1.1" 200 22695 "-" "Mozilla/5.0 (compatible; AhrefsBot/7.0; +http://ahrefs.com/robot/)"
49.12.13.109 - - [13/Feb/2021:13:12:06 +0100] "HEAD / HTTP/1.1" 200 - "-" "Alert_Alligator_webmonitoring_service_1.6.3_(alertalligator.com)"
212.237.51.151 - - [13/Feb/2021:14:11:09 +0100] "HEAD / HTTP/1.1" 200 - "-" "Alert_Alligator_webmonitoring_service_1.6.3_(alertalligator.com)"
157.55.39.41 - - [13/Feb/2021:14:24:30 +0100] "GET /robots.txt HTTP/1.1" 404 616 "-" "Mozilla/5.0 (compatible; bingbot/2.0; +http://www.bing.com/bingbot.htm)"
13.66.139.86 - - [13/Feb/2021:14:24:35 +0100] "GET /log/?C=M;O=D HTTP/1.1" 200 2274 "-" "Mozilla/5.0 (compatible; bingbot/2.0; +http://www.bing.com/bingbot.htm)"
49.12.13.109 - - [13/Feb/2021:15:14:53 +0100] "HEAD / HTTP/1.1" 200 - "-" "Alert_Alligator_webmonitoring_service_1.6.3_(alertalligator.com)"
17.58.97.174 - - [13/Feb/2021:16:06:30 +0100] "GET /robots.txt HTTP/1.1" 404 617 "-" "Mozilla/5.0 (Macintosh; Intel Mac OS X 10_15_5) AppleWebKit/605.1.15 (KHTML, like Gecko) Version/13.1.1 Safari/605.1.15 (Applebot/0.1; +http://www.apple.com/go/applebot)"
17.58.96.167 - - [13/Feb/2021:16:06:31 +0100] "GET /narixgep_2010-05-19_13_13_55.sql HTTP/1.1" 200 1234 "-" "Mozilla/5.0 (Macintosh; Intel Mac OS X 10_15_5) AppleWebKit/605.1.15 (KHTML, like Gecko) Version/13.1.1 Safari/605.1.15 (Applebot/0.1; +http://www.apple.com/go/applebot)"
49.12.13.109 - - [13/Feb/2021:16:22:29 +0100] "HEAD / HTTP/1.1" 200 - "-" "Alert_Alligator_webmonitoring_service_1.6.3_(alertalligator.com)"
54.36.148.223 - - [13/Feb/2021:16:37:23 +0100] "GET /robots.txt HTTP/1.1" 404 619 "-" "Mozilla/5.0 (compatible; AhrefsBot/6.1; +http://ahrefs.com/robot/)"
54.36.148.161 - - [13/Feb/2021:16:37:24 +0100] "GET /home/webserver/web/ws_rendszer/tools/inaktival/?C=N;O=D HTTP/1.1" 200 414 "-" "Mozilla/5.0 (compatible; AhrefsBot/7.0; +http://ahrefs.com/robot/)"
212.237.51.151 - - [13/Feb/2021:17:39:47 +0100] "HEAD / HTTP/1.1" 200 - "-" "Alert_Alligator_webmonitoring_service_1.6.3_(alertalligator.com)"
49.12.13.109 - - [13/Feb/2021:18:47:34 +0100] "HEAD / HTTP/1.1" 200 - "-" "Alert_Alligator_webmonitoring_service_1.6.3_(alertalligator.com)"
49.12.13.109 - - [13/Feb/2021:19:46:38 +0100] "HEAD / HTTP/1.1" 200 - "-" "Alert_Alligator_webmonitoring_service_1.6.3_(alertalligator.com)"
17.58.97.6 - - [13/Feb/2021:20:41:53 +0100] "GET /robots.txt HTTP/1.1" 404 617 "-" "Mozilla/5.0 (Macintosh; Intel Mac OS X 10_15_5) AppleWebKit/605.1.15 (KHTML, like Gecko) Version/13.1.1 Safari/605.1.15 (Applebot/0.1; +http://www.apple.com/go/applebot)"
17.58.96.167 - - [13/Feb/2021:20:41:53 +0100] "GET /web/ HTTP/1.1" 200 5632 "-" "Mozilla/5.0 (Macintosh; Intel Mac OS X 10_15_5) AppleWebKit/605.1.15 (KHTML, like Gecko) Version/13.1.1 Safari/605.1.15 (Applebot/0.1; +http://www.apple.com/go/applebot)"
212.237.51.151 - - [13/Feb/2021:20:45:42 +0100] "HEAD / HTTP/1.1" 200 - "-" "Alert_Alligator_webmonitoring_service_1.6.3_(alertalligator.com)"
54.36.149.42 - - [13/Feb/2021:21:06:09 +0100] "GET /narixgep_2010-05-19_13_13_55.sql HTTP/1.1" 200 1234 "-" "Mozilla/5.0 (compatible; AhrefsBot/7.0; +http://ahrefs.com/robot/)"
49.12.13.109 - - [13/Feb/2021:21:45:21 +0100] "HEAD / HTTP/1.1" 200 - "-" "Alert_Alligator_webmonitoring_service_1.6.3_(alertalligator.com)"
49.12.13.109 - - [13/Feb/2021:22:48:29 +0100] "HEAD / HTTP/1.1" 200 - "-" "Alert_Alligator_webmonitoring_service_1.6.3_(alertalligator.com)"
66.249.64.152 - - [13/Feb/2021:23:39:22 +0100] "GET /robots.txt HTTP/1.1" 404 616 "-" "Mozilla/5.0 (compatible; Googlebot/2.1; +http://www.google.com/bot.html)"
66.249.64.154 - - [13/Feb/2021:23:39:38 +0100] "GET /button3.swf HTTP/1.1" 404 616 "-" "Mozilla/5.0 (Linux; Android 6.0.1; Nexus 5X Build/MMB29P) AppleWebKit/537.36 (KHTML, like Gecko) Chrome/88.0.4324.153 Mobile Safari/537.36 (compatible; Googlebot/2.1; +http://www.google.com/bot.html)"
54.36.148.183 - - [13/Feb/2021:23:42:11 +0100] "GET / HTTP/1.1" 200 464 "-" "Mozilla/5.0 (compatible; AhrefsBot/7.0; +http://ahrefs.com/robot/)"
49.12.13.109 - - [14/Feb/2021:00:04:54 +0100] "HEAD / HTTP/1.1" 200 - "-" "Alert_Alligator_webmonitoring_service_1.6.3_(alertalligator.com)"
84.2.35.174 - - [14/Feb/2021:00:32:45 +0100] "GET / HTTP/1.1" 200 1270 "-" "ActiveSiteCounter"
212.237.51.151 - - [14/Feb/2021:01:04:05 +0100] "HEAD / HTTP/1.1" 200 - "-" "Alert_Alligator_webmonitoring_service_1.6.3_(alertalligator.com)"
212.237.51.151 - - [14/Feb/2021:02:03:22 +0100] "HEAD / HTTP/1.1" 200 - "-" "Alert_Alligator_webmonitoring_service_1.6.3_(alertalligator.com)"
66.249.64.147 - - [14/Feb/2021:02:11:31 +0100] "GET /robots.txt HTTP/1.1" 404 618 "-" "Mozilla/5.0 (compatible; Googlebot/2.1; +http://www.google.com/bot.html)"
66.249.64.147 - - [14/Feb/2021:02:11:31 +0100] "GET /web/ HTTP/1.1" 304 - "-" "Mozilla/5.0 (Linux; Android 6.0.1; Nexus 5X Build/MMB29P) AppleWebKit/537.36 (KHTML, like Gecko) Chrome/88.0.4324.153 Mobile Safari/537.36 (compatible; Googlebot/2.1; +http://www.google.com/bot.html)"
49.12.13.109 - - [14/Feb/2021:03:10:32 +0100] "HEAD / HTTP/1.1" 200 - "-" "Alert_Alligator_webmonitoring_service_1.6.3_(alertalligator.com)"
49.12.13.109 - - [14/Feb/2021:04:13:47 +0100] "HEAD / HTTP/1.1" 200 - "-" "Alert_Alligator_webmonitoring_service_1.6.3_(alertalligator.com)"
114.119.138.59 - - [14/Feb/2021:04:14:49 +0100] "GET /robots.txt HTTP/1.1" 404 619 "-" "(compatible;PetalBot;+https://aspiegel.com/petalbot)"
17.58.96.167 - - [14/Feb/2021:05:02:53 +0100] "GET / HTTP/1.1" 200 464 "-" "Mozilla/5.0 (Macintosh; Intel Mac OS X 10_15_5) AppleWebKit/605.1.15 (KHTML, like Gecko) Version/13.1.1 Safari/605.1.15 (Applebot/0.1; +http://www.apple.com/go/applebot)"
93.158.91.253 - - [14/Feb/2021:05:05:36 +0100] "GET / HTTP/1.1" 200 464 "-" "Mozilla/5.0 (Macintosh; Intel Mac OS X 11.1; rv:84.0) Gecko/20100101 Firefox/84.0"
54.36.148.240 - - [14/Feb/2021:05:11:18 +0100] "GET /home/?C=N;O=D HTTP/1.1" 200 383 "-" "Mozilla/5.0 (compatible; AhrefsBot/7.0; +http://ahrefs.com/robot/)"
49.12.13.109 - - [14/Feb/2021:05:17:31 +0100] "HEAD / HTTP/1.1" 200 - "-" "Alert_Alligator_webmonitoring_service_1.6.3_(alertalligator.com)"
49.12.13.109 - - [14/Feb/2021:06:35:00 +0100] "HEAD / HTTP/1.1" 200 - "-" "Alert_Alligator_webmonitoring_service_1.6.3_(alertalligator.com)"
34.254.157.18 - - [14/Feb/2021:07:27:29 +0100] "GET / HTTP/1.1" 200 1270 "-" "Mozilla/5.0 (Macintosh; Intel Mac OS X 10_15_6) AppleWebKit/537.36 (KHTML, like Gecko) Chrome/84.0.4147.105 Safari/537.36"
49.12.13.109 - - [14/Feb/2021:07:34:36 +0100] "HEAD / HTTP/1.1" 200 - "-" "Alert_Alligator_webmonitoring_service_1.6.3_(alertalligator.com)"
212.237.51.151 - - [14/Feb/2021:08:41:47 +0100] "HEAD / HTTP/1.1" 200 - "-" "Alert_Alligator_webmonitoring_service_1.6.3_(alertalligator.com)"
212.237.51.151 - - [14/Feb/2021:10:25:36 +0100] "HEAD / HTTP/1.1" 200 - "-" "Alert_Alligator_webmonitoring_service_1.6.3_(alertalligator.com)"
17.58.96.167 - - [14/Feb/2021:10:50:09 +0100] "GET /narixgep_2010-05-19_13_13_55.sql HTTP/1.1" 200 1234 "-" "Mozilla/5.0 (Macintosh; Intel Mac OS X 10_15_5) AppleWebKit/605.1.15 (KHTML, like Gecko) Version/13.1.1 Safari/605.1.15 (Applebot/0.1; +http://www.apple.com/go/applebot)"
5.34.180.192 - - [14/Feb/2021:10:55:10 +0100] "GET / HTTP/1.1" 200 1270 "https://rental-power.com.ua/generators/" "Mozilla/4.0 (compatible; MSIE 6.0; Windows NT 5.1; ru) Opera 8.50"
5.34.180.192 - - [14/Feb/2021:10:55:10 +0100] "GET / HTTP/1.1" 200 1270 "https://rental-power.com.ua/generators/" "Mozilla/4.0 (compatible; MSIE 6.0; Windows NT 5.1; ru) Opera 8.50"
5.34.180.192 - - [14/Feb/2021:10:55:10 +0100] "GET / HTTP/1.1" 200 1270 "https://rental-power.com.ua/generators/" "Mozilla/4.0 (compatible; MSIE 6.0; Windows NT 5.1; ru) Opera 8.50"
54.36.148.174 - - [14/Feb/2021:11:24:24 +0100] "GET /robots.txt HTTP/1.1" 404 615 "-" "Mozilla/5.0 (compatible; AhrefsBot/6.1; +http://ahrefs.com/robot/)"
54.36.148.183 - - [14/Feb/2021:11:24:25 +0100] "GET /home/webserver/web/ws_rendszer/tools/inaktival/template2/?C=S;O=D HTTP/1.1" 200 379 "-" "Mozilla/5.0 (compatible; AhrefsBot/7.0; +http://ahrefs.com/robot/)"
212.237.51.151 - - [14/Feb/2021:11:44:20 +0100] "HEAD / HTTP/1.1" 200 - "-" "Alert_Alligator_webmonitoring_service_1.6.3_(alertalligator.com)"
49.12.13.109 - - [14/Feb/2021:12:43:32 +0100] "HEAD / HTTP/1.1" 200 - "-" "Alert_Alligator_webmonitoring_service_1.6.3_(alertalligator.com)"
171.22.27.149 - - [14/Feb/2021:12:48:30 +0100] "GET / HTTP/1.1" 200 464 "-" "Mozilla/5.0 (Windows NT 10.0; Win64; x64) AppleWebKit/537.36 (KHTML, like Gecko) Chrome/85.0.4183.121 Safari/537.36"
171.22.27.149 - - [14/Feb/2021:12:48:52 +0100] "GET /log/ HTTP/1.1" 200 2306 "-" "Mozilla/5.0 (Windows NT 10.0; Win64; x64) AppleWebKit/537.36 (KHTML, like Gecko) Chrome/85.0.4183.121 Safari/537.36"
171.22.27.149 - - [14/Feb/2021:12:49:05 +0100] "GET /log/error.log HTTP/1.1" 200 350393 "-" "Mozilla/5.0 (Windows NT 10.0; Win64; x64) AppleWebKit/537.36 (KHTML, like Gecko) Chrome/85.0.4183.121 Safari/537.36"
171.22.27.149 - - [14/Feb/2021:12:49:17 +0100] "GET /log/tran_2010_04.log.gz HTTP/1.1" 200 276 "-" "Mozilla/5.0 (Windows NT 10.0; Win64; x64) AppleWebKit/537.36 (KHTML, like Gecko) Chrome/85.0.4183.121 Safari/537.36"
171.22.27.149 - - [14/Feb/2021:12:49:19 +0100] "GET /log/tran_2010_05.log.gz HTTP/1.1" 200 6525 "-" "Mozilla/5.0 (Windows NT 10.0; Win64; x64) AppleWebKit/537.36 (KHTML, like Gecko) Chrome/85.0.4183.121 Safari/537.36"
171.22.27.149 - - [14/Feb/2021:12:49:21 +0100] "GET /log/tran_2010_06.log.gz HTTP/1.1" 200 37 "-" "Mozilla/5.0 (Windows NT 10.0; Win64; x64) AppleWebKit/537.36 (KHTML, like Gecko) Chrome/85.0.4183.121 Safari/537.36"
171.22.27.149 - - [14/Feb/2021:12:49:22 +0100] "GET /log/tran_2010_07.log.gz HTTP/1.1" 200 8345 "-" "Mozilla/5.0 (Windows NT 10.0; Win64; x64) AppleWebKit/537.36 (KHTML, like Gecko) Chrome/85.0.4183.121 Safari/537.36"
49.12.13.109 - - [14/Feb/2021:13:43:12 +0100] "HEAD / HTTP/1.1" 200 - "-" "Alert_Alligator_webmonitoring_service_1.6.3_(alertalligator.com)"
17.58.96.167 - - [14/Feb/2021:14:05:39 +0100] "GET /narixgep_2010-05-19_13_13_55.sql HTTP/1.1" 200 1234 "-" "Mozilla/5.0 (Macintosh; Intel Mac OS X 10_15_5) AppleWebKit/605.1.15 (KHTML, like Gecko) Version/13.1.1 Safari/605.1.15 (Applebot/0.1; +http://www.apple.com/go/applebot)"
13.66.139.86 - - [14/Feb/2021:14:26:40 +0100] "GET /log/?C=M;O=D HTTP/1.1" 200 2278 "-" "Mozilla/5.0 (compatible; bingbot/2.0; +http://www.bing.com/bingbot.htm)"
49.12.13.109 - - [14/Feb/2021:14:42:12 +0100] "HEAD / HTTP/1.1" 200 - "-" "Alert_Alligator_webmonitoring_service_1.6.3_(alertalligator.com)"
212.237.51.151 - - [14/Feb/2021:15:50:44 +0100] "HEAD / HTTP/1.1" 200 - "-" "Alert_Alligator_webmonitoring_service_1.6.3_(alertalligator.com)"
54.36.149.65 - - [14/Feb/2021:16:09:31 +0100] "GET / HTTP/1.1" 200 464 "-" "Mozilla/5.0 (compatible; AhrefsBot/7.0; +http://ahrefs.com/robot/)"
212.237.51.151 - - [14/Feb/2021:16:59:12 +0100] "HEAD / HTTP/1.1" 200 - "-" "Alert_Alligator_webmonitoring_service_1.6.3_(alertalligator.com)"
212.237.51.151 - - [14/Feb/2021:18:18:56 +0100] "HEAD / HTTP/1.1" 200 - "-" "Alert_Alligator_webmonitoring_service_1.6.3_(alertalligator.com)"
212.237.51.151 - - [14/Feb/2021:19:18:03 +0100] "HEAD / HTTP/1.1" 200 - "-" "Alert_Alligator_webmonitoring_service_1.6.3_(alertalligator.com)"
54.36.148.93 - - [14/Feb/2021:19:38:46 +0100] "GET /robots.txt HTTP/1.1" 404 619 "-" "Mozilla/5.0 (compatible; AhrefsBot/6.1; +http://ahrefs.com/robot/)"
27.115.124.70 - - [14/Feb/2021:20:07:44 +0100] "GET / HTTP/1.1" 200 464 "http://baidu.com/" "Mozilla/5.0 (Linux; U; Android 8.1.0; zh-CN; EML-AL00 Build/HUAWEIEML-AL00) AppleWebKit/537.36 (KHTML, like Gecko) Version/4.0 Chrome/57.0.2987.108 baidu.sogo.uc.UCBrowser/11.9.4.974 UWS/2.13.1.48 Mobile Safari/537.36 AliApp(DingTalk/4.5.11) com.alibaba.android.rimet/10487439 Channel/227200 language/zh-CN"
27.115.124.70 - - [14/Feb/2021:20:07:48 +0100] "GET /icons/blank.gif HTTP/1.1" 200 148 "http://narix-gep.hu/" "Mozilla/5.0 (Linux; U; Android 8.1.0; zh-CN; EML-AL00 Build/HUAWEIEML-AL00) AppleWebKit/537.36 (KHTML, like Gecko) Version/4.0 Chrome/57.0.2987.108 baidu.sogo.uc.UCBrowser/11.9.4.974 UWS/2.13.1.48 Mobile Safari/537.36 AliApp(DingTalk/4.5.11) com.alibaba.android.rimet/10487439 Channel/227200 language/zh-CN"
27.115.124.70 - - [14/Feb/2021:20:07:49 +0100] "GET /icons/folder.gif HTTP/1.1" 200 225 "http://narix-gep.hu/" "Mozilla/5.0 (Linux; U; Android 8.1.0; zh-CN; EML-AL00 Build/HUAWEIEML-AL00) AppleWebKit/537.36 (KHTML, like Gecko) Version/4.0 Chrome/57.0.2987.108 baidu.sogo.uc.UCBrowser/11.9.4.974 UWS/2.13.1.48 Mobile Safari/537.36 AliApp(DingTalk/4.5.11) com.alibaba.android.rimet/10487439 Channel/227200 language/zh-CN"
27.115.124.70 - - [14/Feb/2021:20:07:50 +0100] "GET /icons/unknown.gif HTTP/1.1" 200 245 "http://narix-gep.hu/" "Mozilla/5.0 (Linux; U; Android 8.1.0; zh-CN; EML-AL00 Build/HUAWEIEML-AL00) AppleWebKit/537.36 (KHTML, like Gecko) Version/4.0 Chrome/57.0.2987.108 baidu.sogo.uc.UCBrowser/11.9.4.974 UWS/2.13.1.48 Mobile Safari/537.36 AliApp(DingTalk/4.5.11) com.alibaba.android.rimet/10487439 Channel/227200 language/zh-CN"
49.12.13.109 - - [14/Feb/2021:20:17:24 +0100] "HEAD / HTTP/1.1" 200 - "-" "Alert_Alligator_webmonitoring_service_1.6.3_(alertalligator.com)"
66.249.64.156 - - [14/Feb/2021:21:08:52 +0100] "GET /robots.txt HTTP/1.1" 404 616 "-" "Mozilla/5.0 (compatible; Googlebot/2.1; +http://www.google.com/bot.html)"
66.249.64.156 - - [14/Feb/2021:21:08:52 +0100] "GET /wp-json/wp/v2/users HTTP/1.1" 404 616 "-" "Mozilla/5.0 (Linux; Android 6.0.1; Nexus 5X Build/MMB29P) AppleWebKit/537.36 (KHTML, like Gecko) Chrome/88.0.4324.153 Mobile Safari/537.36 (compatible; Googlebot/2.1; +http://www.google.com/bot.html)"
212.237.51.151 - - [14/Feb/2021:21:16:30 +0100] "HEAD / HTTP/1.1" 200 - "-" "Alert_Alligator_webmonitoring_service_1.6.3_(alertalligator.com)"
66.249.64.143 - - [14/Feb/2021:21:34:02 +0100] "GET /robots.txt HTTP/1.1" 404 619 "-" "Mozilla/5.0 (compatible; Googlebot/2.1; +http://www.google.com/bot.html)"
66.249.64.143 - - [14/Feb/2021:21:34:02 +0100] "GET /wacker.html HTTP/1.1" 404 619 "-" "Mozilla/5.0 (Linux; Android 6.0.1; Nexus 5X Build/MMB29P) AppleWebKit/537.36 (KHTML, like Gecko) Chrome/88.0.4324.153 Mobile Safari/537.36 (compatible; Googlebot/2.1; +http://www.google.com/bot.html)"
212.237.51.151 - - [14/Feb/2021:22:20:07 +0100] "HEAD / HTTP/1.1" 200 - "-" "Alert_Alligator_webmonitoring_service_1.6.3_(alertalligator.com)"
49.12.13.109 - - [14/Feb/2021:23:24:25 +0100] "HEAD / HTTP/1.1" 200 - "-" "Alert_Alligator_webmonitoring_service_1.6.3_(alertalligator.com)"
66.249.64.147 - - [15/Feb/2021:00:07:30 +0100] "GET /button1.swf HTTP/1.1" 404 618 "-" "Mozilla/5.0 (Linux; Android 6.0.1; Nexus 5X Build/MMB29P) AppleWebKit/537.36 (KHTML, like Gecko) Chrome/88.0.4324.153 Mobile Safari/537.36 (compatible; Googlebot/2.1; +http://www.google.com/bot.html)"
84.2.35.174 - - [15/Feb/2021:00:39:08 +0100] "GET / HTTP/1.1" 200 1270 "-" "ActiveSiteCounter"
212.237.51.151 - - [15/Feb/2021:00:52:20 +0100] "HEAD / HTTP/1.1" 200 - "-" "Alert_Alligator_webmonitoring_service_1.6.3_(alertalligator.com)"
49.12.13.109 - - [15/Feb/2021:01:56:12 +0100] "HEAD / HTTP/1.1" 200 - "-" "Alert_Alligator_webmonitoring_service_1.6.3_(alertalligator.com)"
64.44.48.202 - - [15/Feb/2021:02:13:48 +0100] "GET / HTTP/1.1" 200 464 "-" "Mozilla/5.0 (Windows NT 6.1; Win64; x64) AppleWebKit/537.36 (KHTML, like Gecko) Chrome/67.0.3396.18 Safari/537.36 OPR/55.0.2962.0 (Edition developer)"
64.44.48.202 - - [15/Feb/2021:02:13:49 +0100] "GET /?C=N;O=D HTTP/1.1" 200 465 "http://narix-gep.hu" "Mozilla/5.0 (Windows NT 6.1; Win64; x64) AppleWebKit/537.36 (KHTML, like Gecko) Chrome/67.0.3396.18 Safari/537.36 OPR/55.0.2962.0 (Edition developer)"
64.44.48.202 - - [15/Feb/2021:02:13:50 +0100] "GET /web/ HTTP/1.1" 200 5632 "http://narix-gep.hu" "Mozilla/5.0 (Windows NT 6.1; Win64; x64) AppleWebKit/537.36 (KHTML, like Gecko) Chrome/67.0.3396.18 Safari/537.36 OPR/55.0.2962.0 (Edition developer)"
64.44.48.202 - - [15/Feb/2021:02:13:51 +0100] "GET /?C=M;O=A HTTP/1.1" 200 462 "http://narix-gep.hu" "Mozilla/5.0 (Windows NT 6.1; Win64; x64) AppleWebKit/537.36 (KHTML, like Gecko) Chrome/67.0.3396.18 Safari/537.36 OPR/55.0.2962.0 (Edition developer)"
64.44.48.202 - - [15/Feb/2021:02:13:52 +0100] "GET /narixgep_2010-05-19_13_13_55.sql HTTP/1.1" 200 1234 "http://narix-gep.hu" "Mozilla/5.0 (Windows NT 6.1; Win64; x64) AppleWebKit/537.36 (KHTML, like Gecko) Chrome/67.0.3396.18 Safari/537.36 OPR/55.0.2962.0 (Edition developer)"
64.44.48.202 - - [15/Feb/2021:02:13:52 +0100] "GET /?C=S;O=A HTTP/1.1" 200 462 "http://narix-gep.hu" "Mozilla/5.0 (Windows NT 6.1; Win64; x64) AppleWebKit/537.36 (KHTML, like Gecko) Chrome/67.0.3396.18 Safari/537.36 OPR/55.0.2962.0 (Edition developer)"
64.44.48.202 - - [15/Feb/2021:02:13:53 +0100] "GET /log/ HTTP/1.1" 200 2306 "http://narix-gep.hu" "Mozilla/5.0 (Windows NT 6.1; Win64; x64) AppleWebKit/537.36 (KHTML, like Gecko) Chrome/67.0.3396.18 Safari/537.36 OPR/55.0.2962.0 (Edition developer)"
64.44.48.202 - - [15/Feb/2021:02:13:59 +0100] "GET /?C=D;O=A HTTP/1.1" 200 464 "http://narix-gep.hu" "Mozilla/5.0 (Windows NT 6.1; Win64; x64) AppleWebKit/537.36 (KHTML, like Gecko) Chrome/67.0.3396.18 Safari/537.36 OPR/55.0.2962.0 (Edition developer)"
64.44.48.202 - - [15/Feb/2021:02:14:00 +0100] "GET /home/ HTTP/1.1" 200 385 "http://narix-gep.hu" "Mozilla/5.0 (Windows NT 6.1; Win64; x64) AppleWebKit/537.36 (KHTML, like Gecko) Chrome/67.0.3396.18 Safari/537.36 OPR/55.0.2962.0 (Edition developer)"
49.12.13.109 - - [15/Feb/2021:03:30:24 +0100] "HEAD / HTTP/1.1" 200 - "-" "Alert_Alligator_webmonitoring_service_1.6.3_(alertalligator.com)"
54.36.148.85 - - [15/Feb/2021:04:06:02 +0100] "GET /home/webserver/web/ws_rendszer/?C=D;O=D HTTP/1.1" 200 400 "-" "Mozilla/5.0 (compatible; AhrefsBot/7.0; +http://ahrefs.com/robot/)"
49.12.13.109 - - [15/Feb/2021:04:29:27 +0100] "HEAD / HTTP/1.1" 200 - "-" "Alert_Alligator_webmonitoring_service_1.6.3_(alertalligator.com)"
49.12.13.109 - - [15/Feb/2021:05:33:07 +0100] "HEAD / HTTP/1.1" 200 - "-" "Alert_Alligator_webmonitoring_service_1.6.3_(alertalligator.com)"
54.36.148.49 - - [15/Feb/2021:05:43:57 +0100] "GET /home/webserver/web/?C=M;O=D HTTP/1.1" 200 395 "-" "Mozilla/5.0 (compatible; AhrefsBot/7.0; +http://ahrefs.com/robot/)"
212.237.51.151 - - [15/Feb/2021:06:50:40 +0100] "HEAD / HTTP/1.1" 200 - "-" "Alert_Alligator_webmonitoring_service_1.6.3_(alertalligator.com)"
94.216.30.49 - - [15/Feb/2021:07:33:08 +0100] "GET / HTTP/1.1" 200 464 "-" "Mozilla/5.0 (Windows NT 6.1) AppleWebKit/537.36 (KHTML, like Gecko) Chrome/88.0.4324.150 Safari/537.36"
94.216.30.49 - - [15/Feb/2021:07:33:08 +0100] "GET /icons/blank.gif HTTP/1.1" 200 148 "http://narix-gep.hu/" "Mozilla/5.0 (Windows NT 6.1) AppleWebKit/537.36 (KHTML, like Gecko) Chrome/88.0.4324.150 Safari/537.36"
94.216.30.49 - - [15/Feb/2021:07:33:08 +0100] "GET /icons/folder.gif HTTP/1.1" 200 225 "http://narix-gep.hu/" "Mozilla/5.0 (Windows NT 6.1) AppleWebKit/537.36 (KHTML, like Gecko) Chrome/88.0.4324.150 Safari/537.36"
94.216.30.49 - - [15/Feb/2021:07:33:08 +0100] "GET /icons/unknown.gif HTTP/1.1" 200 245 "http://narix-gep.hu/" "Mozilla/5.0 (Windows NT 6.1) AppleWebKit/537.36 (KHTML, like Gecko) Chrome/88.0.4324.150 Safari/537.36"
94.216.30.49 - - [15/Feb/2021:07:33:08 +0100] "GET /favicon.ico HTTP/1.1" 404 657 "http://narix-gep.hu/" "Mozilla/5.0 (Windows NT 6.1) AppleWebKit/537.36 (KHTML, like Gecko) Chrome/88.0.4324.150 Safari/537.36"
94.216.30.49 - - [15/Feb/2021:07:33:15 +0100] "GET / HTTP/1.1" 200 464 "-" "Mozilla/5.0 (Windows NT 6.1) AppleWebKit/537.36 (KHTML, like Gecko) Chrome/88.0.4324.150 Safari/537.36"
49.12.13.109 - - [15/Feb/2021:07:54:24 +0100] "HEAD / HTTP/1.1" 200 - "-" "Alert_Alligator_webmonitoring_service_1.6.3_(alertalligator.com)"
49.12.13.109 - - [15/Feb/2021:08:58:13 +0100] "HEAD / HTTP/1.1" 200 - "-" "Alert_Alligator_webmonitoring_service_1.6.3_(alertalligator.com)"
66.249.64.143 - - [15/Feb/2021:08:59:26 +0100] "GET /stone.html HTTP/1.1" 404 619 "-" "Mozilla/5.0 (compatible; Googlebot/2.1; +http://www.google.com/bot.html)"
157.55.39.41 - - [15/Feb/2021:09:32:17 +0100] "GET /robots.txt HTTP/1.1" 404 617 "-" "Mozilla/5.0 (compatible; bingbot/2.0; +http://www.bing.com/bingbot.htm)"
54.36.148.136 - - [15/Feb/2021:09:46:41 +0100] "GET /home/webserver/?C=N;O=D HTTP/1.1" 200 387 "-" "Mozilla/5.0 (compatible; AhrefsBot/7.0; +http://ahrefs.com/robot/)"
49.12.13.109 - - [15/Feb/2021:09:57:30 +0100] "HEAD / HTTP/1.1" 200 - "-" "Alert_Alligator_webmonitoring_service_1.6.3_(alertalligator.com)"
17.58.97.174 - - [15/Feb/2021:10:14:46 +0100] "GET /robots.txt HTTP/1.1" 404 617 "-" "Mozilla/5.0 (Macintosh; Intel Mac OS X 10_15_5) AppleWebKit/605.1.15 (KHTML, like Gecko) Version/13.1.1 Safari/605.1.15 (Applebot/0.1; +http://www.apple.com/go/applebot)"
17.58.96.167 - - [15/Feb/2021:10:14:46 +0100] "GET /narixgep_2010-05-19_13_13_55.sql HTTP/1.1" 200 1234 "-" "Mozilla/5.0 (Macintosh; Intel Mac OS X 10_15_5) AppleWebKit/605.1.15 (KHTML, like Gecko) Version/13.1.1 Safari/605.1.15 (Applebot/0.1; +http://www.apple.com/go/applebot)"
49.12.13.109 - - [15/Feb/2021:10:56:55 +0100] "HEAD / HTTP/1.1" 200 - "-" "Alert_Alligator_webmonitoring_service_1.6.3_(alertalligator.com)"
31.13.103.9 - - [15/Feb/2021:11:35:11 +0100] "GET / HTTP/1.1" 206 464 "-" "facebookexternalhit/1.1 (+http://www.facebook.com/externalhit_uatext.php)"
31.13.103.4 - - [15/Feb/2021:11:35:13 +0100] "GET / HTTP/1.1" 206 464 "-" "facebookexternalhit/1.1 (+http://www.facebook.com/externalhit_uatext.php)"
207.46.13.8 - - [15/Feb/2021:11:38:59 +0100] "GET / HTTP/1.1" 200 464 "-" "Mozilla/5.0 (compatible; bingbot/2.0; +http://www.bing.com/bingbot.htm)"
40.77.167.48 - - [15/Feb/2021:11:39:28 +0100] "GET /robots.txt HTTP/1.1" 404 616 "-" "Mozilla/5.0 (compatible; bingbot/2.0; +http://www.bing.com/bingbot.htm)"
207.46.13.132 - - [15/Feb/2021:12:11:37 +0100] "GET /log/tran_2018_09.log.gz HTTP/1.1" 304 - "-" "Mozilla/5.0 (compatible; bingbot/2.0; +http://www.bing.com/bingbot.htm)"
212.237.51.151 - - [15/Feb/2021:12:14:23 +0100] "HEAD / HTTP/1.1" 200 - "-" "Alert_Alligator_webmonitoring_service_1.6.3_(alertalligator.com)"
49.12.13.109 - - [15/Feb/2021:13:50:38 +0100] "HEAD / HTTP/1.1" 200 - "-" "Alert_Alligator_webmonitoring_service_1.6.3_(alertalligator.com)"
157.55.39.41 - - [15/Feb/2021:14:28:41 +0100] "GET /robots.txt HTTP/1.1" 404 616 "-" "Mozilla/5.0 (compatible; bingbot/2.0; +http://www.bing.com/bingbot.htm)"
13.66.139.86 - - [15/Feb/2021:14:28:49 +0100] "GET /log/?C=M;O=D HTTP/1.1" 200 2279 "-" "Mozilla/5.0 (compatible; bingbot/2.0; +http://www.bing.com/bingbot.htm)"
49.12.13.109 - - [15/Feb/2021:14:49:45 +0100] "HEAD / HTTP/1.1" 200 - "-" "Alert_Alligator_webmonitoring_service_1.6.3_(alertalligator.com)"
178.159.37.104 - - [15/Feb/2021:15:19:51 +0100] "GET / HTTP/1.1" 200 1270 "https://sauni-moskva.ru/" "Mozilla/4.0 (compatible; MSIE 6.0; Windows NT 5.1; SV1; .NET CLR 1.1.4322; .NET CLR 2.0.50727)"
178.159.37.104 - - [15/Feb/2021:15:19:51 +0100] "GET / HTTP/1.1" 200 1270 "https://avtolombard-voronezh.ru/" "Mozilla/4.0 (compatible; MSIE 6.0; Windows NT 5.1; SV1; .NET CLR 1.1.4322; .NET CLR 2.0.50727)"
178.159.37.104 - - [15/Feb/2021:15:19:51 +0100] "GET / HTTP/1.1" 200 1270 "https://sauni-moskva.ru/" "Mozilla/4.0 (compatible; MSIE 6.0; Windows NT 5.1; SV1; .NET CLR 1.1.4322; .NET CLR 2.0.50727)"
178.159.37.104 - - [15/Feb/2021:15:19:51 +0100] "GET / HTTP/1.1" 200 1270 "https://avtolombard-voronezh.ru/" "Mozilla/4.0 (compatible; MSIE 6.0; Windows NT 5.1; SV1; .NET CLR 1.1.4322; .NET CLR 2.0.50727)"
49.12.13.109 - - [15/Feb/2021:16:47:15 +0100] "HEAD / HTTP/1.1" 200 - "-" "Alert_Alligator_webmonitoring_service_1.6.3_(alertalligator.com)"
49.12.13.109 - - [15/Feb/2021:17:52:29 +0100] "HEAD / HTTP/1.1" 200 - "-" "Alert_Alligator_webmonitoring_service_1.6.3_(alertalligator.com)"
157.55.39.41 - - [15/Feb/2021:18:05:13 +0100] "GET /robots.txt HTTP/1.1" 404 616 "-" "Mozilla/5.0 (compatible; bingbot/2.0; +http://www.bing.com/bingbot.htm)"
