49.12.13.109 - - [22/Feb/2021:07:32:44 +0100] "HEAD / HTTP/1.1" 200 - "-" "Alert_Alligator_webmonitoring_service_1.6.3_(alertalligator.com)"
13.66.139.86 - - [22/Feb/2021:07:54:40 +0100] "GET /log/?C=M;O=D HTTP/1.1" 200 2277 "-" "Mozilla/5.0 (compatible; bingbot/2.0; +http://www.bing.com/bingbot.htm)"
54.36.148.186 - - [22/Feb/2021:08:35:40 +0100] "GET /home/webserver/web/ws_rendszer/tools/?C=M;O=A HTTP/1.1" 200 408 "-" "Mozilla/5.0 (compatible; AhrefsBot/7.0; +http://ahrefs.com/robot/)"
49.12.13.109 - - [22/Feb/2021:08:55:16 +0100] "HEAD / HTTP/1.1" 200 - "-" "Alert_Alligator_webmonitoring_service_1.6.3_(alertalligator.com)"
49.12.13.109 - - [22/Feb/2021:09:54:36 +0100] "HEAD / HTTP/1.1" 200 - "-" "Alert_Alligator_webmonitoring_service_1.6.3_(alertalligator.com)"
54.36.148.186 - - [22/Feb/2021:10:02:21 +0100] "GET /home/webserver/?C=N;O=D HTTP/1.1" 200 387 "-" "Mozilla/5.0 (compatible; AhrefsBot/7.0; +http://ahrefs.com/robot/)"
49.12.13.109 - - [22/Feb/2021:10:53:40 +0100] "HEAD / HTTP/1.1" 200 - "-" "Alert_Alligator_webmonitoring_service_1.6.3_(alertalligator.com)"
114.119.129.115 - - [22/Feb/2021:11:05:58 +0100] "GET /robots.txt HTTP/1.1" 404 618 "-" "(compatible;PetalBot;+https://aspiegel.com/petalbot)"
54.36.148.186 - - [22/Feb/2021:11:15:13 +0100] "GET /home/webserver/web/ws_rendszer/tools/inaktival/template2/?C=N;O=A HTTP/1.1" 200 380 "-" "Mozilla/5.0 (compatible; AhrefsBot/7.0; +http://ahrefs.com/robot/)"
31.13.103.15 - - [22/Feb/2021:11:28:11 +0100] "GET / HTTP/1.1" 206 464 "-" "facebookexternalhit/1.1 (+http://www.facebook.com/externalhit_uatext.php)"
31.13.103.16 - - [22/Feb/2021:11:28:12 +0100] "GET / HTTP/1.1" 206 464 "-" "facebookexternalhit/1.1 (+http://www.facebook.com/externalhit_uatext.php)"
49.12.13.109 - - [22/Feb/2021:12:05:16 +0100] "HEAD / HTTP/1.1" 200 - "-" "Alert_Alligator_webmonitoring_service_1.6.3_(alertalligator.com)"
66.249.69.238 - - [22/Feb/2021:13:00:19 +0100] "GET /robots.txt HTTP/1.1" 404 618 "-" "Mozilla/5.0 (compatible; Googlebot/2.1; +http://www.google.com/bot.html)"
66.249.69.238 - - [22/Feb/2021:13:00:20 +0100] "GET /log/tran_2020_06.log.gz HTTP/1.1" 200 16986 "-" "Mozilla/5.0 (Linux; Android 6.0.1; Nexus 5X Build/MMB29P) AppleWebKit/537.36 (KHTML, like Gecko) Chrome/88.0.4324.153 Mobile Safari/537.36 (compatible; Googlebot/2.1; +http://www.google.com/bot.html)"
54.36.148.186 - - [22/Feb/2021:13:44:41 +0100] "GET /home/webserver/web/ws_rendszer/tools/?C=S;O=A HTTP/1.1" 200 408 "-" "Mozilla/5.0 (compatible; AhrefsBot/7.0; +http://ahrefs.com/robot/)"
212.237.51.151 - - [22/Feb/2021:13:49:58 +0100] "HEAD / HTTP/1.1" 200 - "-" "Alert_Alligator_webmonitoring_service_1.6.3_(alertalligator.com)"
212.237.51.151 - - [22/Feb/2021:14:55:16 +0100] "HEAD / HTTP/1.1" 200 - "-" "Alert_Alligator_webmonitoring_service_1.6.3_(alertalligator.com)"
66.249.69.240 - - [22/Feb/2021:15:01:23 +0100] "GET /stone.html HTTP/1.1" 404 618 "-" "Mozilla/5.0 (compatible; Googlebot/2.1; +http://www.google.com/bot.html)"
49.12.13.109 - - [22/Feb/2021:15:54:19 +0100] "HEAD / HTTP/1.1" 200 - "-" "Alert_Alligator_webmonitoring_service_1.6.3_(alertalligator.com)"
49.12.13.109 - - [22/Feb/2021:16:57:42 +0100] "HEAD / HTTP/1.1" 200 - "-" "Alert_Alligator_webmonitoring_service_1.6.3_(alertalligator.com)"
157.55.39.41 - - [22/Feb/2021:17:20:07 +0100] "GET /robots.txt HTTP/1.1" 404 619 "-" "Mozilla/5.0 (compatible; bingbot/2.0; +http://www.bing.com/bingbot.htm)"
13.66.139.3 - - [22/Feb/2021:17:20:14 +0100] "GET /stone.html HTTP/1.1" 404 618 "-" "Mozilla/5.0 (compatible; bingbot/2.0; +http://www.bing.com/bingbot.htm)"
13.66.139.86 - - [22/Feb/2021:17:20:55 +0100] "GET /home/ HTTP/1.1" 200 385 "-" "Mozilla/5.0 (compatible; bingbot/2.0; +http://www.bing.com/bingbot.htm)"
49.12.13.109 - - [22/Feb/2021:17:56:43 +0100] "HEAD / HTTP/1.1" 200 - "-" "Alert_Alligator_webmonitoring_service_1.6.3_(alertalligator.com)"
17.58.97.174 - - [22/Feb/2021:18:54:02 +0100] "GET /robots.txt HTTP/1.1" 404 616 "-" "Mozilla/5.0 (Macintosh; Intel Mac OS X 10_15_5) AppleWebKit/605.1.15 (KHTML, like Gecko) Version/13.1.1 Safari/605.1.15 (Applebot/0.1; +http://www.apple.com/go/applebot)"
17.58.96.167 - - [22/Feb/2021:18:54:03 +0100] "GET /home/ HTTP/1.1" 200 385 "-" "Mozilla/5.0 (Macintosh; Intel Mac OS X 10_15_5) AppleWebKit/605.1.15 (KHTML, like Gecko) Version/13.1.1 Safari/605.1.15 (Applebot/0.1; +http://www.apple.com/go/applebot)"
212.237.51.151 - - [22/Feb/2021:19:02:44 +0100] "HEAD / HTTP/1.1" 200 - "-" "Alert_Alligator_webmonitoring_service_1.6.3_(alertalligator.com)"
49.12.13.109 - - [22/Feb/2021:20:02:25 +0100] "HEAD / HTTP/1.1" 200 - "-" "Alert_Alligator_webmonitoring_service_1.6.3_(alertalligator.com)"
49.12.13.109 - - [22/Feb/2021:21:23:02 +0100] "HEAD / HTTP/1.1" 200 - "-" "Alert_Alligator_webmonitoring_service_1.6.3_(alertalligator.com)"
157.55.39.41 - - [22/Feb/2021:21:57:59 +0100] "GET /robots.txt HTTP/1.1" 404 617 "-" "Mozilla/5.0 (compatible; bingbot/2.0; +http://www.bing.com/bingbot.htm)"
157.55.39.117 - - [22/Feb/2021:21:58:03 +0100] "GET /log/tran_2015_01.log.gz HTTP/1.1" 304 - "-" "Mozilla/5.0 (compatible; bingbot/2.0; +http://www.bing.com/bingbot.htm)"
212.237.51.151 - - [22/Feb/2021:22:22:11 +0100] "HEAD / HTTP/1.1" 200 - "-" "Alert_Alligator_webmonitoring_service_1.6.3_(alertalligator.com)"
49.12.13.109 - - [22/Feb/2021:23:21:32 +0100] "HEAD / HTTP/1.1" 200 - "-" "Alert_Alligator_webmonitoring_service_1.6.3_(alertalligator.com)"
157.55.39.41 - - [22/Feb/2021:23:49:05 +0100] "GET /robots.txt HTTP/1.1" 404 616 "-" "Mozilla/5.0 (compatible; bingbot/2.0; +http://www.bing.com/bingbot.htm)"
13.66.139.153 - - [22/Feb/2021:23:49:12 +0100] "GET /log/ HTTP/1.1" 200 2307 "-" "Mozilla/5.0 (compatible; bingbot/2.0; +http://www.bing.com/bingbot.htm)"
49.12.13.109 - - [23/Feb/2021:00:22:42 +0100] "HEAD / HTTP/1.1" 200 - "-" "Alert_Alligator_webmonitoring_service_1.6.3_(alertalligator.com)"
84.2.35.174 - - [23/Feb/2021:00:33:40 +0100] "GET / HTTP/1.1" 200 1270 "-" "ActiveSiteCounter"
49.12.13.109 - - [23/Feb/2021:01:26:16 +0100] "HEAD / HTTP/1.1" 200 - "-" "Alert_Alligator_webmonitoring_service_1.6.3_(alertalligator.com)"
49.12.13.109 - - [23/Feb/2021:02:35:14 +0100] "HEAD / HTTP/1.1" 200 - "-" "Alert_Alligator_webmonitoring_service_1.6.3_(alertalligator.com)"
212.237.51.151 - - [23/Feb/2021:03:35:27 +0100] "HEAD / HTTP/1.1" 200 - "-" "Alert_Alligator_webmonitoring_service_1.6.3_(alertalligator.com)"
212.237.51.151 - - [23/Feb/2021:04:57:52 +0100] "HEAD / HTTP/1.1" 200 - "-" "Alert_Alligator_webmonitoring_service_1.6.3_(alertalligator.com)"
5.34.180.192 - - [23/Feb/2021:05:32:26 +0100] "GET / HTTP/1.1" 200 1270 "http://xn--d1abj0abs9d.in.ua/" "Mozilla/4.0 (compatible; MSIE 6.0; Windows NT 5.1; FREE; .NET CLR 1.1.4322)"
5.34.180.192 - - [23/Feb/2021:05:32:26 +0100] "GET / HTTP/1.1" 200 1270 "http://xn--d1abj0abs9d.in.ua/" "Mozilla/4.0 (compatible; MSIE 6.0; Windows NT 5.1; FREE; .NET CLR 1.1.4322)"
5.34.180.192 - - [23/Feb/2021:05:32:26 +0100] "GET / HTTP/1.1" 200 1270 "http://xn--d1abj0abs9d.in.ua/" "Mozilla/4.0 (compatible; MSIE 6.0; Windows NT 5.1; FREE; .NET CLR 1.1.4322)"
212.237.51.151 - - [23/Feb/2021:06:08:17 +0100] "HEAD / HTTP/1.1" 200 - "-" "Alert_Alligator_webmonitoring_service_1.6.3_(alertalligator.com)"
49.12.13.109 - - [23/Feb/2021:07:09:06 +0100] "HEAD / HTTP/1.1" 200 - "-" "Alert_Alligator_webmonitoring_service_1.6.3_(alertalligator.com)"
49.12.13.109 - - [23/Feb/2021:08:09:40 +0100] "HEAD / HTTP/1.1" 200 - "-" "Alert_Alligator_webmonitoring_service_1.6.3_(alertalligator.com)"
54.36.148.96 - - [23/Feb/2021:09:04:18 +0100] "GET /robots.txt HTTP/1.1" 404 616 "-" "Mozilla/5.0 (compatible; AhrefsBot/6.1; +http://ahrefs.com/robot/)"
54.36.148.232 - - [23/Feb/2021:09:04:18 +0100] "GET / HTTP/1.1" 200 464 "-" "Mozilla/5.0 (compatible; AhrefsBot/7.0; +http://ahrefs.com/robot/)"
49.12.13.109 - - [23/Feb/2021:09:09:35 +0100] "HEAD / HTTP/1.1" 200 - "-" "Alert_Alligator_webmonitoring_service_1.6.3_(alertalligator.com)"
212.237.51.151 - - [23/Feb/2021:10:40:28 +0100] "HEAD / HTTP/1.1" 200 - "-" "Alert_Alligator_webmonitoring_service_1.6.3_(alertalligator.com)"
212.237.51.151 - - [23/Feb/2021:11:39:32 +0100] "HEAD / HTTP/1.1" 200 - "-" "Alert_Alligator_webmonitoring_service_1.6.3_(alertalligator.com)"
54.36.148.22 - - [23/Feb/2021:12:29:56 +0100] "GET /robots.txt HTTP/1.1" 404 619 "-" "Mozilla/5.0 (compatible; AhrefsBot/6.1; +http://ahrefs.com/robot/)"
54.36.148.22 - - [23/Feb/2021:12:29:56 +0100] "GET /log/tran_2019_08.log.gz HTTP/1.1" 200 15948 "-" "Mozilla/5.0 (compatible; AhrefsBot/7.0; +http://ahrefs.com/robot/)"
157.55.39.41 - - [23/Feb/2021:12:43:41 +0100] "GET /robots.txt HTTP/1.1" 404 616 "-" "Mozilla/5.0 (compatible; bingbot/2.0; +http://www.bing.com/bingbot.htm)"
13.66.139.153 - - [23/Feb/2021:12:43:49 +0100] "GET /log/ HTTP/1.1" 200 2306 "-" "Mozilla/5.0 (compatible; bingbot/2.0; +http://www.bing.com/bingbot.htm)"
49.12.13.109 - - [23/Feb/2021:12:45:39 +0100] "HEAD / HTTP/1.1" 200 - "-" "Alert_Alligator_webmonitoring_service_1.6.3_(alertalligator.com)"
157.55.39.117 - - [23/Feb/2021:12:57:29 +0100] "GET /log/tran_2020_01.log.gz HTTP/1.1" 304 - "-" "Mozilla/5.0 (compatible; bingbot/2.0; +http://www.bing.com/bingbot.htm)"
49.12.13.109 - - [23/Feb/2021:13:51:25 +0100] "HEAD / HTTP/1.1" 200 - "-" "Alert_Alligator_webmonitoring_service_1.6.3_(alertalligator.com)"
49.12.13.109 - - [23/Feb/2021:14:50:51 +0100] "HEAD / HTTP/1.1" 200 - "-" "Alert_Alligator_webmonitoring_service_1.6.3_(alertalligator.com)"
54.171.159.237 - - [23/Feb/2021:14:52:15 +0100] "GET / HTTP/1.1" 200 464 "-" "Mozilla/5.0 (Macintosh; Intel Mac OS X 10.15; rv:81.0) Gecko/20100101 Firefox/81.0"
157.55.39.41 - - [23/Feb/2021:15:15:52 +0100] "GET /robots.txt HTTP/1.1" 404 617 "-" "Mozilla/5.0 (compatible; bingbot/2.0; +http://www.bing.com/bingbot.htm)"
13.66.139.137 - - [23/Feb/2021:15:15:54 +0100] "GET /home/ HTTP/1.1" 200 385 "-" "Mozilla/5.0 (compatible; bingbot/2.0; +http://www.bing.com/bingbot.htm)"
13.66.139.153 - - [23/Feb/2021:15:15:59 +0100] "GET /stone.html HTTP/1.1" 404 617 "-" "Mozilla/5.0 (compatible; bingbot/2.0; +http://www.bing.com/bingbot.htm)"
54.36.148.188 - - [23/Feb/2021:15:35:48 +0100] "GET /log/transfer.log HTTP/1.1" 200 209780 "-" "Mozilla/5.0 (compatible; AhrefsBot/7.0; +http://ahrefs.com/robot/)"
3.209.11.149 - - [23/Feb/2021:15:44:56 +0100] "GET /robots.txt HTTP/1.1" 404 617 "-" "CCBot/2.0 (https://commoncrawl.org/faq/)"
3.209.11.149 - - [23/Feb/2021:15:44:56 +0100] "GET / HTTP/1.1" 200 464 "-" "CCBot/2.0 (https://commoncrawl.org/faq/)"
49.12.13.109 - - [23/Feb/2021:15:50:07 +0100] "HEAD / HTTP/1.1" 200 - "-" "Alert_Alligator_webmonitoring_service_1.6.3_(alertalligator.com)"
34.237.144.154 - - [23/Feb/2021:16:13:44 +0100] "GET /robots.txt HTTP/1.1" 404 617 "-" "CCBot/2.0 (https://commoncrawl.org/faq/)"
34.237.144.154 - - [23/Feb/2021:16:13:44 +0100] "GET /log/ HTTP/1.1" 200 2307 "-" "CCBot/2.0 (https://commoncrawl.org/faq/)"
34.237.144.154 - - [23/Feb/2021:16:16:02 +0100] "GET /?C=D;O=A HTTP/1.1" 200 464 "-" "CCBot/2.0 (https://commoncrawl.org/faq/)"
34.237.144.154 - - [23/Feb/2021:16:22:19 +0100] "GET /home/ HTTP/1.1" 200 385 "-" "CCBot/2.0 (https://commoncrawl.org/faq/)"
34.237.144.154 - - [23/Feb/2021:16:30:35 +0100] "GET /narixgep_2010-05-19_13_13_55.sql HTTP/1.1" 200 1234 "-" "CCBot/2.0 (https://commoncrawl.org/faq/)"
34.237.144.154 - - [23/Feb/2021:16:45:26 +0100] "GET /?C=M;O=A HTTP/1.1" 200 462 "-" "CCBot/2.0 (https://commoncrawl.org/faq/)"
34.237.144.154 - - [23/Feb/2021:16:47:44 +0100] "GET /?C=N;O=D HTTP/1.1" 200 465 "-" "CCBot/2.0 (https://commoncrawl.org/faq/)"
34.237.144.154 - - [23/Feb/2021:16:49:58 +0100] "GET /?C=S;O=A HTTP/1.1" 200 462 "-" "CCBot/2.0 (https://commoncrawl.org/faq/)"
34.237.144.154 - - [23/Feb/2021:17:04:17 +0100] "GET /web/ HTTP/1.1" 200 5632 "-" "CCBot/2.0 (https://commoncrawl.org/faq/)"
49.12.13.109 - - [23/Feb/2021:17:10:59 +0100] "HEAD / HTTP/1.1" 200 - "-" "Alert_Alligator_webmonitoring_service_1.6.3_(alertalligator.com)"
188.36.29.128 - - [23/Feb/2021:17:19:06 +0100] "GET / HTTP/1.1" 200 464 "-" "Mozilla/5.0 (Windows NT 6.1; Win64; x64) AppleWebKit/537.36 (KHTML, like Gecko) Chrome/88.0.4324.104 Safari/537.36"
188.36.29.128 - - [23/Feb/2021:17:19:07 +0100] "GET /icons/blank.gif HTTP/1.1" 200 148 "http://narix-gep.hu/" "Mozilla/5.0 (Windows NT 6.1; Win64; x64) AppleWebKit/537.36 (KHTML, like Gecko) Chrome/88.0.4324.104 Safari/537.36"
188.36.29.128 - - [23/Feb/2021:17:19:07 +0100] "GET /icons/unknown.gif HTTP/1.1" 200 245 "http://narix-gep.hu/" "Mozilla/5.0 (Windows NT 6.1; Win64; x64) AppleWebKit/537.36 (KHTML, like Gecko) Chrome/88.0.4324.104 Safari/537.36"
188.36.29.128 - - [23/Feb/2021:17:19:07 +0100] "GET /icons/folder.gif HTTP/1.1" 200 225 "http://narix-gep.hu/" "Mozilla/5.0 (Windows NT 6.1; Win64; x64) AppleWebKit/537.36 (KHTML, like Gecko) Chrome/88.0.4324.104 Safari/537.36"
188.36.29.128 - - [23/Feb/2021:17:19:10 +0100] "GET /home/ HTTP/1.1" 200 385 "http://narix-gep.hu/" "Mozilla/5.0 (Windows NT 6.1; Win64; x64) AppleWebKit/537.36 (KHTML, like Gecko) Chrome/88.0.4324.104 Safari/537.36"
188.36.29.128 - - [23/Feb/2021:17:19:10 +0100] "GET /icons/back.gif HTTP/1.1" 200 216 "http://narix-gep.hu/home/" "Mozilla/5.0 (Windows NT 6.1; Win64; x64) AppleWebKit/537.36 (KHTML, like Gecko) Chrome/88.0.4324.104 Safari/537.36"
188.36.29.128 - - [23/Feb/2021:17:19:11 +0100] "GET / HTTP/1.1" 200 464 "http://narix-gep.hu/home/" "Mozilla/5.0 (Windows NT 6.1; Win64; x64) AppleWebKit/537.36 (KHTML, like Gecko) Chrome/88.0.4324.104 Safari/537.36"
188.36.29.128 - - [23/Feb/2021:17:19:13 +0100] "GET /home/ HTTP/1.1" 200 385 "http://narix-gep.hu/" "Mozilla/5.0 (Windows NT 6.1; Win64; x64) AppleWebKit/537.36 (KHTML, like Gecko) Chrome/88.0.4324.104 Safari/537.36"
188.36.29.128 - - [23/Feb/2021:17:19:14 +0100] "GET /home/webserver/ HTTP/1.1" 200 390 "http://narix-gep.hu/home/" "Mozilla/5.0 (Windows NT 6.1; Win64; x64) AppleWebKit/537.36 (KHTML, like Gecko) Chrome/88.0.4324.104 Safari/537.36"
188.36.29.128 - - [23/Feb/2021:17:19:15 +0100] "GET /home/webserver/web/ HTTP/1.1" 200 397 "http://narix-gep.hu/home/webserver/" "Mozilla/5.0 (Windows NT 6.1; Win64; x64) AppleWebKit/537.36 (KHTML, like Gecko) Chrome/88.0.4324.104 Safari/537.36"
188.36.29.128 - - [23/Feb/2021:17:19:16 +0100] "GET /home/webserver/web/ws_rendszer/ HTTP/1.1" 200 402 "http://narix-gep.hu/home/webserver/web/" "Mozilla/5.0 (Windows NT 6.1; Win64; x64) AppleWebKit/537.36 (KHTML, like Gecko) Chrome/88.0.4324.104 Safari/537.36"
188.36.29.128 - - [23/Feb/2021:17:19:18 +0100] "GET /home/webserver/web/ws_rendszer/?C=M;O=A HTTP/1.1" 200 402 "http://narix-gep.hu/home/webserver/web/ws_rendszer/" "Mozilla/5.0 (Windows NT 6.1; Win64; x64) AppleWebKit/537.36 (KHTML, like Gecko) Chrome/88.0.4324.104 Safari/537.36"
188.36.29.128 - - [23/Feb/2021:17:19:20 +0100] "GET /home/webserver/web/ws_rendszer/?C=D;O=A HTTP/1.1" 200 402 "http://narix-gep.hu/home/webserver/web/ws_rendszer/?C=M;O=A" "Mozilla/5.0 (Windows NT 6.1; Win64; x64) AppleWebKit/537.36 (KHTML, like Gecko) Chrome/88.0.4324.104 Safari/537.36"
188.36.29.128 - - [23/Feb/2021:17:19:29 +0100] "GET /home/ HTTP/1.1" 200 385 "http://narix-gep.hu/" "Mozilla/5.0 (Windows NT 6.1; Win64; x64) AppleWebKit/537.36 (KHTML, like Gecko) Chrome/88.0.4324.104 Safari/537.36"
188.36.29.128 - - [23/Feb/2021:17:19:32 +0100] "GET /web/ HTTP/1.1" 200 5632 "http://narix-gep.hu/" "Mozilla/5.0 (Windows NT 6.1; Win64; x64) AppleWebKit/537.36 (KHTML, like Gecko) Chrome/88.0.4324.104 Safari/537.36"
212.237.51.151 - - [23/Feb/2021:18:10:21 +0100] "HEAD / HTTP/1.1" 200 - "-" "Alert_Alligator_webmonitoring_service_1.6.3_(alertalligator.com)"
54.36.149.34 - - [23/Feb/2021:18:29:13 +0100] "GET /log/tran_2010_10.log.gz HTTP/1.1" 200 2230 "-" "Mozilla/5.0 (compatible; AhrefsBot/7.0; +http://ahrefs.com/robot/)"
17.58.97.6 - - [23/Feb/2021:18:54:45 +0100] "GET /robots.txt HTTP/1.1" 404 619 "-" "Mozilla/5.0 (Macintosh; Intel Mac OS X 10_15_5) AppleWebKit/605.1.15 (KHTML, like Gecko) Version/13.1.1 Safari/605.1.15 (Applebot/0.1; +http://www.apple.com/go/applebot)"
17.58.96.167 - - [23/Feb/2021:18:54:46 +0100] "GET /narixgep_2010-05-19_13_13_55.sql HTTP/1.1" 200 1234 "-" "Mozilla/5.0 (Macintosh; Intel Mac OS X 10_15_5) AppleWebKit/605.1.15 (KHTML, like Gecko) Version/13.1.1 Safari/605.1.15 (Applebot/0.1; +http://www.apple.com/go/applebot)"
49.12.13.109 - - [23/Feb/2021:19:09:23 +0100] "HEAD / HTTP/1.1" 200 - "-" "Alert_Alligator_webmonitoring_service_1.6.3_(alertalligator.com)"
49.12.13.109 - - [23/Feb/2021:20:08:56 +0100] "HEAD / HTTP/1.1" 200 - "-" "Alert_Alligator_webmonitoring_service_1.6.3_(alertalligator.com)"
5.34.180.192 - - [23/Feb/2021:20:17:09 +0100] "GET / HTTP/1.1" 200 1270 "https://pinapchik.com/" "Mozilla/4.0 (compatible; MSIE 6.0; Windows NT 5.1; SV1; Crazy Browser 2.0.0 Beta 1; .NET CLR 1.0.3705; .NET CLR 1.1.4322)"
5.34.180.192 - - [23/Feb/2021:20:17:10 +0100] "GET / HTTP/1.1" 200 1270 "https://pinapchik.com/" "Mozilla/4.0 (compatible; MSIE 6.0; Windows NT 5.1; SV1; Crazy Browser 2.0.0 Beta 1; .NET CLR 1.0.3705; .NET CLR 1.1.4322)"
5.34.180.192 - - [23/Feb/2021:20:17:10 +0100] "GET / HTTP/1.1" 200 1270 "https://pinapchik.com/" "Mozilla/4.0 (compatible; MSIE 6.0; Windows NT 5.1; SV1; Crazy Browser 2.0.0 Beta 1; .NET CLR 1.0.3705; .NET CLR 1.1.4322)"
212.237.51.151 - - [23/Feb/2021:21:08:01 +0100] "HEAD / HTTP/1.1" 200 - "-" "Alert_Alligator_webmonitoring_service_1.6.3_(alertalligator.com)"
54.36.149.2 - - [23/Feb/2021:21:09:32 +0100] "GET /log/tran_2019_09.log.gz HTTP/1.1" 200 13816 "-" "Mozilla/5.0 (compatible; AhrefsBot/7.0; +http://ahrefs.com/robot/)"
49.12.13.109 - - [23/Feb/2021:22:07:13 +0100] "HEAD / HTTP/1.1" 200 - "-" "Alert_Alligator_webmonitoring_service_1.6.3_(alertalligator.com)"
212.237.51.151 - - [23/Feb/2021:23:06:14 +0100] "HEAD / HTTP/1.1" 200 - "-" "Alert_Alligator_webmonitoring_service_1.6.3_(alertalligator.com)"
17.58.97.174 - - [23/Feb/2021:23:41:03 +0100] "GET /robots.txt HTTP/1.1" 404 614 "-" "Mozilla/5.0 (Macintosh; Intel Mac OS X 10_15_5) AppleWebKit/605.1.15 (KHTML, like Gecko) Version/13.1.1 Safari/605.1.15 (Applebot/0.1; +http://www.apple.com/go/applebot)"
17.58.96.167 - - [23/Feb/2021:23:41:04 +0100] "GET /narixgep_2010-05-19_13_13_55.sql HTTP/1.1" 200 1234 "-" "Mozilla/5.0 (Macintosh; Intel Mac OS X 10_15_5) AppleWebKit/605.1.15 (KHTML, like Gecko) Version/13.1.1 Safari/605.1.15 (Applebot/0.1; +http://www.apple.com/go/applebot)"
54.36.149.32 - - [23/Feb/2021:23:47:32 +0100] "GET / HTTP/1.1" 200 464 "-" "Mozilla/5.0 (compatible; AhrefsBot/7.0; +http://ahrefs.com/robot/)"
49.12.13.109 - - [24/Feb/2021:00:05:21 +0100] "HEAD / HTTP/1.1" 200 - "-" "Alert_Alligator_webmonitoring_service_1.6.3_(alertalligator.com)"
84.2.35.174 - - [24/Feb/2021:00:29:25 +0100] "GET / HTTP/1.1" 200 1270 "-" "ActiveSiteCounter"
212.237.51.151 - - [24/Feb/2021:01:13:40 +0100] "HEAD / HTTP/1.1" 200 - "-" "Alert_Alligator_webmonitoring_service_1.6.3_(alertalligator.com)"
34.200.226.139 - - [24/Feb/2021:01:34:59 +0100] "GET /robots.txt HTTP/1.1" 404 616 "-" "CCBot/2.0 (https://commoncrawl.org/faq/)"
34.200.226.139 - - [24/Feb/2021:01:34:59 +0100] "GET /?C=N;O=A HTTP/1.1" 200 464 "-" "CCBot/2.0 (https://commoncrawl.org/faq/)"
161.97.154.80 - - [24/Feb/2021:01:37:36 +0100] "GET / HTTP/1.1" 200 464 "-" "Mozilla/5.0 (Macintosh; Intel Mac OS X 11_0_1) AppleWebKit/537.36 (KHTML, like Gecko) Chrome/87.0.4280.67 Safari/537.36"
178.159.37.104 - - [24/Feb/2021:01:59:47 +0100] "GET / HTTP/1.1" 200 1270 "https://avtolombard-voronezh.ru/" "Mozilla/4.0 (compatible; MSIE 6.0; Windows NT 5.1; SV1; FunWebProducts)"
178.159.37.104 - - [24/Feb/2021:01:59:48 +0100] "GET / HTTP/1.1" 200 1270 "https://avtolombard-voronezh.ru/" "Mozilla/4.0 (compatible; MSIE 6.0; Windows NT 5.1; SV1; FunWebProducts)"
54.36.148.53 - - [24/Feb/2021:02:08:33 +0100] "GET /log/tran_2017_09.log.gz HTTP/1.1" 200 26414 "-" "Mozilla/5.0 (compatible; AhrefsBot/7.0; +http://ahrefs.com/robot/)"
212.237.51.151 - - [24/Feb/2021:03:12:21 +0100] "HEAD / HTTP/1.1" 200 - "-" "Alert_Alligator_webmonitoring_service_1.6.3_(alertalligator.com)"
49.12.13.109 - - [24/Feb/2021:04:21:06 +0100] "HEAD / HTTP/1.1" 200 - "-" "Alert_Alligator_webmonitoring_service_1.6.3_(alertalligator.com)"
54.36.148.40 - - [24/Feb/2021:04:29:53 +0100] "GET /log/tran_2011_02.log.gz HTTP/1.1" 200 29939 "-" "Mozilla/5.0 (compatible; AhrefsBot/7.0; +http://ahrefs.com/robot/)"
212.237.51.151 - - [24/Feb/2021:05:20:27 +0100] "HEAD / HTTP/1.1" 200 - "-" "Alert_Alligator_webmonitoring_service_1.6.3_(alertalligator.com)"
49.12.13.109 - - [24/Feb/2021:06:21:20 +0100] "HEAD / HTTP/1.1" 200 - "-" "Alert_Alligator_webmonitoring_service_1.6.3_(alertalligator.com)"
54.36.148.186 - - [24/Feb/2021:06:52:01 +0100] "GET /log/tran_2018_11.log.gz HTTP/1.1" 200 21569 "-" "Mozilla/5.0 (compatible; AhrefsBot/7.0; +http://ahrefs.com/robot/)"
49.12.13.109 - - [24/Feb/2021:07:53:07 +0100] "HEAD / HTTP/1.1" 200 - "-" "Alert_Alligator_webmonitoring_service_1.6.3_(alertalligator.com)"
54.36.148.87 - - [24/Feb/2021:08:03:41 +0100] "GET /log/tran_2010_10.log.gz HTTP/1.1" 200 2230 "-" "Mozilla/5.0 (compatible; AhrefsBot/7.0; +http://ahrefs.com/robot/)"
54.36.148.186 - - [24/Feb/2021:08:42:01 +0100] "GET /log/tran_2011_04.log.gz HTTP/1.1" 200 2514 "-" "Mozilla/5.0 (compatible; AhrefsBot/7.0; +http://ahrefs.com/robot/)"
49.12.13.109 - - [24/Feb/2021:08:57:11 +0100] "HEAD / HTTP/1.1" 200 - "-" "Alert_Alligator_webmonitoring_service_1.6.3_(alertalligator.com)"
54.36.148.237 - - [24/Feb/2021:09:18:40 +0100] "GET /home/webserver/web/ws_rendszer/tools/?C=N;O=A HTTP/1.1" 200 409 "-" "Mozilla/5.0 (compatible; AhrefsBot/7.0; +http://ahrefs.com/robot/)"
54.36.148.26 - - [24/Feb/2021:09:53:33 +0100] "GET /robots.txt HTTP/1.1" 404 616 "-" "Mozilla/5.0 (compatible; AhrefsBot/6.1; +http://ahrefs.com/robot/)"
54.36.148.23 - - [24/Feb/2021:09:53:33 +0100] "GET /log/tran_2010_04.log.gz HTTP/1.1" 200 276 "-" "Mozilla/5.0 (compatible; AhrefsBot/7.0; +http://ahrefs.com/robot/)"
212.237.51.151 - - [24/Feb/2021:09:56:11 +0100] "HEAD / HTTP/1.1" 200 - "-" "Alert_Alligator_webmonitoring_service_1.6.3_(alertalligator.com)"
54.36.148.186 - - [24/Feb/2021:11:02:25 +0100] "GET /log/tran_2020_07.log.gz HTTP/1.1" 200 22517 "-" "Mozilla/5.0 (compatible; AhrefsBot/7.0; +http://ahrefs.com/robot/)"
49.12.13.109 - - [24/Feb/2021:11:05:36 +0100] "HEAD / HTTP/1.1" 200 - "-" "Alert_Alligator_webmonitoring_service_1.6.3_(alertalligator.com)"
49.12.13.109 - - [24/Feb/2021:12:09:00 +0100] "HEAD / HTTP/1.1" 200 - "-" "Alert_Alligator_webmonitoring_service_1.6.3_(alertalligator.com)"
54.36.149.103 - - [24/Feb/2021:12:18:14 +0100] "GET / HTTP/1.1" 200 464 "-" "Mozilla/5.0 (compatible; AhrefsBot/7.0; +http://ahrefs.com/robot/)"
49.12.13.109 - - [24/Feb/2021:13:08:03 +0100] "HEAD / HTTP/1.1" 200 - "-" "Alert_Alligator_webmonitoring_service_1.6.3_(alertalligator.com)"
54.36.148.186 - - [24/Feb/2021:13:29:13 +0100] "GET /log/tran_2016_11.log.gz HTTP/1.1" 200 24343 "-" "Mozilla/5.0 (compatible; AhrefsBot/7.0; +http://ahrefs.com/robot/)"
13.66.139.137 - - [24/Feb/2021:14:00:56 +0100] "GET /home/ HTTP/1.1" 200 385 "-" "Mozilla/5.0 (compatible; bingbot/2.0; +http://www.bing.com/bingbot.htm)"
13.66.139.8 - - [24/Feb/2021:14:01:12 +0100] "GET /stone.html HTTP/1.1" 404 618 "-" "Mozilla/5.0 (compatible; bingbot/2.0; +http://www.bing.com/bingbot.htm)"
49.12.13.109 - - [24/Feb/2021:14:12:38 +0100] "HEAD / HTTP/1.1" 200 - "-" "Alert_Alligator_webmonitoring_service_1.6.3_(alertalligator.com)"
54.36.148.70 - - [24/Feb/2021:14:37:29 +0100] "GET /robots.txt HTTP/1.1" 404 619 "-" "Mozilla/5.0 (compatible; AhrefsBot/6.1; +http://ahrefs.com/robot/)"
54.36.148.213 - - [24/Feb/2021:14:37:30 +0100] "GET /log/tran_2010_06.log.gz HTTP/1.1" 200 37 "-" "Mozilla/5.0 (compatible; AhrefsBot/7.0; +http://ahrefs.com/robot/)"
212.237.51.151 - - [24/Feb/2021:15:17:41 +0100] "HEAD / HTTP/1.1" 200 - "-" "Alert_Alligator_webmonitoring_service_1.6.3_(alertalligator.com)"
17.58.96.167 - - [24/Feb/2021:15:18:57 +0100] "GET /?C=D;O=A HTTP/1.1" 200 464 "-" "Mozilla/5.0 (Macintosh; Intel Mac OS X 10_15_5) AppleWebKit/605.1.15 (KHTML, like Gecko) Version/13.1.1 Safari/605.1.15 (Applebot/0.1; +http://www.apple.com/go/applebot)"
54.36.148.186 - - [24/Feb/2021:15:49:53 +0100] "GET /log/tran_2011_12.log.gz HTTP/1.1" 200 8288 "-" "Mozilla/5.0 (compatible; AhrefsBot/7.0; +http://ahrefs.com/robot/)"
49.12.13.109 - - [24/Feb/2021:16:17:08 +0100] "HEAD / HTTP/1.1" 200 - "-" "Alert_Alligator_webmonitoring_service_1.6.3_(alertalligator.com)"
178.159.37.104 - - [24/Feb/2021:17:04:11 +0100] "GET / HTTP/1.1" 200 1270 "https://jobgirl24.ru/" "Mozilla/4.0 (compatible; MSIE 6.0; Windows NT 5.1; SV1; MRA 4.6 (build 01425); MRSPUTNIK 1, 5, 0, 19 SW)"
178.159.37.104 - - [24/Feb/2021:17:04:11 +0100] "GET / HTTP/1.1" 200 1270 "https://jobgirl24.ru/" "Mozilla/4.0 (compatible; MSIE 6.0; Windows NT 5.1; SV1; MRA 4.6 (build 01425); MRSPUTNIK 1, 5, 0, 19 SW)"
178.159.37.104 - - [24/Feb/2021:17:04:12 +0100] "GET / HTTP/1.1" 200 1270 "https://jobgirl24.ru/" "Mozilla/4.0 (compatible; MSIE 6.0; Windows NT 5.1; SV1; MRA 4.6 (build 01425); MRSPUTNIK 1, 5, 0, 19 SW)"
54.36.148.204 - - [24/Feb/2021:17:07:49 +0100] "GET /home/webserver/web/ws_rendszer/tools/ HTTP/1.1" 200 409 "-" "Mozilla/5.0 (compatible; AhrefsBot/7.0; +http://ahrefs.com/robot/)"
212.237.51.151 - - [24/Feb/2021:17:20:36 +0100] "HEAD / HTTP/1.1" 200 - "-" "Alert_Alligator_webmonitoring_service_1.6.3_(alertalligator.com)"
54.36.148.57 - - [24/Feb/2021:18:20:00 +0100] "GET /home/webserver/web/ws_rendszer/?C=M;O=A HTTP/1.1" 200 402 "-" "Mozilla/5.0 (compatible; AhrefsBot/7.0; +http://ahrefs.com/robot/)"
49.12.13.109 - - [24/Feb/2021:18:20:20 +0100] "HEAD / HTTP/1.1" 200 - "-" "Alert_Alligator_webmonitoring_service_1.6.3_(alertalligator.com)"
5.34.180.192 - - [24/Feb/2021:18:23:51 +0100] "GET / HTTP/1.1" 200 1270 "https://sexuria.net/" "Mozilla/4.0 (compatible; MSIE 6.0; Update a; AOL 6.0; Windows 98)"
5.34.180.192 - - [24/Feb/2021:18:23:52 +0100] "GET / HTTP/1.1" 200 1270 "https://sexuria.net/" "Mozilla/4.0 (compatible; MSIE 6.0; Update a; AOL 6.0; Windows 98)"
5.34.180.192 - - [24/Feb/2021:18:23:52 +0100] "GET / HTTP/1.1" 200 1270 "https://sexuria.net/" "Mozilla/4.0 (compatible; MSIE 6.0; Update a; AOL 6.0; Windows 98)"
54.36.148.199 - - [24/Feb/2021:19:30:01 +0100] "GET /home/webserver/web/ws_rendszer/?C=S;O=A HTTP/1.1" 200 402 "-" "Mozilla/5.0 (compatible; AhrefsBot/7.0; +http://ahrefs.com/robot/)"
49.12.13.109 - - [24/Feb/2021:19:58:55 +0100] "HEAD / HTTP/1.1" 200 - "-" "Alert_Alligator_webmonitoring_service_1.6.3_(alertalligator.com)"
180.163.220.66 - - [24/Feb/2021:20:18:51 +0100] "GET / HTTP/1.1" 200 464 "http://baidu.com/" "Mozilla/5.0 (Linux; U; Android 8.1.0; zh-CN; EML-AL00 Build/HUAWEIEML-AL00) AppleWebKit/537.36 (KHTML, like Gecko) Version/4.0 Chrome/57.0.2987.108 baidu.sogo.uc.UCBrowser/11.9.4.974 UWS/2.13.1.48 Mobile Safari/537.36 AliApp(DingTalk/4.5.11) com.alibaba.android.rimet/10487439 Channel/227200 language/zh-CN"
180.163.220.66 - - [24/Feb/2021:20:18:57 +0100] "GET /icons/blank.gif HTTP/1.1" 200 148 "http://narix-gep.hu/" "Mozilla/5.0 (Linux; U; Android 8.1.0; zh-CN; EML-AL00 Build/HUAWEIEML-AL00) AppleWebKit/537.36 (KHTML, like Gecko) Version/4.0 Chrome/57.0.2987.108 baidu.sogo.uc.UCBrowser/11.9.4.974 UWS/2.13.1.48 Mobile Safari/537.36 AliApp(DingTalk/4.5.11) com.alibaba.android.rimet/10487439 Channel/227200 language/zh-CN"
180.163.220.66 - - [24/Feb/2021:20:19:02 +0100] "GET /icons/folder.gif HTTP/1.1" 200 225 "http://narix-gep.hu/" "Mozilla/5.0 (Linux; U; Android 8.1.0; zh-CN; EML-AL00 Build/HUAWEIEML-AL00) AppleWebKit/537.36 (KHTML, like Gecko) Version/4.0 Chrome/57.0.2987.108 baidu.sogo.uc.UCBrowser/11.9.4.974 UWS/2.13.1.48 Mobile Safari/537.36 AliApp(DingTalk/4.5.11) com.alibaba.android.rimet/10487439 Channel/227200 language/zh-CN"
180.163.220.4 - - [24/Feb/2021:20:19:03 +0100] "GET /icons/unknown.gif HTTP/1.1" 200 245 "http://narix-gep.hu/" "Mozilla/5.0 (Linux; U; Android 8.1.0; zh-CN; EML-AL00 Build/HUAWEIEML-AL00) AppleWebKit/537.36 (KHTML, like Gecko) Version/4.0 Chrome/57.0.2987.108 baidu.sogo.uc.UCBrowser/11.9.4.974 UWS/2.13.1.48 Mobile Safari/537.36 AliApp(DingTalk/4.5.11) com.alibaba.android.rimet/10487439 Channel/227200 language/zh-CN"
129.146.72.86 - - [24/Feb/2021:20:29:46 +0100] "GET / HTTP/1.1" 200 464 "-" "Mozilla/5.0 (Windows NT 6.1; rv:57.0) Gecko/20100101 Firefox/57.0"
54.36.149.91 - - [24/Feb/2021:20:42:37 +0100] "GET /log/tran_2010_05.log.gz HTTP/1.1" 200 6525 "-" "Mozilla/5.0 (compatible; AhrefsBot/7.0; +http://ahrefs.com/robot/)"
49.12.13.109 - - [24/Feb/2021:20:58:01 +0100] "HEAD / HTTP/1.1" 200 - "-" "Alert_Alligator_webmonitoring_service_1.6.3_(alertalligator.com)"
31.13.103.117 - - [24/Feb/2021:21:40:38 +0100] "GET / HTTP/1.1" 206 464 "-" "facebookexternalhit/1.1 (+http://www.facebook.com/externalhit_uatext.php)"
54.36.148.195 - - [24/Feb/2021:21:54:18 +0100] "GET /log/tran_2018_01.log.gz HTTP/1.1" 200 20649 "-" "Mozilla/5.0 (compatible; AhrefsBot/7.0; +http://ahrefs.com/robot/)"
49.12.13.109 - - [24/Feb/2021:22:06:41 +0100] "HEAD / HTTP/1.1" 200 - "-" "Alert_Alligator_webmonitoring_service_1.6.3_(alertalligator.com)"
54.36.148.187 - - [24/Feb/2021:22:24:07 +0100] "GET /log/tran_2011_11.log.gz HTTP/1.1" 200 8484 "-" "Mozilla/5.0 (compatible; AhrefsBot/7.0; +http://ahrefs.com/robot/)"
54.36.148.186 - - [24/Feb/2021:22:43:15 +0100] "GET /log/tran_2011_09.log.gz HTTP/1.1" 200 8559 "-" "Mozilla/5.0 (compatible; AhrefsBot/7.0; +http://ahrefs.com/robot/)"
54.36.148.186 - - [24/Feb/2021:23:01:37 +0100] "GET /home/webserver/?C=S;O=A HTTP/1.1" 200 391 "-" "Mozilla/5.0 (compatible; AhrefsBot/7.0; +http://ahrefs.com/robot/)"
49.12.13.109 - - [24/Feb/2021:23:11:01 +0100] "HEAD / HTTP/1.1" 200 - "-" "Alert_Alligator_webmonitoring_service_1.6.3_(alertalligator.com)"
54.36.148.186 - - [24/Feb/2021:23:19:35 +0100] "GET /log/tran_2020_04.log.gz HTTP/1.1" 200 22040 "-" "Mozilla/5.0 (compatible; AhrefsBot/7.0; +http://ahrefs.com/robot/)"
54.36.148.0 - - [24/Feb/2021:23:38:10 +0100] "GET /log/tran_2014_11.log.gz HTTP/1.1" 200 32116 "-" "Mozilla/5.0 (compatible; AhrefsBot/7.0; +http://ahrefs.com/robot/)"
54.36.148.213 - - [24/Feb/2021:23:57:41 +0100] "GET /log/tran_2010_04.log.gz HTTP/1.1" 200 276 "-" "Mozilla/5.0 (compatible; AhrefsBot/7.0; +http://ahrefs.com/robot/)"
54.36.148.172 - - [25/Feb/2021:00:15:50 +0100] "GET /home/webserver/web/ws_rendszer/?C=D;O=A HTTP/1.1" 200 402 "-" "Mozilla/5.0 (compatible; AhrefsBot/7.0; +http://ahrefs.com/robot/)"
129.146.72.86 - - [25/Feb/2021:00:18:45 +0100] "GET / HTTP/1.1" 200 464 "-" "Mozilla/5.0 (Linux; Android 5.1.1; SM-J111F) AppleWebKit/537.36 (KHTML, like Gecko) Chrome/73.0.3683.90 Mobile Safari/537.36"
129.146.72.86 - - [25/Feb/2021:00:18:45 +0100] "GET /blog/ HTTP/1.1" 404 617 "-" "Mozilla/5.0 (Linux; Android 5.1.1; SM-J111F) AppleWebKit/537.36 (KHTML, like Gecko) Chrome/73.0.3683.90 Mobile Safari/537.36"
129.146.72.86 - - [25/Feb/2021:00:18:45 +0100] "GET /wp/ HTTP/1.1" 404 617 "-" "Mozilla/5.0 (Linux; Android 5.1.1; SM-J111F) AppleWebKit/537.36 (KHTML, like Gecko) Chrome/73.0.3683.90 Mobile Safari/537.36"
129.146.72.86 - - [25/Feb/2021:00:18:46 +0100] "GET /wordpress/ HTTP/1.1" 404 617 "-" "Mozilla/5.0 (Linux; Android 5.1.1; SM-J111F) AppleWebKit/537.36 (KHTML, like Gecko) Chrome/73.0.3683.90 Mobile Safari/537.36"
129.146.72.86 - - [25/Feb/2021:00:18:46 +0100] "GET /new/ HTTP/1.1" 404 617 "-" "Mozilla/5.0 (Linux; Android 5.1.1; SM-J111F) AppleWebKit/537.36 (KHTML, like Gecko) Chrome/73.0.3683.90 Mobile Safari/537.36"
129.146.72.86 - - [25/Feb/2021:00:18:46 +0100] "GET /old/ HTTP/1.1" 404 617 "-" "Mozilla/5.0 (Linux; Android 5.1.1; SM-J111F) AppleWebKit/537.36 (KHTML, like Gecko) Chrome/73.0.3683.90 Mobile Safari/537.36"
129.146.72.86 - - [25/Feb/2021:00:18:47 +0100] "GET /test/ HTTP/1.1" 404 617 "-" "Mozilla/5.0 (Linux; Android 5.1.1; SM-J111F) AppleWebKit/537.36 (KHTML, like Gecko) Chrome/73.0.3683.90 Mobile Safari/537.36"
129.146.72.86 - - [25/Feb/2021:00:18:47 +0100] "GET /main/ HTTP/1.1" 404 617 "-" "Mozilla/5.0 (Linux; Android 5.1.1; SM-J111F) AppleWebKit/537.36 (KHTML, like Gecko) Chrome/73.0.3683.90 Mobile Safari/537.36"
129.146.72.86 - - [25/Feb/2021:00:18:47 +0100] "GET /site/ HTTP/1.1" 404 617 "-" "Mozilla/5.0 (Linux; Android 5.1.1; SM-J111F) AppleWebKit/537.36 (KHTML, like Gecko) Chrome/73.0.3683.90 Mobile Safari/537.36"
129.146.72.86 - - [25/Feb/2021:00:18:48 +0100] "GET /backup/ HTTP/1.1" 404 617 "-" "Mozilla/5.0 (Linux; Android 5.1.1; SM-J111F) AppleWebKit/537.36 (KHTML, like Gecko) Chrome/73.0.3683.90 Mobile Safari/537.36"
129.146.72.86 - - [25/Feb/2021:00:18:48 +0100] "GET /demo/ HTTP/1.1" 404 617 "-" "Mozilla/5.0 (Linux; Android 5.1.1; SM-J111F) AppleWebKit/537.36 (KHTML, like Gecko) Chrome/73.0.3683.90 Mobile Safari/537.36"
129.146.72.86 - - [25/Feb/2021:00:18:48 +0100] "GET /home/ HTTP/1.1" 200 385 "-" "Mozilla/5.0 (Linux; Android 5.1.1; SM-J111F) AppleWebKit/537.36 (KHTML, like Gecko) Chrome/73.0.3683.90 Mobile Safari/537.36"
129.146.72.86 - - [25/Feb/2021:00:18:49 +0100] "GET /tmp/ HTTP/1.1" 404 617 "-" "Mozilla/5.0 (Linux; Android 5.1.1; SM-J111F) AppleWebKit/537.36 (KHTML, like Gecko) Chrome/73.0.3683.90 Mobile Safari/537.36"
129.146.72.86 - - [25/Feb/2021:00:18:49 +0100] "GET /cms/ HTTP/1.1" 404 617 "-" "Mozilla/5.0 (Linux; Android 5.1.1; SM-J111F) AppleWebKit/537.36 (KHTML, like Gecko) Chrome/73.0.3683.90 Mobile Safari/537.36"
129.146.72.86 - - [25/Feb/2021:00:18:49 +0100] "GET /dev/ HTTP/1.1" 404 617 "-" "Mozilla/5.0 (Linux; Android 5.1.1; SM-J111F) AppleWebKit/537.36 (KHTML, like Gecko) Chrome/73.0.3683.90 Mobile Safari/537.36"
129.146.72.86 - - [25/Feb/2021:00:18:50 +0100] "GET /old-wp/ HTTP/1.1" 404 616 "-" "Mozilla/5.0 (Linux; Android 5.1.1; SM-J111F) AppleWebKit/537.36 (KHTML, like Gecko) Chrome/73.0.3683.90 Mobile Safari/537.36"
129.146.72.86 - - [25/Feb/2021:00:18:50 +0100] "GET /web/ HTTP/1.1" 200 5632 "-" "Mozilla/5.0 (Linux; Android 5.1.1; SM-J111F) AppleWebKit/537.36 (KHTML, like Gecko) Chrome/73.0.3683.90 Mobile Safari/537.36"
129.146.72.86 - - [25/Feb/2021:00:18:50 +0100] "GET /old-site/ HTTP/1.1" 404 616 "-" "Mozilla/5.0 (Linux; Android 5.1.1; SM-J111F) AppleWebKit/537.36 (KHTML, like Gecko) Chrome/73.0.3683.90 Mobile Safari/537.36"
129.146.72.86 - - [25/Feb/2021:00:18:51 +0100] "GET /temp/ HTTP/1.1" 404 617 "-" "Mozilla/5.0 (Linux; Android 5.1.1; SM-J111F) AppleWebKit/537.36 (KHTML, like Gecko) Chrome/73.0.3683.90 Mobile Safari/537.36"
129.146.72.86 - - [25/Feb/2021:00:18:51 +0100] "GET /2018/ HTTP/1.1" 404 617 "-" "Mozilla/5.0 (Linux; Android 5.1.1; SM-J111F) AppleWebKit/537.36 (KHTML, like Gecko) Chrome/73.0.3683.90 Mobile Safari/537.36"
129.146.72.86 - - [25/Feb/2021:00:18:51 +0100] "GET /2019/ HTTP/1.1" 404 617 "-" "Mozilla/5.0 (Linux; Android 5.1.1; SM-J111F) AppleWebKit/537.36 (KHTML, like Gecko) Chrome/73.0.3683.90 Mobile Safari/537.36"
129.146.72.86 - - [25/Feb/2021:00:18:52 +0100] "GET /bk/ HTTP/1.1" 404 617 "-" "Mozilla/5.0 (Linux; Android 5.1.1; SM-J111F) AppleWebKit/537.36 (KHTML, like Gecko) Chrome/73.0.3683.90 Mobile Safari/537.36"
129.146.72.86 - - [25/Feb/2021:00:18:52 +0100] "GET /wp1/ HTTP/1.1" 404 617 "-" "Mozilla/5.0 (Linux; Android 5.1.1; SM-J111F) AppleWebKit/537.36 (KHTML, like Gecko) Chrome/73.0.3683.90 Mobile Safari/537.36"
129.146.72.86 - - [25/Feb/2021:00:18:52 +0100] "GET /wp2/ HTTP/1.1" 404 617 "-" "Mozilla/5.0 (Linux; Android 5.1.1; SM-J111F) AppleWebKit/537.36 (KHTML, like Gecko) Chrome/73.0.3683.90 Mobile Safari/537.36"
129.146.72.86 - - [25/Feb/2021:00:18:53 +0100] "GET /v1/ HTTP/1.1" 404 617 "-" "Mozilla/5.0 (Linux; Android 5.1.1; SM-J111F) AppleWebKit/537.36 (KHTML, like Gecko) Chrome/73.0.3683.90 Mobile Safari/537.36"
129.146.72.86 - - [25/Feb/2021:00:18:54 +0100] "GET /v2/ HTTP/1.1" 404 617 "-" "Mozilla/5.0 (Linux; Android 5.1.1; SM-J111F) AppleWebKit/537.36 (KHTML, like Gecko) Chrome/73.0.3683.90 Mobile Safari/537.36"
129.146.72.86 - - [25/Feb/2021:00:18:54 +0100] "GET /bak/ HTTP/1.1" 404 617 "-" "Mozilla/5.0 (Linux; Android 5.1.1; SM-J111F) AppleWebKit/537.36 (KHTML, like Gecko) Chrome/73.0.3683.90 Mobile Safari/537.36"
129.146.72.86 - - [25/Feb/2021:00:18:55 +0100] "GET /install/ HTTP/1.1" 404 617 "-" "Mozilla/5.0 (Linux; Android 5.1.1; SM-J111F) AppleWebKit/537.36 (KHTML, like Gecko) Chrome/73.0.3683.90 Mobile Safari/537.36"
129.146.72.86 - - [25/Feb/2021:00:18:55 +0100] "GET /2020/ HTTP/1.1" 404 617 "-" "Mozilla/5.0 (Linux; Android 5.1.1; SM-J111F) AppleWebKit/537.36 (KHTML, like Gecko) Chrome/73.0.3683.90 Mobile Safari/537.36"
129.146.72.86 - - [25/Feb/2021:00:18:55 +0100] "GET /new-site/ HTTP/1.1" 404 617 "-" "Mozilla/5.0 (Linux; Android 5.1.1; SM-J111F) AppleWebKit/537.36 (KHTML, like Gecko) Chrome/73.0.3683.90 Mobile Safari/537.36"
84.2.35.174 - - [25/Feb/2021:00:29:13 +0100] "GET / HTTP/1.1" 200 1270 "-" "ActiveSiteCounter"
54.36.148.133 - - [25/Feb/2021:00:33:43 +0100] "GET /log/tran_2013_12.log.gz HTTP/1.1" 200 27269 "-" "Mozilla/5.0 (compatible; AhrefsBot/7.0; +http://ahrefs.com/robot/)"
54.36.148.186 - - [25/Feb/2021:00:51:39 +0100] "GET /log/tran_2017_01.log.gz HTTP/1.1" 200 26719 "-" "Mozilla/5.0 (compatible; AhrefsBot/7.0; +http://ahrefs.com/robot/)"
49.12.13.109 - - [25/Feb/2021:01:07:50 +0100] "HEAD / HTTP/1.1" 200 - "-" "Alert_Alligator_webmonitoring_service_1.6.3_(alertalligator.com)"
54.36.148.186 - - [25/Feb/2021:01:09:34 +0100] "GET /log/error.log HTTP/1.1" 200 350393 "-" "Mozilla/5.0 (compatible; AhrefsBot/7.0; +http://ahrefs.com/robot/)"
54.36.148.186 - - [25/Feb/2021:01:27:03 +0100] "GET /log/tran_2014_06.log.gz HTTP/1.1" 200 25392 "-" "Mozilla/5.0 (compatible; AhrefsBot/7.0; +http://ahrefs.com/robot/)"
54.36.149.77 - - [25/Feb/2021:01:44:49 +0100] "GET / HTTP/1.1" 200 464 "-" "Mozilla/5.0 (compatible; AhrefsBot/7.0; +http://ahrefs.com/robot/)"
54.36.149.3 - - [25/Feb/2021:02:02:07 +0100] "GET /log/tran_2019_12.log.gz HTTP/1.1" 200 10253 "-" "Mozilla/5.0 (compatible; AhrefsBot/7.0; +http://ahrefs.com/robot/)"
212.237.51.151 - - [25/Feb/2021:02:07:18 +0100] "HEAD / HTTP/1.1" 200 - "-" "Alert_Alligator_webmonitoring_service_1.6.3_(alertalligator.com)"
54.36.148.186 - - [25/Feb/2021:02:21:44 +0100] "GET /log/tran_2012_03.log.gz HTTP/1.1" 200 20266 "-" "Mozilla/5.0 (compatible; AhrefsBot/7.0; +http://ahrefs.com/robot/)"
54.36.148.91 - - [25/Feb/2021:02:40:17 +0100] "GET /log/tran_2018_06.log.gz HTTP/1.1" 200 18410 "-" "Mozilla/5.0 (compatible; AhrefsBot/7.0; +http://ahrefs.com/robot/)"
54.36.148.139 - - [25/Feb/2021:02:58:48 +0100] "GET /home/webserver/web/ws_rendszer/tools/?C=D;O=A HTTP/1.1" 200 409 "-" "Mozilla/5.0 (compatible; AhrefsBot/7.0; +http://ahrefs.com/robot/)"
54.36.148.186 - - [25/Feb/2021:03:17:59 +0100] "GET /log/tran_2010_08.log.gz HTTP/1.1" 200 533 "-" "Mozilla/5.0 (compatible; AhrefsBot/7.0; +http://ahrefs.com/robot/)"
212.237.51.151 - - [25/Feb/2021:03:18:42 +0100] "HEAD / HTTP/1.1" 200 - "-" "Alert_Alligator_webmonitoring_service_1.6.3_(alertalligator.com)"
54.36.148.186 - - [25/Feb/2021:03:36:28 +0100] "GET /log/tran_2012_01.log.gz HTTP/1.1" 200 11898 "-" "Mozilla/5.0 (compatible; AhrefsBot/7.0; +http://ahrefs.com/robot/)"
54.36.148.213 - - [25/Feb/2021:03:55:32 +0100] "GET /log/tran_2011_11.log.gz HTTP/1.1" 200 8484 "-" "Mozilla/5.0 (compatible; AhrefsBot/7.0; +http://ahrefs.com/robot/)"
54.36.148.186 - - [25/Feb/2021:04:15:09 +0100] "GET /log/tran_2020_05.log.gz HTTP/1.1" 200 21223 "-" "Mozilla/5.0 (compatible; AhrefsBot/7.0; +http://ahrefs.com/robot/)"
49.12.13.109 - - [25/Feb/2021:04:18:13 +0100] "HEAD / HTTP/1.1" 200 - "-" "Alert_Alligator_webmonitoring_service_1.6.3_(alertalligator.com)"
54.36.148.186 - - [25/Feb/2021:04:34:43 +0100] "GET /log/tran_2012_04.log.gz HTTP/1.1" 200 24252 "-" "Mozilla/5.0 (compatible; AhrefsBot/7.0; +http://ahrefs.com/robot/)"
157.55.39.41 - - [25/Feb/2021:04:41:41 +0100] "GET /robots.txt HTTP/1.1" 404 615 "-" "Mozilla/5.0 (compatible; bingbot/2.0; +http://www.bing.com/bingbot.htm)"
13.66.139.8 - - [25/Feb/2021:04:41:50 +0100] "GET /log/ HTTP/1.1" 200 2306 "-" "Mozilla/5.0 (compatible; bingbot/2.0; +http://www.bing.com/bingbot.htm)"
54.36.148.225 - - [25/Feb/2021:04:57:04 +0100] "GET /log/tran_2019_08.log.gz HTTP/1.1" 200 15948 "-" "Mozilla/5.0 (compatible; AhrefsBot/7.0; +http://ahrefs.com/robot/)"
54.36.148.186 - - [25/Feb/2021:05:21:28 +0100] "GET /log/tran_2019_11.log.gz HTTP/1.1" 200 15161 "-" "Mozilla/5.0 (compatible; AhrefsBot/7.0; +http://ahrefs.com/robot/)"
212.237.51.151 - - [25/Feb/2021:05:26:57 +0100] "HEAD / HTTP/1.1" 200 - "-" "Alert_Alligator_webmonitoring_service_1.6.3_(alertalligator.com)"
54.36.148.238 - - [25/Feb/2021:05:44:27 +0100] "GET /home/?C=S;O=D HTTP/1.1" 200 383 "-" "Mozilla/5.0 (compatible; AhrefsBot/7.0; +http://ahrefs.com/robot/)"
54.36.148.238 - - [25/Feb/2021:06:07:50 +0100] "GET /log/tran_2014_10.log.gz HTTP/1.1" 200 23627 "-" "Mozilla/5.0 (compatible; AhrefsBot/7.0; +http://ahrefs.com/robot/)"
54.36.148.49 - - [25/Feb/2021:06:30:32 +0100] "GET /log/tran_2018_04.log.gz HTTP/1.1" 200 18904 "-" "Mozilla/5.0 (compatible; AhrefsBot/7.0; +http://ahrefs.com/robot/)"
212.237.51.151 - - [25/Feb/2021:06:32:20 +0100] "HEAD / HTTP/1.1" 200 - "-" "Alert_Alligator_webmonitoring_service_1.6.3_(alertalligator.com)"
54.36.148.186 - - [25/Feb/2021:06:53:57 +0100] "GET /log/?C=D;O=A HTTP/1.1" 200 2306 "-" "Mozilla/5.0 (compatible; AhrefsBot/7.0; +http://ahrefs.com/robot/)"
54.36.148.235 - - [25/Feb/2021:07:15:41 +0100] "GET /log/tran_2020_01.log.gz HTTP/1.1" 200 9221 "-" "Mozilla/5.0 (compatible; AhrefsBot/7.0; +http://ahrefs.com/robot/)"
212.237.51.151 - - [25/Feb/2021:07:31:35 +0100] "HEAD / HTTP/1.1" 200 - "-" "Alert_Alligator_webmonitoring_service_1.6.3_(alertalligator.com)"
54.36.148.186 - - [25/Feb/2021:07:37:07 +0100] "GET /log/tran_2010_09.log.gz HTTP/1.1" 200 907 "-" "Mozilla/5.0 (compatible; AhrefsBot/7.0; +http://ahrefs.com/robot/)"
54.36.149.47 - - [25/Feb/2021:08:20:15 +0100] "GET /log/tran_2012_12.log.gz HTTP/1.1" 200 17847 "-" "Mozilla/5.0 (compatible; AhrefsBot/7.0; +http://ahrefs.com/robot/)"
49.12.13.109 - - [25/Feb/2021:08:30:37 +0100] "HEAD / HTTP/1.1" 200 - "-" "Alert_Alligator_webmonitoring_service_1.6.3_(alertalligator.com)"
54.36.148.196 - - [25/Feb/2021:08:46:22 +0100] "GET /log/tran_2017_03.log.gz HTTP/1.1" 200 24871 "-" "Mozilla/5.0 (compatible; AhrefsBot/7.0; +http://ahrefs.com/robot/)"
66.249.72.179 - - [25/Feb/2021:08:57:46 +0100] "GET /robots.txt HTTP/1.1" 404 620 "-" "Mozilla/5.0 (compatible; Googlebot/2.1; +http://www.google.com/bot.html)"
66.249.72.179 - - [25/Feb/2021:08:57:46 +0100] "GET /button6.swf HTTP/1.1" 404 620 "-" "Mozilla/5.0 (Linux; Android 6.0.1; Nexus 5X Build/MMB29P) AppleWebKit/537.36 (KHTML, like Gecko) Chrome/88.0.4324.188 Mobile Safari/537.36 (compatible; Googlebot/2.1; +http://www.google.com/bot.html)"
54.36.148.96 - - [25/Feb/2021:09:11:44 +0100] "GET /log/tran_2011_10.log.gz HTTP/1.1" 200 12180 "-" "Mozilla/5.0 (compatible; AhrefsBot/7.0; +http://ahrefs.com/robot/)"
54.36.149.0 - - [25/Feb/2021:09:35:29 +0100] "GET /log/tran_2010_11.log.gz HTTP/1.1" 200 3463 "-" "Mozilla/5.0 (compatible; AhrefsBot/7.0; +http://ahrefs.com/robot/)"
212.237.51.151 - - [25/Feb/2021:09:36:05 +0100] "HEAD / HTTP/1.1" 200 - "-" "Alert_Alligator_webmonitoring_service_1.6.3_(alertalligator.com)"
13.66.139.137 - - [25/Feb/2021:09:38:34 +0100] "GET /home/ HTTP/1.1" 200 385 "-" "Mozilla/5.0 (compatible; bingbot/2.0; +http://www.bing.com/bingbot.htm)"
54.36.149.51 - - [25/Feb/2021:09:58:33 +0100] "GET /home/webserver/?C=N;O=A HTTP/1.1" 200 390 "-" "Mozilla/5.0 (compatible; AhrefsBot/7.0; +http://ahrefs.com/robot/)"
54.36.149.57 - - [25/Feb/2021:10:22:13 +0100] "GET /robots.txt HTTP/1.1" 404 616 "-" "Mozilla/5.0 (compatible; AhrefsBot/6.1; +http://ahrefs.com/robot/)"
54.36.148.211 - - [25/Feb/2021:10:22:14 +0100] "GET /log/tran_2010_06.log.gz HTTP/1.1" 200 37 "-" "Mozilla/5.0 (compatible; AhrefsBot/7.0; +http://ahrefs.com/robot/)"
212.237.51.151 - - [25/Feb/2021:10:40:37 +0100] "HEAD / HTTP/1.1" 200 - "-" "Alert_Alligator_webmonitoring_service_1.6.3_(alertalligator.com)"
54.36.148.138 - - [25/Feb/2021:10:43:26 +0100] "GET /home/webserver/web/ws_rendszer/?C=M;O=D HTTP/1.1" 200 400 "-" "Mozilla/5.0 (compatible; AhrefsBot/7.0; +http://ahrefs.com/robot/)"
54.36.148.134 - - [25/Feb/2021:11:03:59 +0100] "GET /log/tran_2011_10.log.gz HTTP/1.1" 200 12180 "-" "Mozilla/5.0 (compatible; AhrefsBot/7.0; +http://ahrefs.com/robot/)"
54.36.148.17 - - [25/Feb/2021:11:26:03 +0100] "GET /log/tran_2010_11.log.gz HTTP/1.1" 200 3463 "-" "Mozilla/5.0 (compatible; AhrefsBot/7.0; +http://ahrefs.com/robot/)"
17.58.97.6 - - [25/Feb/2021:11:33:36 +0100] "GET /robots.txt HTTP/1.1" 404 619 "-" "Mozilla/5.0 (Macintosh; Intel Mac OS X 10_15_5) AppleWebKit/605.1.15 (KHTML, like Gecko) Version/13.1.1 Safari/605.1.15 (Applebot/0.1; +http://www.apple.com/go/applebot)"
17.58.96.167 - - [25/Feb/2021:11:33:36 +0100] "GET /narixgep_2010-05-19_13_13_55.sql HTTP/1.1" 200 1234 "-" "Mozilla/5.0 (Macintosh; Intel Mac OS X 10_15_5) AppleWebKit/605.1.15 (KHTML, like Gecko) Version/13.1.1 Safari/605.1.15 (Applebot/0.1; +http://www.apple.com/go/applebot)"
49.12.13.109 - - [25/Feb/2021:11:40:27 +0100] "HEAD / HTTP/1.1" 200 - "-" "Alert_Alligator_webmonitoring_service_1.6.3_(alertalligator.com)"
54.36.149.32 - - [25/Feb/2021:11:46:05 +0100] "GET /log/tran_2018_08.log.gz HTTP/1.1" 200 17578 "-" "Mozilla/5.0 (compatible; AhrefsBot/7.0; +http://ahrefs.com/robot/)"
17.58.96.167 - - [25/Feb/2021:12:06:32 +0100] "GET /favicon.ico HTTP/1.1" 404 619 "-" "Mozilla/5.0 (Macintosh; Intel Mac OS X 10_15_5) AppleWebKit/605.1.15 (KHTML, like Gecko) Version/13.1.1 Safari/605.1.15 (Applebot/0.1; +http://www.apple.com/go/applebot)"
54.36.149.103 - - [25/Feb/2021:12:08:07 +0100] "GET /log/tran_2016_10.log.gz HTTP/1.1" 200 36331 "-" "Mozilla/5.0 (compatible; AhrefsBot/7.0; +http://ahrefs.com/robot/)"
54.36.148.186 - - [25/Feb/2021:12:30:34 +0100] "GET /log/tran_2015_02.log.gz HTTP/1.1" 200 34145 "-" "Mozilla/5.0 (compatible; AhrefsBot/7.0; +http://ahrefs.com/robot/)"
49.12.13.109 - - [25/Feb/2021:12:43:51 +0100] "HEAD / HTTP/1.1" 200 - "-" "Alert_Alligator_webmonitoring_service_1.6.3_(alertalligator.com)"
13.66.139.8 - - [25/Feb/2021:13:06:13 +0100] "GET /log/ HTTP/1.1" 200 2308 "-" "Mozilla/5.0 (compatible; bingbot/2.0; +http://www.bing.com/bingbot.htm)"
54.36.149.23 - - [25/Feb/2021:13:20:23 +0100] "GET /log/tran_2020_02.log.gz HTTP/1.1" 200 13771 "-" "Mozilla/5.0 (compatible; AhrefsBot/7.0; +http://ahrefs.com/robot/)"
212.237.51.151 - - [25/Feb/2021:13:47:32 +0100] "HEAD / HTTP/1.1" 200 - "-" "Alert_Alligator_webmonitoring_service_1.6.3_(alertalligator.com)"
54.36.148.244 - - [25/Feb/2021:13:47:46 +0100] "GET /log/tran_2015_01.log.gz HTTP/1.1" 200 40557 "-" "Mozilla/5.0 (compatible; AhrefsBot/7.0; +http://ahrefs.com/robot/)"
54.36.148.186 - - [25/Feb/2021:14:13:44 +0100] "GET /home/?C=D;O=D HTTP/1.1" 200 383 "-" "Mozilla/5.0 (compatible; AhrefsBot/7.0; +http://ahrefs.com/robot/)"
54.36.149.22 - - [25/Feb/2021:14:37:49 +0100] "GET /robots.txt HTTP/1.1" 404 619 "-" "Mozilla/5.0 (compatible; AhrefsBot/6.1; +http://ahrefs.com/robot/)"
54.36.148.186 - - [25/Feb/2021:14:37:50 +0100] "GET /log/tran_2011_01.log.gz HTTP/1.1" 200 6203 "-" "Mozilla/5.0 (compatible; AhrefsBot/7.0; +http://ahrefs.com/robot/)"
212.237.51.151 - - [25/Feb/2021:14:57:07 +0100] "HEAD / HTTP/1.1" 200 - "-" "Alert_Alligator_webmonitoring_service_1.6.3_(alertalligator.com)"
13.66.139.137 - - [25/Feb/2021:14:58:44 +0100] "GET /narixgep_2010-05-19_13_13_55.sql HTTP/1.1" 200 1234 "-" "Mozilla/5.0 (compatible; bingbot/2.0; +http://www.bing.com/bingbot.htm)"
54.36.149.47 - - [25/Feb/2021:15:03:11 +0100] "GET /home/webserver/web/ws_rendszer/tools/inaktival/template2/?C=S;O=A HTTP/1.1" 200 381 "-" "Mozilla/5.0 (compatible; AhrefsBot/7.0; +http://ahrefs.com/robot/)"
54.36.148.186 - - [25/Feb/2021:15:26:38 +0100] "GET /home/webserver/web/ws_rendszer/tools/inaktival/?C=M;O=A HTTP/1.1" 200 420 "-" "Mozilla/5.0 (compatible; AhrefsBot/7.0; +http://ahrefs.com/robot/)"
54.36.148.186 - - [25/Feb/2021:15:51:01 +0100] "GET / HTTP/1.1" 200 464 "-" "Mozilla/5.0 (compatible; AhrefsBot/7.0; +http://ahrefs.com/robot/)"
49.12.13.109 - - [25/Feb/2021:16:06:08 +0100] "HEAD / HTTP/1.1" 200 - "-" "Alert_Alligator_webmonitoring_service_1.6.3_(alertalligator.com)"
54.36.149.62 - - [25/Feb/2021:16:13:40 +0100] "GET /log/tran_2012_05.log.gz HTTP/1.1" 200 16851 "-" "Mozilla/5.0 (compatible; AhrefsBot/7.0; +http://ahrefs.com/robot/)"
54.36.148.186 - - [25/Feb/2021:16:35:32 +0100] "GET /log/tran_2018_12.log.gz HTTP/1.1" 200 18629 "-" "Mozilla/5.0 (compatible; AhrefsBot/7.0; +http://ahrefs.com/robot/)"
54.36.148.178 - - [25/Feb/2021:16:56:45 +0100] "GET /log/tran_2019_11.log.gz HTTP/1.1" 200 15161 "-" "Mozilla/5.0 (compatible; AhrefsBot/7.0; +http://ahrefs.com/robot/)"
212.237.51.151 - - [25/Feb/2021:17:05:10 +0100] "HEAD / HTTP/1.1" 200 - "-" "Alert_Alligator_webmonitoring_service_1.6.3_(alertalligator.com)"
54.36.148.135 - - [25/Feb/2021:17:17:44 +0100] "GET /log/tran_2010_05.log.gz HTTP/1.1" 200 6525 "-" "Mozilla/5.0 (compatible; AhrefsBot/7.0; +http://ahrefs.com/robot/)"
54.36.148.186 - - [25/Feb/2021:17:38:11 +0100] "GET /log/tran_2019_10.log.gz HTTP/1.1" 200 14768 "-" "Mozilla/5.0 (compatible; AhrefsBot/7.0; +http://ahrefs.com/robot/)"
54.36.148.152 - - [25/Feb/2021:17:57:47 +0100] "GET /log/tran_2011_03.log.gz HTTP/1.1" 200 6462 "-" "Mozilla/5.0 (compatible; AhrefsBot/7.0; +http://ahrefs.com/robot/)"
212.237.51.151 - - [25/Feb/2021:18:04:12 +0100] "HEAD / HTTP/1.1" 200 - "-" "Alert_Alligator_webmonitoring_service_1.6.3_(alertalligator.com)"
54.36.149.58 - - [25/Feb/2021:18:17:14 +0100] "GET /log/tran_2016_01.log.gz HTTP/1.1" 200 25927 "-" "Mozilla/5.0 (compatible; AhrefsBot/7.0; +http://ahrefs.com/robot/)"
54.36.149.17 - - [25/Feb/2021:18:37:51 +0100] "GET /log/tran_2011_01.log.gz HTTP/1.1" 200 6203 "-" "Mozilla/5.0 (compatible; AhrefsBot/7.0; +http://ahrefs.com/robot/)"
